{"id":4907,"date":"2021-09-07T15:28:34","date_gmt":"2021-09-07T13:28:34","guid":{"rendered":"https:\/\/www.educazionedigitale.it\/abbattiamolebarriere\/?page_id=4907"},"modified":"2024-03-05T12:46:26","modified_gmt":"2024-03-05T11:46:26","slug":"eventi","status":"publish","type":"page","link":"https:\/\/www.educazionedigitale.it\/abbattiamolebarriere\/eventi\/","title":{"rendered":"Videolezioni"},"content":{"rendered":"\t<div id=\"gap-411285702\" class=\"gap-element clearfix\" style=\"display:block; height:auto;\">\n\t\t\n<style>\n#gap-411285702 {\n  padding-top: 97px;\n}\n<\/style>\n\t<\/div>\n\t\n\n  <div class=\"banner has-hover banner-home\" id=\"banner-569624111\">\n          <div class=\"banner-inner fill\">\n        <div class=\"banner-bg fill\" >\n            <img loading=\"lazy\" decoding=\"async\" width=\"1921\" height=\"249\" src=\"https:\/\/www.educazionedigitale.it\/abbattiamolebarriere\/wp-content\/uploads\/2023\/10\/b-3.png\" class=\"bg attachment-original size-original\" alt=\"\" \/>                                    \n                    <\/div>\n\t\t\n        <div class=\"banner-layers container\">\n            <div class=\"fill banner-link\"><\/div>            \n   <div id=\"text-box-1266870454\" class=\"text-box banner-layer x100 md-x100 lg-x100 y90 md-y90 lg-y90 res-text\">\n                                <div class=\"text-box-content text dark\">\n              \n              <div class=\"text-inner text-center\">\n                  \n\t<div id=\"text-1352475036\" class=\"text\">\n\t\t\n<h2>Incontriamo<br \/>\ngli esperti<\/h2>\n\t\t\n<style>\n#text-1352475036 {\n  font-size: 0.75rem;\n  text-align: right;\n}\n<\/style>\n\t<\/div>\n\t\n              <\/div>\n           <\/div>\n                            \n<style>\n#text-box-1266870454 {\n  width: 60%;\n}\n#text-box-1266870454 .text-box-content {\n  font-size: 100%;\n}\n@media (min-width:550px) {\n  #text-box-1266870454 {\n    width: 60%;\n  }\n}\n<\/style>\n    <\/div>\n \n        <\/div>\n      <\/div>\n\n            \n<style>\n#banner-569624111 {\n  padding-top: 200px;\n}\n#banner-569624111 .banner-bg img {\n  object-position: 15% 100%;\n}\n<\/style>\n  <\/div>\n\n\n\n\t<section class=\"section\" id=\"section_1062344289\">\n\t\t<div class=\"section-bg fill\" >\n\t\t\t\t\t\t\t\t\t\n\t\t\t\n\n\t\t<\/div>\n\n\t\t\n\n\t\t<div class=\"section-content relative\">\n\t\t\t\n<div class=\"row\"  id=\"row-1657981424\">\n\n\t<div id=\"col-210585618\" class=\"col small-12 large-12\"  >\n\t\t\t\t<div class=\"col-inner\"  >\n\t\t\t\n\t\t\t\n<p style=\"text-align: justify; margin-bottom: 0px;\">Gli esperti di AIAS e di Giffoni Innovation Hub propongono un <strong>ciclo di videolezioni <\/strong>per supportare studenti e studentesse sia nell\u2019<strong>apprendimento dei contenuti sia <\/strong>nella <strong>realizzazione del proprio elaborato per la challenge creativa<\/strong>.<\/p>\n\t\t<\/div>\n\t\t\t\t\n<style>\n#col-210585618 > .col-inner {\n  margin: 0px 0px -20px 0px;\n}\n<\/style>\n\t<\/div>\n\n\t\n<\/div>\n\t\t<\/div>\n\n\t\t\n<style>\n#section_1062344289 {\n  padding-top: 30px;\n  padding-bottom: 30px;\n}\n<\/style>\n\t<\/section>\n\t\n\t<div id=\"gap-1446194030\" class=\"gap-element clearfix\" style=\"display:block; height:auto;\">\n\t\t\n<style>\n#gap-1446194030 {\n  padding-top: 10px;\n}\n<\/style>\n\t<\/div>\n\t\n\n\t<section class=\"section\" id=\"section_80441217\">\n\t\t<div class=\"section-bg fill\" >\n\t\t\t<img loading=\"lazy\" decoding=\"async\" width=\"2560\" height=\"1707\" src=\"https:\/\/www.educazionedigitale.it\/abbattiamolebarriere\/wp-content\/uploads\/2023\/10\/business-people-shaking-hands-agreement-scaled.jpg\" class=\"bg attachment-original size-original\" alt=\"\" \/>\t\t\t\t\t\t<div class=\"section-bg-overlay absolute fill\"><\/div>\n\t\t\t\n\n\t\t<\/div>\n\n\t\t\n\n\t\t<div class=\"section-content relative\">\n\t\t\t\n<div class=\"row row-collapse align-right\"  id=\"row-1172477191\">\n\n\t<div id=\"col-1315283433\" class=\"col medium-1 small-3 large-1\"  >\n\t\t\t\t<div class=\"col-inner text-right\"  >\n\t\t\t\n\t\t\t\n\t<div class=\"img has-hover x md-x lg-x y md-y lg-y\" id=\"image_1235718117\">\n\t\t\t\t\t\t\t\t<div class=\"img-inner dark\" >\n\t\t\t<img loading=\"lazy\" decoding=\"async\" width=\"484\" height=\"272\" src=\"https:\/\/www.educazionedigitale.it\/abbattiamolebarriere\/wp-content\/uploads\/2023\/10\/arr-1.png\" class=\"attachment-original size-original\" alt=\"\" \/>\t\t\t\t\t\t\n\t\t\t\t\t<\/div>\n\t\t\t\t\t\t\t\t\n<style>\n#image_1235718117 {\n  width: 60%;\n}\n<\/style>\n\t<\/div>\n\t\n\t<div id=\"gap-1491452861\" class=\"gap-element clearfix\" style=\"display:block; height:auto;\">\n\t\t\n<style>\n#gap-1491452861 {\n  padding-top: 20px;\n}\n<\/style>\n\t<\/div>\n\t\n\t\t<\/div>\n\t\t\t\t\t<\/div>\n\n\t\n<\/div>\n<div class=\"row\"  id=\"row-1035496669\">\n\n\t<div id=\"col-989007785\" class=\"col medium-4 small-12 large-4\"  data-animate=\"blurIn\">\n\t\t\t\t<div class=\"col-inner text-right\"  >\n\t\t\t\n\t\t\t\n\t<div class=\"box has-hover   has-hover box-overlay dark box-text-middle\" >\n\n\t\t<div class=\"box-image\" style=\"border-radius:12%;\">\n\t\t\t<a href=\"#evento-1\" >\t\t\t<div class=\"image-overlay-add\" >\n\t\t\t\t<img loading=\"lazy\" decoding=\"async\" width=\"1305\" height=\"1305\" src=\"https:\/\/www.educazionedigitale.it\/abbattiamolebarriere\/wp-content\/uploads\/2024\/03\/video1.png\" class=\"attachment- size-\" alt=\"\" srcset=\"https:\/\/www.educazionedigitale.it\/abbattiamolebarriere\/wp-content\/uploads\/2024\/03\/video1.png 1305w, https:\/\/www.educazionedigitale.it\/abbattiamolebarriere\/wp-content\/uploads\/2024\/03\/video1-800x800.png 800w, https:\/\/www.educazionedigitale.it\/abbattiamolebarriere\/wp-content\/uploads\/2024\/03\/video1-340x340.png 340w, https:\/\/www.educazionedigitale.it\/abbattiamolebarriere\/wp-content\/uploads\/2024\/03\/video1-768x768.png 768w\" sizes=\"auto, (max-width: 1305px) 100vw, 1305px\" \/>\t\t\t\t<div class=\"overlay\" style=\"background-color:rgba(26, 93, 167, 0.529)\"><\/div>\t\t\t\t\t\t\t<\/div>\n\t\t\t<\/a>\t\t<\/div>\n\n\t\t<div class=\"box-text show-on-hover hover-fade-in text-center\" style=\"background-color:rgba(26, 93, 167, 0.895);\">\n\t\t\t<div class=\"box-text-inner\">\n\t\t\t\t\n\t<div id=\"gap-508326642\" class=\"gap-element clearfix\" style=\"display:block; height:auto;\">\n\t\t\n<style>\n#gap-508326642 {\n  padding-top: 20px;\n}\n<\/style>\n\t<\/div>\n\t\n<a href=\"#evento-1\" class=\"button white is-outline is-large\" >\n\t\t<span>Guarda<\/span>\n\t<i class=\"icon-plus\" aria-hidden=\"true\"><\/i><\/a>\n\n\t\t\t<\/div>\n\t\t<\/div>\n\t<\/div>\n\t\n\t\t<\/div>\n\t\t\t\t\t<\/div>\n\n\t\n\n\t<div id=\"col-528789628\" class=\"col medium-4 small-12 large-4\"  data-animate=\"blurIn\">\n\t\t\t\t<div class=\"col-inner text-right\"  >\n\t\t\t\n\t\t\t\n\t<div class=\"box has-hover   has-hover box-overlay dark box-text-middle\" >\n\n\t\t<div class=\"box-image\" style=\"border-radius:12%;\">\n\t\t\t<a href=\"#evento-2\" >\t\t\t<div class=\"image-overlay-add\" >\n\t\t\t\t<img loading=\"lazy\" decoding=\"async\" width=\"1305\" height=\"1305\" src=\"https:\/\/www.educazionedigitale.it\/abbattiamolebarriere\/wp-content\/uploads\/2024\/03\/video2.png\" class=\"attachment- size-\" alt=\"\" srcset=\"https:\/\/www.educazionedigitale.it\/abbattiamolebarriere\/wp-content\/uploads\/2024\/03\/video2.png 1305w, https:\/\/www.educazionedigitale.it\/abbattiamolebarriere\/wp-content\/uploads\/2024\/03\/video2-800x800.png 800w, https:\/\/www.educazionedigitale.it\/abbattiamolebarriere\/wp-content\/uploads\/2024\/03\/video2-340x340.png 340w, https:\/\/www.educazionedigitale.it\/abbattiamolebarriere\/wp-content\/uploads\/2024\/03\/video2-768x768.png 768w\" sizes=\"auto, (max-width: 1305px) 100vw, 1305px\" \/>\t\t\t\t<div class=\"overlay\" style=\"background-color:rgba(26, 93, 167, 0.529)\"><\/div>\t\t\t\t\t\t\t<\/div>\n\t\t\t<\/a>\t\t<\/div>\n\n\t\t<div class=\"box-text show-on-hover hover-fade-in text-center\" style=\"background-color:rgba(26, 93, 167, 0.895);\">\n\t\t\t<div class=\"box-text-inner\">\n\t\t\t\t\n\t<div id=\"gap-1416283264\" class=\"gap-element clearfix\" style=\"display:block; height:auto;\">\n\t\t\n<style>\n#gap-1416283264 {\n  padding-top: 20px;\n}\n<\/style>\n\t<\/div>\n\t\n<a href=\"#evento-2\" class=\"button white is-outline is-large\" >\n\t\t<span>Guarda<\/span>\n\t<i class=\"icon-plus\" aria-hidden=\"true\"><\/i><\/a>\n\n\t\t\t<\/div>\n\t\t<\/div>\n\t<\/div>\n\t\n\t\t<\/div>\n\t\t\t\t\t<\/div>\n\n\t\n\n\t<div id=\"col-1630408851\" class=\"col medium-4 small-12 large-4\"  data-animate=\"blurIn\">\n\t\t\t\t<div class=\"col-inner text-right\"  >\n\t\t\t\n\t\t\t\n\t<div class=\"box has-hover   has-hover box-overlay dark box-text-middle\" >\n\n\t\t<div class=\"box-image\" style=\"border-radius:12%;\">\n\t\t\t<a href=\"#evento-3\" >\t\t\t<div class=\"image-overlay-add\" >\n\t\t\t\t<img loading=\"lazy\" decoding=\"async\" width=\"1305\" height=\"1305\" src=\"https:\/\/www.educazionedigitale.it\/abbattiamolebarriere\/wp-content\/uploads\/2024\/03\/video3.png\" class=\"attachment- size-\" alt=\"\" srcset=\"https:\/\/www.educazionedigitale.it\/abbattiamolebarriere\/wp-content\/uploads\/2024\/03\/video3.png 1305w, https:\/\/www.educazionedigitale.it\/abbattiamolebarriere\/wp-content\/uploads\/2024\/03\/video3-800x800.png 800w, https:\/\/www.educazionedigitale.it\/abbattiamolebarriere\/wp-content\/uploads\/2024\/03\/video3-340x340.png 340w, https:\/\/www.educazionedigitale.it\/abbattiamolebarriere\/wp-content\/uploads\/2024\/03\/video3-768x768.png 768w\" sizes=\"auto, (max-width: 1305px) 100vw, 1305px\" \/>\t\t\t\t<div class=\"overlay\" style=\"background-color:rgba(26, 93, 167, 0.529)\"><\/div>\t\t\t\t\t\t\t<\/div>\n\t\t\t<\/a>\t\t<\/div>\n\n\t\t<div class=\"box-text show-on-hover hover-fade-in text-center\" style=\"background-color:rgba(26, 93, 167, 0.895);\">\n\t\t\t<div class=\"box-text-inner\">\n\t\t\t\t\n\t<div id=\"gap-1350132009\" class=\"gap-element clearfix\" style=\"display:block; height:auto;\">\n\t\t\n<style>\n#gap-1350132009 {\n  padding-top: 20px;\n}\n<\/style>\n\t<\/div>\n\t\n<a href=\"#evento-3\" class=\"button white is-outline is-large\" >\n\t\t<span>Guarda<\/span>\n\t<i class=\"icon-plus\" aria-hidden=\"true\"><\/i><\/a>\n\n\t\t\t<\/div>\n\t\t<\/div>\n\t<\/div>\n\t\n\t\t<\/div>\n\t\t\t\t\t<\/div>\n\n\t\n<\/div>\n\t<div id=\"gap-796816366\" class=\"gap-element clearfix\" style=\"display:block; height:auto;\">\n\t\t\n<style>\n#gap-796816366 {\n  padding-top: 30px;\n}\n<\/style>\n\t<\/div>\n\t\n\t\t<\/div>\n\n\t\t\n<style>\n#section_80441217 {\n  padding-top: 0px;\n  padding-bottom: 0px;\n  background-color: rgb(232, 232, 232);\n}\n#section_80441217 .section-bg-overlay {\n  background-color: rgba(232, 232, 232, 0.872);\n}\n#section_80441217 .section-bg img {\n  object-position: 50% 0%;\n}\n<\/style>\n\t<\/section>\n\t\n\n\t<section class=\"section\" id=\"section_1148761880\">\n\t\t<div class=\"section-bg fill\" >\n\t\t\t\t\t\t\t\t\t\n\t\t\t\n\n\t\t<\/div>\n\n\t\t\n\n\t\t<div class=\"section-content relative\">\n\t\t\t\n<div class=\"row row-collapse align-bottom align-center\"  id=\"row-70826181\">\n\n\t<div id=\"col-1261862720\" class=\"col large-12\"  >\n\t\t\t\t<div class=\"col-inner\"  >\n\t\t\t\n\t\t\t\n<div class=\"invita-box\" style=\"width: 100%; height: auto; ; text-align: center; padding: 7px;\">\n<div style=\"font-size: 20px; line-height: 1.3; font-weight: bold;\">Invita un\/una collega a partecipare:<br \/>\n<a href=\"#invita\"><img decoding=\"async\" class=\"strumento-zoom\" style=\"margin-top: 5px;\" src=\"https:\/\/www.educazionedigitale.it\/abbattiamolebarriere\/wp-content\/uploads\/2023\/10\/mail.png\" width=\"30\" \/><\/a>\u00a0\u00a0<a href=\"https:\/\/www.facebook.com\/sharer\/sharer.php?u=https:\/\/www.educazionedigitale.it\/abbattiamolebarriere\/registrazione\" target=\"_blank\" rel=\"noopener noreferrer\"><img decoding=\"async\" class=\"strumento-zoom\" style=\"margin-top: 5px;\" src=\"https:\/\/www.educazionedigitale.it\/abbattiamolebarriere\/wp-content\/uploads\/2023\/10\/face.png\" width=\"30\" \/><\/a>\u00a0\u00a0<a href=\"https:\/\/twitter.com\/intent\/tweet?url=https:\/\/www.educazionedigitale.it\/abbattiamolebarriere\/registrazione&amp;text=Registrati su EducazioneDigitale.it\" target=\"_blank\" rel=\"noopener noreferrer\"><img decoding=\"async\" class=\"strumento-zoom\" style=\"margin-top: 5px;\" src=\"https:\/\/www.educazionedigitale.it\/abbattiamolebarriere\/wp-content\/uploads\/2023\/10\/twitter.png\" width=\"30\" \/><\/a>\u00a0\u00a0<a href=\"https:\/\/api.whatsapp.com\/send?text=https:\/\/www.educazionedigitale.it\/abbattiamolebarriere\/registrazione\" target=\"_blank\" rel=\"noopener noreferrer\"><img decoding=\"async\" class=\"strumento-zoom\" style=\"margin-top: 5px;\" src=\"https:\/\/www.educazionedigitale.it\/abbattiamolebarriere\/wp-content\/uploads\/2023\/10\/whatsapp.png\" width=\"30\" \/><\/a><\/div>\n<p>&nbsp;<\/p>\n<\/div>\n\t\t<\/div>\n\t\t\t\t\n<style>\n#col-1261862720 > .col-inner {\n  margin: 0px 0px -20px 0px;\n}\n<\/style>\n\t<\/div>\n\n\t\n<\/div>\n\t\t<\/div>\n\n\t\t\n<style>\n#section_1148761880 {\n  padding-top: 20px;\n  padding-bottom: 20px;\n}\n<\/style>\n\t<\/section>\n\t\n\t<div id=\"evento-1\"\n\t     class=\"lightbox-by-id lightbox-content mfp-hide lightbox-white \"\n\t     style=\"max-width:650px ;padding:20px\">\n\t\t\n<div class=\"row\"  id=\"row-313546952\">\n\n\t<div id=\"col-719304630\" class=\"col medium-12 small-12 large-12\"  >\n\t\t\t\t<div class=\"col-inner text-right\"  >\n\t\t\t\n\t\t\t\n\t<div id=\"text-248502391\" class=\"text\">\n\t\t\n<h4><strong>Videolezione con Ilaria Valoti e Adriana Prato<\/strong><\/h4>\n\t\t\n<style>\n#text-248502391 {\n  text-align: left;\n}\n<\/style>\n\t<\/div>\n\t\n<p style=\"margin-bottom: 0px; text-align: left;\">L\u2019uso della tecnologia ha aumentato i casi di cyberbullismo. Il recente lockdown vissuto in corso di pandemia da Covid-19 ha costretto gli studenti a seguire le lezioni da casa in modalit\u00e0 virtuale e ha determinato, inoltre, un importante aumento dell\u2019utilizzo dei social media nei giovani. L\u2019utilizzo dei social network presenta degli <strong>aspetti positivi,<\/strong> quali ad esempio la velocit\u00e0 e semplicit\u00e0 di reperire informazioni o ricevere supporto in tempi molto brevi, ma comporta anche dei rischi, legati ad un loro utilizzo irresponsabile. Le persone con disabilit\u00e0 corrono un rischio maggiore non solo di essere vittime di bullismo e cyberbullismo, ma anche di utilizzare le tecnologie in maniera errata. Per questo, <strong>\u00e8 importante coinvolgere le persone con disabilit\u00e0 in percorsi formativi, fornendo loro strumenti e strategie per utilizzare in maniera consapevole le nuove tecnologie.<\/strong><\/p>\n\t\t<\/div>\n\t\t\t\t\n<style>\n#col-719304630 > .col-inner {\n  margin: 0px 0px 0px 0px;\n}\n<\/style>\n\t<\/div>\n\n\t\n<\/div>\n<div class=\"row row-collapse\"  id=\"row-695073374\">\n\n\t<div id=\"col-135722049\" class=\"col small-12 large-12\"  >\n\t\t\t\t<div class=\"col-inner text-center\" style=\"background-color:rgb(231, 231, 231);\" >\n\t\t\t\n\t\t\t\n<a href=\"https:\/\/www.educazionedigitale.it\/eventi\/#evento-102806\" class=\"button primary\" >\n\t\t<span>Guarda l'evento<\/span>\n\t<\/a>\n\n\t\t<\/div>\n\t\t\t\t\n<style>\n#col-135722049 > .col-inner {\n  padding: 20px 0px 10px 0px;\n}\n<\/style>\n\t<\/div>\n\n\t\n<\/div>\n\t<\/div>\n\t\n\t\n\t<div id=\"evento-2\"\n\t     class=\"lightbox-by-id lightbox-content mfp-hide lightbox-white \"\n\t     style=\"max-width:650px ;padding:20px\">\n\t\t\n<div class=\"row\"  id=\"row-1951471044\">\n\n\t<div id=\"col-2093471651\" class=\"col medium-12 small-12 large-12\"  >\n\t\t\t\t<div class=\"col-inner text-right\"  >\n\t\t\t\n\t\t\t\n\t<div id=\"text-1273157073\" class=\"text\">\n\t\t\n<h4><strong>Videolezione con Michela Pepe<\/strong><\/h4>\n<h4>\t\t\n<style>\n#text-1273157073 {\n  text-align: left;\n}\n<\/style>\n\t<\/div>\n\t<\/h4>\n<p style=\"text-align: left;\">Nonostante il bullismo e il cyberbullismo siano fenomeni conosciuti e di cui si parla spesso, soprattutto negli ultimi anni, \u00e8 possibile che, nelle situazioni quotidiane, <strong>siano difficili da riconoscere o accettare.<\/strong> Siamo sicuri di sapere quali sono le caratteristiche del bullismo e quali sono le strategie, o gli elementi da attenzionare, per intercettarlo? In questa videolezione siamo in compagnia della <strong>Dott.ssa Michela Pepe,<\/strong> per continuare la nostra riflessione su <strong>bullismo e disabilit\u00e0,<\/strong> approfondendo alcuni degli aspetti cardine che possono innescare episodi di bullismo: fragilit\u00e0, stigma, pregiudizi e mancanza di empatia, ma anche una scarsa educazione in materia da parte degli attori della scuola.<\/p>\n\t\t<\/div>\n\t\t\t\t\n<style>\n#col-2093471651 > .col-inner {\n  margin: 0px 0px -20px 0px;\n}\n<\/style>\n\t<\/div>\n\n\t\n<\/div>\n<div class=\"row row-collapse\"  id=\"row-916494813\">\n\n\t<div id=\"col-1093195195\" class=\"col small-12 large-12\"  >\n\t\t\t\t<div class=\"col-inner text-center\" style=\"background-color:rgb(231, 231, 231);\" >\n\t\t\t\n\t\t\t\n<a href=\"https:\/\/www.educazionedigitale.it\/eventi\/#evento-102808\" class=\"button primary\" >\n\t\t<span>Guarda l'evento<\/span>\n\t<\/a>\n\n\t\t<\/div>\n\t\t\t\t\n<style>\n#col-1093195195 > .col-inner {\n  padding: 20px 0px 10px 0px;\n}\n<\/style>\n\t<\/div>\n\n\t\n<\/div>\n\t<\/div>\n\t\n\t\n\t<div id=\"evento-3\"\n\t     class=\"lightbox-by-id lightbox-content mfp-hide lightbox-white \"\n\t     style=\"max-width:650px ;padding:20px\">\n\t\t\n<div class=\"row\"  id=\"row-1061675974\">\n\n\t<div id=\"col-1823423898\" class=\"col medium-12 small-12 large-12\"  >\n\t\t\t\t<div class=\"col-inner text-right\"  >\n\t\t\t\n\t\t\t\n\t<div id=\"text-1827466933\" class=\"text\">\n\t\t\n<h4><strong>Videolezione con Manlio Castagna<\/strong><\/h4>\n\t\t\n<style>\n#text-1827466933 {\n  text-align: left;\n}\n<\/style>\n\t<\/div>\n\t\n<p style=\"text-align: left;\">Realizzare un piccolo film pu\u00f2 sembrare scoraggiante all\u2019inizio perch\u00e9 sono tanti gli elementi da tenere in considerazione e i primi risultanti possono non essere all\u2019altezza delle proprie aspettative. Ma \u00e8 senza dubbio un&#8217;esperienza divertente e gratificante con gli strumenti e la guida giusti. Imparare le basi del cinema, e in questo caso del fumetto, pu\u00f2 migliorare<strong> le capacit\u00e0 di narrazione, la creativit\u00e0 e il lavoro di squadra.\u00a0<\/strong> In questa videolezione vedremo innanzitutto come si pu\u00f2 tirar fuori <strong>una storia in pochi semplici passi<\/strong> e quali sono gli step per passare da un\u2019idea sulla carta alla messa in scena per girare un micro-corto o elaborare le prime vignette di un graphic novel.<\/p>\n\t\t<\/div>\n\t\t\t\t\n<style>\n#col-1823423898 > .col-inner {\n  margin: 0px 0px -20px 0px;\n}\n<\/style>\n\t<\/div>\n\n\t\n<\/div>\n<div class=\"row row-collapse\"  id=\"row-1835694173\">\n\n\t<div id=\"col-652356436\" class=\"col small-12 large-12\"  >\n\t\t\t\t<div class=\"col-inner text-center\" style=\"background-color:rgb(231, 231, 231);\" >\n\t\t\t\n\t\t\t\n<a href=\"https:\/\/www.educazionedigitale.it\/eventi\/#evento-102809\" class=\"button primary\" >\n\t\t<span>Guarda l'evento<\/span>\n\t<\/a>\n\n\t\t<\/div>\n\t\t\t\t\n<style>\n#col-652356436 > .col-inner {\n  padding: 20px 0px 10px 0px;\n}\n<\/style>\n\t<\/div>\n\n\t\n<\/div>\n\t<\/div>\n\t\n\t\n","protected":false},"excerpt":{"rendered":"","protected":false},"author":27,"featured_media":0,"parent":0,"menu_order":0,"comment_status":"closed","ping_status":"closed","template":"page-blank.php","meta":{"_monsterinsights_skip_tracking":false,"_monsterinsights_sitenote_active":false,"_monsterinsights_sitenote_note":"","_monsterinsights_sitenote_category":0,"footnotes":""},"class_list":["post-4907","page","type-page","status-publish","hentry"],"_links":{"self":[{"href":"https:\/\/www.educazionedigitale.it\/abbattiamolebarriere\/wp-json\/wp\/v2\/pages\/4907","targetHints":{"allow":["GET"]}}],"collection":[{"href":"https:\/\/www.educazionedigitale.it\/abbattiamolebarriere\/wp-json\/wp\/v2\/pages"}],"about":[{"href":"https:\/\/www.educazionedigitale.it\/abbattiamolebarriere\/wp-json\/wp\/v2\/types\/page"}],"author":[{"embeddable":true,"href":"https:\/\/www.educazionedigitale.it\/abbattiamolebarriere\/wp-json\/wp\/v2\/users\/27"}],"replies":[{"embeddable":true,"href":"https:\/\/www.educazionedigitale.it\/abbattiamolebarriere\/wp-json\/wp\/v2\/comments?post=4907"}],"version-history":[{"count":3,"href":"https:\/\/www.educazionedigitale.it\/abbattiamolebarriere\/wp-json\/wp\/v2\/pages\/4907\/revisions"}],"predecessor-version":[{"id":6280,"href":"https:\/\/www.educazionedigitale.it\/abbattiamolebarriere\/wp-json\/wp\/v2\/pages\/4907\/revisions\/6280"}],"wp:attachment":[{"href":"https:\/\/www.educazionedigitale.it\/abbattiamolebarriere\/wp-json\/wp\/v2\/media?parent=4907"}],"curies":[{"name":"wp","href":"https:\/\/api.w.org\/{rel}","templated":true}]}}