{"id":531,"date":"2015-03-13T15:30:41","date_gmt":"2015-03-13T14:30:41","guid":{"rendered":"http:\/\/www.educazionedigitale.it\/coderz\/?page_id=531"},"modified":"2024-06-13T16:06:36","modified_gmt":"2024-06-13T14:06:36","slug":"il-percorso","status":"publish","type":"page","link":"https:\/\/www.educazionedigitale.it\/coderz\/il-percorso\/","title":{"rendered":"IL PERCORSO"},"content":{"rendered":"\t<div id=\"gap-186767389\" class=\"gap-element clearfix\" style=\"display:block; height:auto;\">\n\t\t\n<style>\n#gap-186767389 {\n  padding-top: 56px;\n}\n@media (min-width:550px) {\n  #gap-186767389 {\n    padding-top: 76px;\n  }\n}\n@media (min-width:850px) {\n  #gap-186767389 {\n    padding-top: 117px;\n  }\n}\n<\/style>\n\t<\/div>\n\t\n\n  <div class=\"banner has-hover banner-home\" id=\"banner-303236310\">\n          <div class=\"banner-inner fill\">\n        <div class=\"banner-bg fill\" >\n            <img loading=\"lazy\" decoding=\"async\" width=\"1914\" height=\"224\" src=\"https:\/\/www.educazionedigitale.it\/coderz\/wp-content\/uploads\/2023\/07\/percorso.png\" class=\"bg attachment-original size-original\" alt=\"\" \/>                        <div class=\"overlay\"><\/div>            \n                    <\/div>\n\t\t\n        <div class=\"banner-layers container\">\n            <div class=\"fill banner-link\"><\/div>            \n   <div id=\"text-box-825043202\" class=\"text-box banner-layer x50 md-x50 lg-x50 y50 md-y50 lg-y50 res-text\">\n                                <div class=\"text-box-content text dark\">\n              \n              <div class=\"text-inner text-center\">\n                  \n              <\/div>\n           <\/div>\n                            \n<style>\n#text-box-825043202 {\n  width: 60%;\n}\n#text-box-825043202 .text-box-content {\n  font-size: 100%;\n}\n@media (min-width:550px) {\n  #text-box-825043202 {\n    width: 60%;\n  }\n}\n<\/style>\n    <\/div>\n \n        <\/div>\n      <\/div>\n\n            \n<style>\n#banner-303236310 {\n  padding-top: 106px;\n}\n#banner-303236310 .overlay {\n  background-color: rgba(0, 0, 0, 0.279);\n}\n#banner-303236310 .banner-bg img {\n  object-position: 0% 0%;\n}\n@media (min-width:550px) {\n  #banner-303236310 {\n    padding-top: 100px;\n  }\n}\n@media (min-width:850px) {\n  #banner-303236310 {\n    padding-top: 200px;\n  }\n}\n<\/style>\n  <\/div>\n\n\n<div class=\"row\"  id=\"row-1871361041\">\n\n\t<div id=\"col-468760753\" class=\"col medium-6 small-12 large-6\"  >\n\t\t\t\t<div class=\"col-inner\"  >\n\t\t\t\n\t\t\t\n<p style=\"text-align:justify;\">La <strong>programmazione<\/strong> \u00e8, in ambito informatico, quell\u2019attivit\u00e0 che permette di fornire a un elaboratore (una macchina o un computer) delle istruzioni, chiare e definite, per la risoluzione di un problema, utilizzando un linguaggio adatto. La programmazione \u00e8 la base dell\u2019<strong>automazione,<\/strong> per cui attivit\u00e0 anche molto diverse tra loro possono essere eseguite in maniera automatica, senza l\u2019intervento dell\u2019essere umano.<\/p>\n\t\t<\/div>\n\t\t\t\t\n<style>\n#col-468760753 > .col-inner {\n  padding: 20px 0px 0px 0px;\n}\n<\/style>\n\t<\/div>\n\n\t\n\n\t<div id=\"col-1475182873\" class=\"col medium-6 small-12 large-6\"  >\n\t\t\t\t<div class=\"col-inner\"  >\n\t\t\t\n\t\t\t\n\t<div class=\"img has-hover x md-x lg-x y md-y lg-y\" id=\"image_2141451522\">\n\t\t\t\t\t\t<div data-animate=\"fadeInRight\">\t\t<div class=\"img-inner image-cover dark\" style=\"padding-top:210px;\">\n\t\t\t<img loading=\"lazy\" decoding=\"async\" width=\"2560\" height=\"2560\" src=\"https:\/\/www.educazionedigitale.it\/coderz\/wp-content\/uploads\/2023\/07\/html-css-collage-concept-with-person-scaled.jpg\" class=\"attachment-original size-original\" alt=\"\" srcset=\"https:\/\/www.educazionedigitale.it\/coderz\/wp-content\/uploads\/2023\/07\/html-css-collage-concept-with-person-scaled.jpg 2560w, https:\/\/www.educazionedigitale.it\/coderz\/wp-content\/uploads\/2023\/07\/html-css-collage-concept-with-person-800x800.jpg 800w, https:\/\/www.educazionedigitale.it\/coderz\/wp-content\/uploads\/2023\/07\/html-css-collage-concept-with-person-1600x1600.jpg 1600w, https:\/\/www.educazionedigitale.it\/coderz\/wp-content\/uploads\/2023\/07\/html-css-collage-concept-with-person-340x340.jpg 340w, https:\/\/www.educazionedigitale.it\/coderz\/wp-content\/uploads\/2023\/07\/html-css-collage-concept-with-person-768x768.jpg 768w, https:\/\/www.educazionedigitale.it\/coderz\/wp-content\/uploads\/2023\/07\/html-css-collage-concept-with-person-1536x1536.jpg 1536w, https:\/\/www.educazionedigitale.it\/coderz\/wp-content\/uploads\/2023\/07\/html-css-collage-concept-with-person-2048x2048.jpg 2048w\" sizes=\"auto, (max-width: 2560px) 100vw, 2560px\" \/>\t\t\t\t\t\t\n\t\t\t\t\t<\/div>\n\t\t<\/div>\t\t\t\t\t\t\n<style>\n#image_2141451522 {\n  width: 100%;\n}\n<\/style>\n\t<\/div>\n\t\n\t\t<\/div>\n\t\t\t\t\t<\/div>\n\n\t\n<\/div>\n<div class=\"row\"  id=\"row-22853452\">\n\n\t<div id=\"col-630320166\" class=\"col medium-6 small-12 large-6\"  >\n\t\t\t\t<div class=\"col-inner\"  >\n\t\t\t\n\t\t\t\n\t<div class=\"img has-hover x md-x lg-x y md-y lg-y\" id=\"image_1828177447\">\n\t\t\t\t\t\t<div data-animate=\"fadeInLeft\">\t\t<div class=\"img-inner image-cover dark\" style=\"padding-top:173px;\">\n\t\t\t<img loading=\"lazy\" decoding=\"async\" width=\"2560\" height=\"1709\" src=\"https:\/\/www.educazionedigitale.it\/coderz\/wp-content\/uploads\/2023\/07\/person-front-computer-working-html-scaled.jpg\" class=\"attachment-original size-original\" alt=\"\" srcset=\"https:\/\/www.educazionedigitale.it\/coderz\/wp-content\/uploads\/2023\/07\/person-front-computer-working-html-scaled.jpg 2560w, https:\/\/www.educazionedigitale.it\/coderz\/wp-content\/uploads\/2023\/07\/person-front-computer-working-html-800x534.jpg 800w, https:\/\/www.educazionedigitale.it\/coderz\/wp-content\/uploads\/2023\/07\/person-front-computer-working-html-1600x1068.jpg 1600w, https:\/\/www.educazionedigitale.it\/coderz\/wp-content\/uploads\/2023\/07\/person-front-computer-working-html-768x513.jpg 768w, https:\/\/www.educazionedigitale.it\/coderz\/wp-content\/uploads\/2023\/07\/person-front-computer-working-html-1536x1025.jpg 1536w, https:\/\/www.educazionedigitale.it\/coderz\/wp-content\/uploads\/2023\/07\/person-front-computer-working-html-2048x1367.jpg 2048w\" sizes=\"auto, (max-width: 2560px) 100vw, 2560px\" \/>\t\t\t\t\t\t\n\t\t\t\t\t<\/div>\n\t\t<\/div>\t\t\t\t\t\t\n<style>\n#image_1828177447 {\n  width: 100%;\n}\n<\/style>\n\t<\/div>\n\t\n\t\t<\/div>\n\t\t\t\t\t<\/div>\n\n\t\n\n\t<div id=\"col-1375820273\" class=\"col medium-6 small-12 large-6\"  >\n\t\t\t\t<div class=\"col-inner\"  >\n\t\t\t\n\t\t\t\n<p style=\"text-align:justify;\">In un mondo sempre pi\u00f9 digitalizzato e <em>smaterializzato,<\/em> saper <strong>comunicare con le tecnologie \u00e8<\/strong> parte di quelle <strong>competenze IT e digital skills <\/strong>che oggi \u00e8 imprescindibile possedere, sia per la propria formazione personale, sia per un futuro inserimento nel mondo del lavoro, in cui <strong>innovazione e sviluppo tecnologico<\/strong> sono all\u2019ordine del giorno.<\/p>\n\t\t<\/div>\n\t\t\t\t\t<\/div>\n\n\t\n<\/div>\n\n\t<section class=\"section\" id=\"section_158412667\">\n\t\t<div class=\"section-bg fill\" >\n\t\t\t\t\t\t\t\t\t\n\t\t\t\n\n\t\t<\/div>\n\n\t\t\n\n\t\t<div class=\"section-content relative\">\n\t\t\t\n<div class=\"row\"  id=\"row-205850692\">\n\n\t<div id=\"col-1332546460\" class=\"col small-12 large-12\"  >\n\t\t\t\t<div class=\"col-inner\"  >\n\t\t\t\n\t\t\t\n\t<div id=\"text-3499582813\" class=\"text\">\n\t\t\n<p style=\"text-align:justify;\">Il FSL <strong>\u201cCODER\u2019Z\u201d <\/strong>del <strong>Gruppo Zucchetti,<\/strong> prima software house italiana, ha proprio l\u2019obiettivo di diffondere tra le nuove generazioni una <strong>cultura informatica solida, specializzata e immediatamente spendibile professionalmente,<\/strong> attraverso contenuti di approfondimento focalizzati sulla <strong>programmazione e sui suoi linguaggi,<\/strong> nello specifico il linguaggio <strong>JavaScript,<\/strong> utilizzato per lo <strong>sviluppo di siti e applicazioni web.<\/strong><\/p>\n\t\t\n<style>\n#text-3499582813 {\n  text-align: left;\n}\n<\/style>\n\t<\/div>\n\t\n\t\t<\/div>\n\t\t\t\t\n<style>\n#col-1332546460 > .col-inner {\n  padding: 25px 0px 0px 0px;\n  margin: 0px 0px -25px 0px;\n}\n<\/style>\n\t<\/div>\n\n\t\n<\/div>\n\t\t<\/div>\n\n\t\t\n<style>\n#section_158412667 {\n  padding-top: 0px;\n  padding-bottom: 0px;\n  background-color: rgb(230, 230, 230);\n}\n<\/style>\n\t<\/section>\n\t\n<div class=\"row\"  id=\"row-204198140\">\n\n\t<div id=\"col-1638080341\" class=\"col medium-6 small-12 large-6\"  >\n\t\t\t\t<div class=\"col-inner\"  >\n\t\t\t\n\t\t\t\n<p style=\"text-align:justify;\">I software e le applicazioni creati tramite coding sono fondamentali per le attivit\u00e0 gestionali di aziende e business di tutte le tipologie: ecco perch\u00e9 le <strong>competenze acquisibili mediante questo FSL aprono le porte ai profili occupazionali pi\u00f9 ricercati dalle imprese.<\/strong><\/p>\n\t\t<\/div>\n\t\t\t\t\n<style>\n#col-1638080341 > .col-inner {\n  padding: 20px 0px 0px 0px;\n}\n<\/style>\n\t<\/div>\n\n\t\n\n\t<div id=\"col-406104660\" class=\"col medium-6 small-12 large-6\"  >\n\t\t\t\t<div class=\"col-inner\"  >\n\t\t\t\n\t\t\t\n\t<div class=\"img has-hover x md-x lg-x y md-y lg-y\" id=\"image_617785290\">\n\t\t\t\t\t\t<div data-animate=\"fadeInRight\">\t\t<div class=\"img-inner image-cover dark\" style=\"padding-top:147px;\">\n\t\t\t<img loading=\"lazy\" decoding=\"async\" width=\"1500\" height=\"844\" src=\"https:\/\/www.educazionedigitale.it\/coderz\/wp-content\/uploads\/2023\/07\/website-designer-creates-sketch-application.jpg\" class=\"attachment-original size-original\" alt=\"\" srcset=\"https:\/\/www.educazionedigitale.it\/coderz\/wp-content\/uploads\/2023\/07\/website-designer-creates-sketch-application.jpg 1500w, https:\/\/www.educazionedigitale.it\/coderz\/wp-content\/uploads\/2023\/07\/website-designer-creates-sketch-application-800x450.jpg 800w, https:\/\/www.educazionedigitale.it\/coderz\/wp-content\/uploads\/2023\/07\/website-designer-creates-sketch-application-768x432.jpg 768w\" sizes=\"auto, (max-width: 1500px) 100vw, 1500px\" \/>\t\t\t\t\t\t\n\t\t\t\t\t<\/div>\n\t\t<\/div>\t\t\t\t\t\t\n<style>\n#image_617785290 {\n  width: 100%;\n}\n<\/style>\n\t<\/div>\n\t\n\t\t<\/div>\n\t\t\t\t\t<\/div>\n\n\t\n<\/div>\n<div class=\"row\"  id=\"row-1432445591\">\n\n\t<div id=\"col-2050253540\" class=\"col medium-6 small-12 large-6\"  >\n\t\t\t\t<div class=\"col-inner\"  >\n\t\t\t\n\t\t\t\n\t<div class=\"img has-hover x md-x lg-x y md-y lg-y\" id=\"image_1296120508\">\n\t\t\t\t\t\t<div data-animate=\"fadeInLeft\">\t\t<div class=\"img-inner image-cover dark\" style=\"padding-top:173px;\">\n\t\t\t<img loading=\"lazy\" decoding=\"async\" width=\"2560\" height=\"1713\" src=\"https:\/\/www.educazionedigitale.it\/coderz\/wp-content\/uploads\/2023\/07\/guy-scaled.jpg\" class=\"attachment-original size-original\" alt=\"\" srcset=\"https:\/\/www.educazionedigitale.it\/coderz\/wp-content\/uploads\/2023\/07\/guy-scaled.jpg 2560w, https:\/\/www.educazionedigitale.it\/coderz\/wp-content\/uploads\/2023\/07\/guy-800x535.jpg 800w, https:\/\/www.educazionedigitale.it\/coderz\/wp-content\/uploads\/2023\/07\/guy-1600x1071.jpg 1600w, https:\/\/www.educazionedigitale.it\/coderz\/wp-content\/uploads\/2023\/07\/guy-768x514.jpg 768w, https:\/\/www.educazionedigitale.it\/coderz\/wp-content\/uploads\/2023\/07\/guy-1536x1028.jpg 1536w, https:\/\/www.educazionedigitale.it\/coderz\/wp-content\/uploads\/2023\/07\/guy-2048x1371.jpg 2048w\" sizes=\"auto, (max-width: 2560px) 100vw, 2560px\" \/>\t\t\t\t\t\t\n\t\t\t\t\t<\/div>\n\t\t<\/div>\t\t\t\t\t\t\n<style>\n#image_1296120508 {\n  width: 100%;\n}\n<\/style>\n\t<\/div>\n\t\n\t\t<\/div>\n\t\t\t\t\t<\/div>\n\n\t\n\n\t<div id=\"col-632403339\" class=\"col medium-6 small-12 large-6\"  >\n\t\t\t\t<div class=\"col-inner\"  >\n\t\t\t\n\t\t\t\n<p style=\"text-align:justify;\">Attraverso i contenuti delle videolezioni teoriche, progettati dall\u2019Academy Zucchetti con i migliori esperti dell\u2019azienda, ragazze e ragazzi potranno <strong>ampliare<\/strong><strong> il loro sapere in ambito STEM,<\/strong> conoscere pi\u00f9 da vicino <strong>scopi e obiettivi della programmazione <\/strong>e acquisire un vero e proprio <strong>mindset orientato al problem solving, all\u2019analisi e al ragionamento logico.<\/strong><\/p>\n\t\t<\/div>\n\t\t\t\t\n<style>\n#col-632403339 > .col-inner {\n  padding: 0px 0px 0px 0px;\n}\n<\/style>\n\t<\/div>\n\n\t\n<\/div>\n\n\t<section class=\"section\" id=\"section_1567657228\">\n\t\t<div class=\"section-bg fill\" >\n\t\t\t<img loading=\"lazy\" decoding=\"async\" width=\"1714\" height=\"387\" src=\"https:\/\/www.educazionedigitale.it\/coderz\/wp-content\/uploads\/2023\/07\/sfondo-percorso.png\" class=\"bg attachment-original size-original\" alt=\"\" \/>\t\t\t\t\t\t\n\t\t\t\n\n\t\t<\/div>\n\n\t\t\n\n\t\t<div class=\"section-content relative\">\n\t\t\t\n<div class=\"row\"  id=\"row-1073042504\">\n\n\t<div id=\"col-1997228697\" class=\"col small-12 large-12\"  data-animate=\"fadeInLeft\">\n\t\t\t\t<div class=\"col-inner\"  >\n\t\t\t\n\t\t\t\n\t<div id=\"text-3226557884\" class=\"text\">\n\t\t\n<p> <span style=\"font-size: 180%;\"><strong>L\u2019FSL AFFRONTER\u00c0 I SEGUENTI TEMI:<\/strong><\/span><br \/>\n\u2022\tla programmazione come strategia per affrontare un problema;<br \/>\n\u2022\tla definizione e le caratteristiche dell\u2019algoritmo;<br \/>\n\u2022\tla pseudocodifica;<br \/>\n\u2022\tla definizione e la classificazione dei linguaggi di programmazione;<br \/>\n\u2022\tl\u2019approfondimento a 360\u00b0 di JavaScript, dalla struttura lessicale ai concetti base e alle funzioni e istruzioni principali;<br \/>\n\u2022\tlo Standard ECMA6 per l\u2019interoperativit\u00e0 delle pagine web;<br \/>\n\u2022\til Document Object Model;<br \/>\n\u2022\til problema dell&#8217;ordinamento.\n<\/p>\n\t\t\n<style>\n#text-3226557884 {\n  color: rgb(255, 255, 255);\n}\n#text-3226557884 > * {\n  color: rgb(255, 255, 255);\n}\n<\/style>\n\t<\/div>\n\t\n\t\t<\/div>\n\t\t\t\t\n<style>\n#col-1997228697 > .col-inner {\n  padding: 50px 0px 0px 0px;\n  margin: 0px 0px -10px 0px;\n}\n<\/style>\n\t<\/div>\n\n\t\n<\/div>\n\t\t<\/div>\n\n\t\t\n<style>\n#section_1567657228 {\n  padding-top: 0px;\n  padding-bottom: 0px;\n}\n#section_1567657228 .section-bg img {\n  object-position: 17% 100%;\n}\n<\/style>\n\t<\/section>\n\t\n","protected":false},"excerpt":{"rendered":"","protected":false},"author":1,"featured_media":0,"parent":0,"menu_order":0,"comment_status":"closed","ping_status":"open","template":"page-blank.php","meta":{"_monsterinsights_skip_tracking":false,"_monsterinsights_sitenote_active":false,"_monsterinsights_sitenote_note":"","_monsterinsights_sitenote_category":0,"footnotes":""},"class_list":["post-531","page","type-page","status-publish","hentry"],"_links":{"self":[{"href":"https:\/\/www.educazionedigitale.it\/coderz\/wp-json\/wp\/v2\/pages\/531","targetHints":{"allow":["GET"]}}],"collection":[{"href":"https:\/\/www.educazionedigitale.it\/coderz\/wp-json\/wp\/v2\/pages"}],"about":[{"href":"https:\/\/www.educazionedigitale.it\/coderz\/wp-json\/wp\/v2\/types\/page"}],"author":[{"embeddable":true,"href":"https:\/\/www.educazionedigitale.it\/coderz\/wp-json\/wp\/v2\/users\/1"}],"replies":[{"embeddable":true,"href":"https:\/\/www.educazionedigitale.it\/coderz\/wp-json\/wp\/v2\/comments?post=531"}],"version-history":[{"count":3,"href":"https:\/\/www.educazionedigitale.it\/coderz\/wp-json\/wp\/v2\/pages\/531\/revisions"}],"predecessor-version":[{"id":6437,"href":"https:\/\/www.educazionedigitale.it\/coderz\/wp-json\/wp\/v2\/pages\/531\/revisions\/6437"}],"wp:attachment":[{"href":"https:\/\/www.educazionedigitale.it\/coderz\/wp-json\/wp\/v2\/media?parent=531"}],"curies":[{"name":"wp","href":"https:\/\/api.w.org\/{rel}","templated":true}]}}