{"id":1889,"date":"2025-08-26T17:19:04","date_gmt":"2025-08-26T15:19:04","guid":{"rendered":"https:\/\/www.educazionedigitale.it\/edition\/?page_id=1889"},"modified":"2025-08-26T17:21:20","modified_gmt":"2025-08-26T15:21:20","slug":"la-nostra-mission","status":"publish","type":"page","link":"https:\/\/www.educazionedigitale.it\/edition\/la-nostra-mission\/","title":{"rendered":"La nostra mission"},"content":{"rendered":"<div class=\"row\"  id=\"row-263918974\">\n\n\t<div id=\"col-1235476233\" class=\"col medium-9 small-12 large-9\"  >\n\t\t\t\t<div class=\"col-inner\"  >\n\t\t\t\n\t\t\t\n<div class=\"row\"  id=\"row-753886043\">\n\n\t<div id=\"col-851363009\" class=\"col small-12 large-12\"  >\n\t\t\t\t<div class=\"col-inner\"  >\n\t\t\t\n\t<div class=\"is-border\"\n\t\tstyle=\"border-color:rgb(189, 189, 189);border-width:0px 0px 1px 0px;\">\n\t<\/div>\n\t\t\t\n\t<div id=\"text-2278631265\" class=\"text\">\n\t\t\n<h3 style=\"letter-spacing:2px; margin-bottom:-10px\">LA NOSTRA MISSION<\/h3>\n\t\t\n<style>\n#text-2278631265 {\n  font-size: 0.8rem;\n  color: #ff6400;\n}\n#text-2278631265 > * {\n  color: #ff6400;\n}\n<\/style>\n\t<\/div>\n\t\n\t<div id=\"text-2312622465\" class=\"text\">\n\t\t\n<h3 style=\" margin-bottom:10px\"><span style=\"font-size:1.7em;\"><span style=\"color:#ff6400\">eD<\/span>ition<\/span><br \/> Il blog per accompagnarti<br \/> nelle nuove sfide dell&#8217;insegnamento<\/h3>\n\t\t\n<style>\n#text-2312622465 {\n  font-size: 1.8rem;\n}\n<\/style>\n\t<\/div>\n\t\n\t\t<\/div>\n\t\t\t\t\t<\/div>\n\n\t\n\n\t<div id=\"col-1568120953\" class=\"col small-12 large-12\"  >\n\t\t\t\t<div class=\"col-inner\"  >\n\t\t\t\n\t\t\t\n\t<div id=\"gap-1078503418\" class=\"gap-element clearfix\" style=\"display:block; height:auto;\">\n\t\t\n<style>\n#gap-1078503418 {\n  padding-top: 15px;\n}\n<\/style>\n\t<\/div>\n\t\n<div class=\"row\"  id=\"row-1141952186\">\n\n\t<div id=\"col-1418280854\" class=\"col medium-12 small-12 large-6\"  >\n\t\t\t\t<div class=\"col-inner\"  >\n\t\t\t\n\t\t\t\n<p>In un contesto educativo che evolve rapidamente, tra innovazione tecnologica, nuove metodologie e sfide educative, <strong>Educazione Digitale<\/strong> ha scelto di rinnovare il suo spazio di approfondimento per i docenti: <strong>un luogo dove trovare idee, confronto e contenuti di qualit\u00e0.<\/strong><\/p>\n<p>Crediamo che l\u2019educazione all\u2019innovazione e l\u2019uso consapevole dell\u2019<strong>EdTech<\/strong> non siano pi\u00f9 elementi accessori, ma parte integrante della professionalit\u00e0 docente. Per questo motivo abbiamo scelto di affrontare con continuit\u00e0 temi come la <strong>cittadinanza digitale, l\u2019intelligenza artificiale a scuola, la sostenibilit\u00e0, il benessere e la salute mentale, le metodologie attive e la trasformazione degli ambienti di apprendimento.<\/strong><\/p>\n\t\t<\/div>\n\t\t\t\t\t<\/div>\n\n\t\n\n\t<div id=\"col-1308859562\" class=\"col hide-for-medium medium-6 small-12 large-6\"  >\n\t\t\t\t<div class=\"col-inner\"  >\n\t\t\t\n\t\t\t\n\t<div class=\"img has-hover x md-x lg-x y md-y lg-y\" id=\"image_695156437\">\n\t\t\t\t\t\t\t\t<div class=\"img-inner image-cover dark\" style=\"padding-top:75%;\">\n\t\t\t<img loading=\"lazy\" decoding=\"async\" width=\"2560\" height=\"1707\" src=\"https:\/\/www.educazionedigitale.it\/edition\/wp-content\/uploads\/2025\/10\/4215911-scaled.webp\" class=\"attachment-original size-original\" alt=\"\" srcset=\"https:\/\/www.educazionedigitale.it\/edition\/wp-content\/uploads\/2025\/10\/4215911-scaled.webp 2560w, https:\/\/www.educazionedigitale.it\/edition\/wp-content\/uploads\/2025\/10\/4215911-300x200.webp 300w, https:\/\/www.educazionedigitale.it\/edition\/wp-content\/uploads\/2025\/10\/4215911-1024x683.webp 1024w, https:\/\/www.educazionedigitale.it\/edition\/wp-content\/uploads\/2025\/10\/4215911-768x512.webp 768w, https:\/\/www.educazionedigitale.it\/edition\/wp-content\/uploads\/2025\/10\/4215911-1536x1024.webp 1536w, https:\/\/www.educazionedigitale.it\/edition\/wp-content\/uploads\/2025\/10\/4215911-2048x1365.webp 2048w\" sizes=\"auto, (max-width: 2560px) 100vw, 2560px\" \/>\t\t\t\t\t\t\n\t\t\t\t\t<\/div>\n\t\t\t\t\t\t\t\t\n<style>\n#image_695156437 {\n  width: 100%;\n}\n<\/style>\n\t<\/div>\n\t\n\t\t<\/div>\n\t\t\t\t\n<style>\n#col-1308859562 > .col-inner {\n  padding: 0px 0px 0px 20px;\n}\n<\/style>\n\t<\/div>\n\n\t\n<\/div>\n\t<div id=\"gap-653730033\" class=\"gap-element clearfix\" style=\"display:block; height:auto;\">\n\t\t\n<style>\n#gap-653730033 {\n  padding-top: 15px;\n}\n<\/style>\n\t<\/div>\n\t\n<div class=\"row\"  id=\"row-1112981792\">\n\n\t<div id=\"col-210425755\" class=\"col medium-12 small-12 large-6\"  >\n\t\t\t\t<div class=\"col-inner\"  >\n\t\t\t\n\t\t\t\n\t<div class=\"img has-hover x md-x lg-x y md-y lg-y\" id=\"image_1653590840\">\n\t\t\t\t\t\t\t\t<div class=\"img-inner image-cover dark\" style=\"padding-top:59%;\">\n\t\t\t\t\t\t\t\t\t\n\t\t\t\t\t<\/div>\n\t\t\t\t\t\t\t\t\n<style>\n#image_1653590840 {\n  width: 100%;\n}\n<\/style>\n\t<\/div>\n\t\n\t<div id=\"gap-958815095\" class=\"gap-element clearfix show-for-medium\" style=\"display:block; height:auto;\">\n\t\t\n<style>\n#gap-958815095 {\n  padding-top: 15px;\n}\n<\/style>\n\t<\/div>\n\t\n\t\t<\/div>\n\t\t\t\t\n<style>\n#col-210425755 > .col-inner {\n  padding: 0px 0px 0px 0px;\n}\n@media (min-width:850px) {\n  #col-210425755 > .col-inner {\n    padding: 0px 20px 0px 0px;\n  }\n}\n<\/style>\n\t<\/div>\n\n\t\n\n\t<div id=\"col-1278851846\" class=\"col medium-12 small-12 large-6\"  >\n\t\t\t\t<div class=\"col-inner\"  >\n\t\t\t\n\t\t\t\n<p>EDition \u00e8 un blog vivo e in ascolto, curato dalla redazione di Educazione Digitale con il contributo di esperti, docenti, ricercatori e formatori. Ogni mese pubblichiamo <strong>articoli, podcast e videointerviste<\/strong> che aiutano a leggere il presente e immaginare nuove direzioni per l\u2019insegnamento e la formazione.<\/p>\n<p>Il docente \u00e8 al centro di questo progetto: con i suoi bisogni, i suoi dubbi, la sua voglia di crescere. A lui e a lei ci rivolgiamo ogni giorno, con contenuti che non danno risposte assolute, ma <strong>strumenti per fare domande migliori<\/strong>.<\/p>\n\t\t<\/div>\n\t\t\t\t\t<\/div>\n\n\t\n<\/div>\n\t\t<\/div>\n\t\t\t\t\n<style>\n#col-1568120953 > .col-inner {\n  padding: 20px 0px 0px 0px;\n}\n<\/style>\n\t<\/div>\n\n\t\n<\/div>\n\t<div id=\"gap-562355792\" class=\"gap-element clearfix show-for-small\" style=\"display:block; height:auto;\">\n\t\t\n<style>\n#gap-562355792 {\n  padding-top: 45px;\n}\n@media (min-width:550px) {\n  #gap-562355792 {\n    padding-top: 15px;\n  }\n}\n<\/style>\n\t<\/div>\n\t\n\t\t<\/div>\n\t\t\t\t\n<style>\n#col-1235476233 > .col-inner {\n  padding: 0px 20px 0px 20px;\n}\n<\/style>\n\t<\/div>\n\n\t\n\n\t<div id=\"col-57147326\" class=\"col medium-3 small-12 large-3\"  >\n\t\t\t\t<div class=\"col-inner\"  >\n\t\t\t\n\t<div class=\"is-border\"\n\t\tstyle=\"border-color:rgb(190, 190, 190);border-width:0px 0px 0px 1px;\">\n\t<\/div>\n\t\t\t\n<ul class=\"sidebar-wrapper ul-reset\"><aside id=\"search-8\" class=\"widget widget_search\"><form method=\"get\" class=\"searchform\" action=\"https:\/\/www.educazionedigitale.it\/edition\/\" role=\"search\">\n\t\t<div class=\"flex-row relative\">\n\t\t\t<div class=\"flex-col flex-grow\">\n\t   \t   <input type=\"search\" class=\"search-field mb-0\" name=\"s\" value=\"\" id=\"s\" placeholder=\"Cerca...\" \/>\n\t\t\t<\/div>\n\t\t\t<div class=\"flex-col\">\n\t\t\t\t<button type=\"submit\" class=\"ux-search-submit submit-button secondary button icon mb-0\" aria-label=\"Invia\">\n\t\t\t\t\t<i class=\"icon-search\" aria-hidden=\"true\"><\/i>\t\t\t\t<\/button>\n\t\t\t<\/div>\n\t\t<\/div>\n    <div class=\"live-search-results text-left z-top\"><\/div>\n<\/form>\n<\/aside><aside id=\"monsterinsights-popular-posts-widget-5\" class=\"widget monsterinsights-popular-posts-widget\"><span class=\"widget-title \"><span>In evidenza<\/span><\/span><div class=\"is-divider small\"><\/div><div class=\"monsterinsights-widget-popular-posts monsterinsights-widget-popular-posts-beta monsterinsights-popular-posts-styled monsterinsights-widget-popular-posts-columns-1\"><ul class=\"monsterinsights-widget-popular-posts-list\"><li style=\"border-color:#ff6400;\"><a href=\"https:\/\/www.educazionedigitale.it\/edition\/arte-e-immagine-2\/\"><div class=\"monsterinsights-widget-popular-posts-text\"><span class=\"monsterinsights-widget-popular-posts-title\" style=\"color:#393F4C;font-size:16px;\">Arte e immagine a scuola: come integrarle per una didattica interdisciplinare<\/span><\/div><\/a><\/li><li style=\"border-color:#ff6400;\"><a href=\"https:\/\/www.educazionedigitale.it\/edition\/e-online-a-tutta-vita-il-progetto-didattico-medtronic-su-salute-e-benessere\/\"><div class=\"monsterinsights-widget-popular-posts-text\"><span class=\"monsterinsights-widget-popular-posts-title\" style=\"color:#393F4C;font-size:16px;\">\u00c8 online \u201cA tutta Vita!\u201d \u2013 il progetto didattico Medtronic su salute e benessere<\/span><\/div><\/a><\/li><li style=\"border-color:#ff6400;\"><a href=\"https:\/\/www.educazionedigitale.it\/edition\/il-cyberbullismo-descritto-dai-docenti\/\"><div class=\"monsterinsights-widget-popular-posts-text\"><span class=\"monsterinsights-widget-popular-posts-title\" style=\"color:#393F4C;font-size:16px;\">Dalla parte dei prof: il Cyberbullismo descritto dai docenti<\/span><\/div><\/a><\/li><li style=\"border-color:#ff6400;\"><a href=\"https:\/\/www.educazionedigitale.it\/edition\/educazione-finanziaria-competenza-cittadinanza\/\"><div class=\"monsterinsights-widget-popular-posts-text\"><span class=\"monsterinsights-widget-popular-posts-title\" style=\"color:#393F4C;font-size:16px;\">L\u2019educazione finanziaria come competenza di cittadinanza: come insegnarla<\/span><\/div><\/a><\/li><li style=\"border-color:#ff6400;\"><a href=\"https:\/\/www.educazionedigitale.it\/edition\/riscoprire-gli-altri-per-riscoprire-se-stessi\/\"><div class=\"monsterinsights-widget-popular-posts-text\"><span class=\"monsterinsights-widget-popular-posts-title\" style=\"color:#393F4C;font-size:16px;\">Riscoprire gli altri, per riscoprire se stessi<\/span><\/div><\/a><\/li><\/ul><\/div><p><\/p><\/aside><aside id=\"custom_html-14\" class=\"widget_text widget widget_custom_html\"><div class=\"textwidget custom-html-widget\"><div style=\"padding:15px 15px 5px 15px;background:#ff6400; color:white; font-weight:900; font-size:15px; line-height:1.2; text-align:right; margin-top:20px; margin-bottom:20px; border-radius:20px\"><img decoding=\"async\" src=\"https:\/\/www.educazionedigitale.it\/edition\/wp-content\/uploads\/2025\/10\/icon-collega.webp\" alt=\"icona\" style=\"float:left; width:33%; padding-right:10px; margin-top:10px; margin-bottom:0px\" class=\"icona-invita\">Invita una\/un collega<br>\r\na scoprire eDition.<br><a href=\"#invita\" class=\"button white is-xsmall invita-button\" style=\"border-radius:99px;\">\n\t\t<span>manda il tuo invito<\/span>\n\t<\/a>\n<\/div><\/div><\/aside><aside id=\"custom_html-15\" class=\"widget_text widget widget_custom_html\"><div class=\"textwidget custom-html-widget\"><div style=\"padding:15px 15px 5px 15px;background:#333; color:white; font-weight:900; font-size:15px; line-height:1.2; text-align:right; margin-top:20px; margin-bottom:20px; border-radius:20px\"><img decoding=\"async\" src=\"https:\/\/www.educazionedigitale.it\/edition\/wp-content\/uploads\/2025\/10\/paper-plane.webp\" alt=\"icona\" style=\"float:left; width:27%; padding-right:10px; margin-top:5px; margin-bottom:0px\" class=\"icona-invita\">Inviaci le tue idee,<br>\r\nproposte e suggerimenti<br><a href=\"https:\/\/www.educazionedigitale.it\/edition\/contatti\/\" target=\"_blank\" class=\"button white is-xsmall invita-button\" rel=\"noopener\" style=\"border-radius:99px;\">\n\t\t<span>contattaci<\/span>\n\t<\/a>\n<\/div><\/div><\/aside>\n\t\t<aside id=\"block_widget-11\" class=\"widget block_widget\">\n\t\t\n\t\t\t<div id=\"gap-850039604\" class=\"gap-element clearfix\" style=\"display:block; height:auto;\">\n\t\t\n<style>\n#gap-850039604 {\n  padding-top: 20px;\n}\n<\/style>\n\t<\/div>\n\t\n\n\t<div class=\"img has-hover x md-x lg-x y md-y lg-y\" id=\"image_336140897\">\n\t\t<a class=\"\" href=\"https:\/\/www.educazionedigitale.it\/bperbanca\/\" target=\"_blank\" rel=\"noopener\" >\t\t\t\t\t\t<div class=\"img-inner dark\" >\n\t\t\t<img loading=\"lazy\" decoding=\"async\" width=\"500\" height=\"429\" src=\"https:\/\/www.educazionedigitale.it\/edition\/wp-content\/uploads\/2025\/10\/adbper2.webp\" class=\"attachment-original size-original\" alt=\"\" srcset=\"https:\/\/www.educazionedigitale.it\/edition\/wp-content\/uploads\/2025\/10\/adbper2.webp 500w, https:\/\/www.educazionedigitale.it\/edition\/wp-content\/uploads\/2025\/10\/adbper2-300x257.webp 300w\" sizes=\"auto, (max-width: 500px) 100vw, 500px\" \/>\t\t\t\t\t\t\n\t\t\t\t\t<\/div>\n\t\t\t\t\t\t<\/a>\t\t\n<style>\n#image_336140897 {\n  width: 100%;\n}\n<\/style>\n\t<\/div>\n\t\n\t\t<\/aside>\n\t\t<aside id=\"simpletags-3\" class=\"widget widget-simpletags\"><span class=\"widget-title \"><span>Cerca per tag<\/span><\/span><div class=\"is-divider small\"><\/div>\n<!-- Generated by TaxoPress 3.45.0 - https:\/\/wordpress.org\/plugins\/simple-tags\/ -->\n\t<div class=\"taxopress-output-wrapper\"> <div class=\"st-tag-cloud\"> \n\t<a href=\"https:\/\/www.educazionedigitale.it\/edition\/tag\/apprendimento-esperienziale\/\" id=\"tag-link-145\" class=\"st-tags t0\" title=\"1 topics\" style=\"font-size:13px; color:#ff6400;\">apprendimento esperienziale<\/a>\n<a href=\"https:\/\/www.educazionedigitale.it\/edition\/tag\/benessere-docenti\/\" id=\"tag-link-119\" class=\"st-tags t0\" title=\"1 topics\" style=\"font-size:13px; color:#ff6400;\">benessere docenti<\/a>\n<a href=\"https:\/\/www.educazionedigitale.it\/edition\/tag\/benessere-a-scuola\/\" id=\"tag-link-129\" class=\"st-tags t0\" title=\"1 topics\" style=\"font-size:13px; color:#ff6400;\">benessere a scuola<\/a>\n<a href=\"https:\/\/www.educazionedigitale.it\/edition\/tag\/benessere\/\" id=\"tag-link-45\" class=\"st-tags t5\" title=\"11 topics\" style=\"font-size:13px; color:#ff6400;\">benessere<\/a>\n<a href=\"https:\/\/www.educazionedigitale.it\/edition\/tag\/alternanza-scuola-lavoro\/\" id=\"tag-link-152\" class=\"st-tags t0\" title=\"1 topics\" style=\"font-size:13px; color:#ff6400;\">alternanza scuola lavoro<\/a>\n<a href=\"https:\/\/www.educazionedigitale.it\/edition\/tag\/alternanza\/\" id=\"tag-link-31\" class=\"st-tags t1\" title=\"2 topics\" style=\"font-size:13px; color:#ff6400;\">alternanza<\/a>\n<a href=\"https:\/\/www.educazionedigitale.it\/edition\/tag\/apprendimento-attivo\/\" id=\"tag-link-75\" class=\"st-tags t0\" title=\"1 topics\" style=\"font-size:13px; color:#ff6400;\">apprendimento attivo<\/a>\n<a href=\"https:\/\/www.educazionedigitale.it\/edition\/tag\/aula\/\" id=\"tag-link-130\" class=\"st-tags t0\" title=\"1 topics\" style=\"font-size:13px; color:#ff6400;\">aula<\/a>\n<a href=\"https:\/\/www.educazionedigitale.it\/edition\/tag\/arte\/\" id=\"tag-link-37\" class=\"st-tags t3\" title=\"6 topics\" style=\"font-size:13px; color:#ff6400;\">arte<\/a>\n<a href=\"https:\/\/www.educazionedigitale.it\/edition\/tag\/avanguardie-educative\/\" id=\"tag-link-41\" class=\"st-tags t10\" title=\"19 topics\" style=\"font-size:13px; color:#ff6400;\">avanguardie educative<\/a>\n<a href=\"https:\/\/www.educazionedigitale.it\/edition\/tag\/agenda-2030\/\" id=\"tag-link-18\" class=\"st-tags t5\" title=\"10 topics\" style=\"font-size:13px; color:#ff6400;\">agenda 2030<\/a>\n<a href=\"https:\/\/www.educazionedigitale.it\/edition\/tag\/alimentazione\/\" id=\"tag-link-43\" class=\"st-tags t2\" title=\"4 topics\" style=\"font-size:13px; color:#ff6400;\">alimentazione<\/a>\n<a href=\"https:\/\/www.educazionedigitale.it\/edition\/tag\/apprendimento-linguistico\/\" id=\"tag-link-150\" class=\"st-tags t0\" title=\"1 topics\" style=\"font-size:13px; color:#ff6400;\">apprendimento linguistico<\/a>\n<a href=\"https:\/\/www.educazionedigitale.it\/edition\/tag\/benessere-emotivo\/\" id=\"tag-link-92\" class=\"st-tags t0\" title=\"1 topics\" style=\"font-size:13px; color:#ff6400;\">benessere emotivo<\/a>\n<a href=\"https:\/\/www.educazionedigitale.it\/edition\/tag\/architettura-educativa\/\" id=\"tag-link-128\" class=\"st-tags t0\" title=\"1 topics\" style=\"font-size:13px; color:#ff6400;\">architettura educativa<\/a>\n<a href=\"https:\/\/www.educazionedigitale.it\/edition\/tag\/affettivita-scuola\/\" id=\"tag-link-94\" class=\"st-tags t0\" title=\"0 topics\" style=\"font-size:13px; color:#ff6400;\">affettivit\u00e0 scuola<\/a>\n<a href=\"https:\/\/www.educazionedigitale.it\/edition\/tag\/ai-e-didattica\/\" id=\"tag-link-135\" class=\"st-tags t0\" title=\"1 topics\" style=\"font-size:13px; color:#ff6400;\">ai e didattica<\/a>\n<a href=\"https:\/\/www.educazionedigitale.it\/edition\/tag\/benessere-emotivo-insegnanti\/\" id=\"tag-link-95\" class=\"st-tags t0\" title=\"1 topics\" style=\"font-size:13px; color:#ff6400;\">benessere emotivo insegnanti<\/a>\n<a href=\"https:\/\/www.educazionedigitale.it\/edition\/tag\/apprendimento-attivo-in-classe\/\" id=\"tag-link-98\" class=\"st-tags t0\" title=\"1 topics\" style=\"font-size:13px; color:#ff6400;\">apprendimento attivo in classe<\/a>\n<a href=\"https:\/\/www.educazionedigitale.it\/edition\/tag\/biodiversita\/\" id=\"tag-link-21\" class=\"st-tags t3\" title=\"7 topics\" style=\"font-size:13px; color:#ff6400;\">biodiversit\u00e0<\/a> <\/div>\n<\/div>\n<\/aside><\/ul>\n\t\t<\/div>\n\t\t\t\t\n<style>\n#col-57147326 > .col-inner {\n  padding: 0px 0px 0px 20px;\n}\n<\/style>\n\t<\/div>\n\n\t\n<\/div>\n","protected":false},"excerpt":{"rendered":"","protected":false},"author":2,"featured_media":0,"parent":0,"menu_order":0,"comment_status":"closed","ping_status":"closed","template":"","meta":{"_monsterinsights_skip_tracking":false,"_monsterinsights_sitenote_active":false,"_monsterinsights_sitenote_note":"","_monsterinsights_sitenote_category":0,"footnotes":""},"class_list":["post-1889","page","type-page","status-publish","hentry"],"yoast_head":"<!-- This site is optimized with the Yoast SEO Premium plugin v27.4 (Yoast SEO v27.4) - https:\/\/yoast.com\/product\/yoast-seo-premium-wordpress\/ -->\n<title>La nostra mission - eDition<\/title>\n<meta name=\"robots\" content=\"index, follow, max-snippet:-1, max-image-preview:large, max-video-preview:-1\" \/>\n<link rel=\"canonical\" href=\"https:\/\/www.educazionedigitale.it\/edition\/la-nostra-mission\/\" \/>\n<meta property=\"og:locale\" content=\"it_IT\" \/>\n<meta property=\"og:type\" content=\"article\" \/>\n<meta property=\"og:title\" content=\"La nostra mission\" \/>\n<meta property=\"og:url\" content=\"https:\/\/www.educazionedigitale.it\/edition\/la-nostra-mission\/\" \/>\n<meta property=\"og:site_name\" content=\"eDition\" \/>\n<meta property=\"article:publisher\" content=\"https:\/\/it-it.facebook.com\/EducazioneDigitale\" \/>\n<meta property=\"article:modified_time\" content=\"2025-08-26T15:21:20+00:00\" \/>\n<meta name=\"twitter:card\" content=\"summary_large_image\" \/>\n<script type=\"application\/ld+json\" class=\"yoast-schema-graph\">{\"@context\":\"https:\\\/\\\/schema.org\",\"@graph\":[{\"@type\":\"WebPage\",\"@id\":\"https:\\\/\\\/www.educazionedigitale.it\\\/edition\\\/la-nostra-mission\\\/\",\"url\":\"https:\\\/\\\/www.educazionedigitale.it\\\/edition\\\/la-nostra-mission\\\/\",\"name\":\"La nostra mission - eDition\",\"isPartOf\":{\"@id\":\"https:\\\/\\\/www.educazionedigitale.it\\\/edition\\\/#website\"},\"datePublished\":\"2025-08-26T15:19:04+00:00\",\"dateModified\":\"2025-08-26T15:21:20+00:00\",\"breadcrumb\":{\"@id\":\"https:\\\/\\\/www.educazionedigitale.it\\\/edition\\\/la-nostra-mission\\\/#breadcrumb\"},\"inLanguage\":\"it-IT\",\"potentialAction\":[{\"@type\":\"ReadAction\",\"target\":[\"https:\\\/\\\/www.educazionedigitale.it\\\/edition\\\/la-nostra-mission\\\/\"]}]},{\"@type\":\"BreadcrumbList\",\"@id\":\"https:\\\/\\\/www.educazionedigitale.it\\\/edition\\\/la-nostra-mission\\\/#breadcrumb\",\"itemListElement\":[{\"@type\":\"ListItem\",\"position\":1,\"name\":\"Home\",\"item\":\"https:\\\/\\\/www.educazionedigitale.it\\\/edition\\\/\"},{\"@type\":\"ListItem\",\"position\":2,\"name\":\"La nostra mission\"}]},{\"@type\":\"WebSite\",\"@id\":\"https:\\\/\\\/www.educazionedigitale.it\\\/edition\\\/#website\",\"url\":\"https:\\\/\\\/www.educazionedigitale.it\\\/edition\\\/\",\"name\":\"eDition\",\"description\":\"\",\"publisher\":{\"@id\":\"https:\\\/\\\/www.educazionedigitale.it\\\/edition\\\/#organization\"},\"potentialAction\":[{\"@type\":\"SearchAction\",\"target\":{\"@type\":\"EntryPoint\",\"urlTemplate\":\"https:\\\/\\\/www.educazionedigitale.it\\\/edition\\\/?s={search_term_string}\"},\"query-input\":{\"@type\":\"PropertyValueSpecification\",\"valueRequired\":true,\"valueName\":\"search_term_string\"}}],\"inLanguage\":\"it-IT\"},{\"@type\":[\"Organization\",\"Place\"],\"@id\":\"https:\\\/\\\/www.educazionedigitale.it\\\/edition\\\/#organization\",\"name\":\"Educazione Digitale\",\"url\":\"https:\\\/\\\/www.educazionedigitale.it\\\/edition\\\/\",\"logo\":{\"@id\":\"https:\\\/\\\/www.educazionedigitale.it\\\/edition\\\/la-nostra-mission\\\/#local-main-organization-logo\"},\"image\":{\"@id\":\"https:\\\/\\\/www.educazionedigitale.it\\\/edition\\\/la-nostra-mission\\\/#local-main-organization-logo\"},\"sameAs\":[\"https:\\\/\\\/it-it.facebook.com\\\/EducazioneDigitale\"],\"telephone\":[],\"openingHoursSpecification\":[{\"@type\":\"OpeningHoursSpecification\",\"dayOfWeek\":[\"Monday\",\"Tuesday\",\"Wednesday\",\"Thursday\",\"Friday\",\"Saturday\",\"Sunday\"],\"opens\":\"09:00\",\"closes\":\"17:00\"}]},{\"@type\":\"ImageObject\",\"inLanguage\":\"it-IT\",\"@id\":\"https:\\\/\\\/www.educazionedigitale.it\\\/edition\\\/la-nostra-mission\\\/#local-main-organization-logo\",\"url\":\"https:\\\/\\\/www.educazionedigitale.it\\\/edition\\\/wp-content\\\/uploads\\\/2025\\\/10\\\/educazione-bright-2-e1761298001891.webp\",\"contentUrl\":\"https:\\\/\\\/www.educazionedigitale.it\\\/edition\\\/wp-content\\\/uploads\\\/2025\\\/10\\\/educazione-bright-2-e1761298001891.webp\",\"width\":207,\"height\":65,\"caption\":\"Educazione Digitale\"}]}<\/script>\n<!-- \/ Yoast SEO Premium plugin. -->","yoast_head_json":{"title":"La nostra mission - eDition","robots":{"index":"index","follow":"follow","max-snippet":"max-snippet:-1","max-image-preview":"max-image-preview:large","max-video-preview":"max-video-preview:-1"},"canonical":"https:\/\/www.educazionedigitale.it\/edition\/la-nostra-mission\/","og_locale":"it_IT","og_type":"article","og_title":"La nostra mission","og_url":"https:\/\/www.educazionedigitale.it\/edition\/la-nostra-mission\/","og_site_name":"eDition","article_publisher":"https:\/\/it-it.facebook.com\/EducazioneDigitale","article_modified_time":"2025-08-26T15:21:20+00:00","twitter_card":"summary_large_image","schema":{"@context":"https:\/\/schema.org","@graph":[{"@type":"WebPage","@id":"https:\/\/www.educazionedigitale.it\/edition\/la-nostra-mission\/","url":"https:\/\/www.educazionedigitale.it\/edition\/la-nostra-mission\/","name":"La nostra mission - eDition","isPartOf":{"@id":"https:\/\/www.educazionedigitale.it\/edition\/#website"},"datePublished":"2025-08-26T15:19:04+00:00","dateModified":"2025-08-26T15:21:20+00:00","breadcrumb":{"@id":"https:\/\/www.educazionedigitale.it\/edition\/la-nostra-mission\/#breadcrumb"},"inLanguage":"it-IT","potentialAction":[{"@type":"ReadAction","target":["https:\/\/www.educazionedigitale.it\/edition\/la-nostra-mission\/"]}]},{"@type":"BreadcrumbList","@id":"https:\/\/www.educazionedigitale.it\/edition\/la-nostra-mission\/#breadcrumb","itemListElement":[{"@type":"ListItem","position":1,"name":"Home","item":"https:\/\/www.educazionedigitale.it\/edition\/"},{"@type":"ListItem","position":2,"name":"La nostra mission"}]},{"@type":"WebSite","@id":"https:\/\/www.educazionedigitale.it\/edition\/#website","url":"https:\/\/www.educazionedigitale.it\/edition\/","name":"eDition","description":"","publisher":{"@id":"https:\/\/www.educazionedigitale.it\/edition\/#organization"},"potentialAction":[{"@type":"SearchAction","target":{"@type":"EntryPoint","urlTemplate":"https:\/\/www.educazionedigitale.it\/edition\/?s={search_term_string}"},"query-input":{"@type":"PropertyValueSpecification","valueRequired":true,"valueName":"search_term_string"}}],"inLanguage":"it-IT"},{"@type":["Organization","Place"],"@id":"https:\/\/www.educazionedigitale.it\/edition\/#organization","name":"Educazione Digitale","url":"https:\/\/www.educazionedigitale.it\/edition\/","logo":{"@id":"https:\/\/www.educazionedigitale.it\/edition\/la-nostra-mission\/#local-main-organization-logo"},"image":{"@id":"https:\/\/www.educazionedigitale.it\/edition\/la-nostra-mission\/#local-main-organization-logo"},"sameAs":["https:\/\/it-it.facebook.com\/EducazioneDigitale"],"telephone":[],"openingHoursSpecification":[{"@type":"OpeningHoursSpecification","dayOfWeek":["Monday","Tuesday","Wednesday","Thursday","Friday","Saturday","Sunday"],"opens":"09:00","closes":"17:00"}]},{"@type":"ImageObject","inLanguage":"it-IT","@id":"https:\/\/www.educazionedigitale.it\/edition\/la-nostra-mission\/#local-main-organization-logo","url":"https:\/\/www.educazionedigitale.it\/edition\/wp-content\/uploads\/2025\/10\/educazione-bright-2-e1761298001891.webp","contentUrl":"https:\/\/www.educazionedigitale.it\/edition\/wp-content\/uploads\/2025\/10\/educazione-bright-2-e1761298001891.webp","width":207,"height":65,"caption":"Educazione Digitale"}]}},"_links":{"self":[{"href":"https:\/\/www.educazionedigitale.it\/edition\/wp-json\/wp\/v2\/pages\/1889","targetHints":{"allow":["GET"]}}],"collection":[{"href":"https:\/\/www.educazionedigitale.it\/edition\/wp-json\/wp\/v2\/pages"}],"about":[{"href":"https:\/\/www.educazionedigitale.it\/edition\/wp-json\/wp\/v2\/types\/page"}],"author":[{"embeddable":true,"href":"https:\/\/www.educazionedigitale.it\/edition\/wp-json\/wp\/v2\/users\/2"}],"replies":[{"embeddable":true,"href":"https:\/\/www.educazionedigitale.it\/edition\/wp-json\/wp\/v2\/comments?post=1889"}],"version-history":[{"count":3,"href":"https:\/\/www.educazionedigitale.it\/edition\/wp-json\/wp\/v2\/pages\/1889\/revisions"}],"predecessor-version":[{"id":1894,"href":"https:\/\/www.educazionedigitale.it\/edition\/wp-json\/wp\/v2\/pages\/1889\/revisions\/1894"}],"wp:attachment":[{"href":"https:\/\/www.educazionedigitale.it\/edition\/wp-json\/wp\/v2\/media?parent=1889"}],"curies":[{"name":"wp","href":"https:\/\/api.w.org\/{rel}","templated":true}]}}