{"id":2,"date":"2015-03-06T10:12:45","date_gmt":"2015-03-06T10:12:45","guid":{"rendered":"http:\/\/www.educazionedigitale.it\/enelxparcodellenergia\/?page_id=2"},"modified":"2024-09-11T11:56:42","modified_gmt":"2024-09-11T09:56:42","slug":"homepage","status":"publish","type":"page","link":"https:\/\/www.educazionedigitale.it\/enelxparcodellenergia\/","title":{"rendered":"Homepage"},"content":{"rendered":"\t<div id=\"gap-1327032339\" class=\"gap-element clearfix\" style=\"display:block; height:auto;\">\n\t\t\n<style>\n#gap-1327032339 {\n  padding-top: 20px;\n}\n@media (min-width:850px) {\n  #gap-1327032339 {\n    padding-top: 122px;\n  }\n}\n<\/style>\n\t<\/div>\n\t\n\n  <div class=\"banner has-hover banner-home\" id=\"banner-1191498491\">\n          <div class=\"banner-inner fill\">\n        <div class=\"banner-bg fill\" >\n            <img loading=\"lazy\" decoding=\"async\" width=\"1918\" height=\"451\" src=\"https:\/\/www.educazionedigitale.it\/enelxparcodellenergia\/wp-content\/uploads\/2023\/03\/banner-home-4.png\" class=\"bg attachment-original size-original\" alt=\"\" \/>                                    \n                    <\/div>\n\t\t\n        <div class=\"banner-layers container\">\n            <div class=\"fill banner-link\"><\/div>            \n   <div id=\"text-box-617614325\" class=\"text-box banner-layer x50 md-x50 lg-x50 y85 md-y70 lg-y75 res-text\">\n                     <div data-animate=\"fadeInLeft\">           <div class=\"text-box-content text dark text-shadow-5\">\n              \n              <div class=\"text-inner text-right\">\n                  \n\t<div id=\"text-3333165184\" class=\"text\">\n\t\t\n<h1 class=\"title\" style=\"font-size: 70px; font-weight: bold;\">La Smart City<\/h1>\n<h4 style=\"font-size: 25px; font-weight: 500 !important;\"><strong>Soluzioni innovative per nuovi modelli di citt\u00e0, smart e sostenibili<\/strong><\/h4>\n\t\t\n<style>\n#text-3333165184 {\n  text-align: center;\n}\n<\/style>\n\t<\/div>\n\t\n              <\/div>\n           <\/div>\n       <\/div>                     \n<style>\n#text-box-617614325 {\n  width: 93%;\n}\n#text-box-617614325 .text-box-content {\n  font-size: 100%;\n}\n@media (min-width:550px) {\n  #text-box-617614325 {\n    width: 100%;\n  }\n}\n@media (min-width:850px) {\n  #text-box-617614325 {\n    width: 100%;\n  }\n}\n<\/style>\n    <\/div>\n \n        <\/div>\n      <\/div>\n\n            \n<style>\n#banner-1191498491 {\n  padding-top: 350px;\n}\n#banner-1191498491 .banner-bg img {\n  object-position: 49% 47%;\n}\n@media (min-width:550px) {\n  #banner-1191498491 {\n    padding-top: 420px;\n  }\n}\n<\/style>\n  <\/div>\n\n\n\n\t<section class=\"section\" id=\"section_1630012723\">\n\t\t<div class=\"section-bg fill\" >\n\t\t\t\t\t\t\t\t\t\n\t\t\t\n\n\t\t<\/div>\n\n\t\t\n\n\t\t<div class=\"section-content relative\">\n\t\t\t\n<div class=\"row\"  id=\"row-170032581\">\n\n\t<div id=\"col-2125155254\" class=\"col medium-8 large-8\"  >\n\t\t\t\t<div class=\"col-inner text-left\"  >\n\t\t\t\n\t\t\t\n\t<div id=\"text-371683449\" class=\"text\">\n\t\t\n<h2 style=\"font-size: 30px; margin-bottom: 14px;\"><strong>Di cosa si tratta?<\/strong><\/h2>\n<p style=\"text-align: justify; margin-bottom: 10px;\">La trasformazione verso una citt\u00e0 nuova, pi\u00f9 smart e sostenibile, avanza alla velocit\u00e0 della luce e presenta sfide sempre pi\u00f9 difficili. Enel X aiuta i comuni e le pubbliche amministrazioni ad affrontare queste sfide e a prendere il controllo della loro energia con soluzioni innovative. Doniamo alle <strong>citt\u00e0 un nuovo volto pi\u00f9 sostenibile ed ecologico,<\/strong> grazie alla creazione di nuovi spazi verdi e all\u2019implementazione di servizi innovativi e smart a servizio della comunit\u00e0.<\/p>\n<p style=\"text-align: justify; margin-bottom: 8px;\">Il percorso didattico, dedicato ai docenti e agli studenti delle scuole primarie, offre <strong>risorse multimediali<\/strong>  per coinvolgere bambine e bambini nel processo di rinascita delle aree urbane, aiutandoli cos\u00ec a divenire portavoce del <strong>cambiamento sostenibile<\/strong> e trasferire il sapere acquisito anche in famiglia, a supporto di una <strong>presa di coscienza collettiva<\/strong>.<\/p>\n\t\t\n<style>\n#text-371683449 {\n  text-align: left;\n}\n<\/style>\n\t<\/div>\n\t\n\t<div id=\"gap-557086903\" class=\"gap-element clearfix\" style=\"display:block; height:auto;\">\n\t\t\n<style>\n#gap-557086903 {\n  padding-top: 10px;\n}\n<\/style>\n\t<\/div>\n\t\n<a href=\"https:\/\/www.educazionedigitale.it\/enelxparcodellenergia\/il-progetto\/\" class=\"button white\" >\n\t\t<span>scopri di pi\u00f9<\/span>\n\t<i class=\"icon-angle-right\" aria-hidden=\"true\"><\/i><\/a>\n\n\t\t<\/div>\n\t\t\t\t\t<\/div>\n\n\t\n\n\t<div id=\"col-813744255\" class=\"col medium-4 large-4\"  >\n\t\t\t\t<div class=\"col-inner\"  >\n\t\t\t\n\t\t\t\n\t<div id=\"gap-306363497\" class=\"gap-element clearfix\" style=\"display:block; height:auto;\">\n\t\t\n<style>\n#gap-306363497 {\n  padding-top: 15px;\n}\n<\/style>\n\t<\/div>\n\t\n<div style=\"width: 100%; height: auto; background:#f7f7f7; padding: 7px; text-align:center; margin-top:-10px\"><img decoding=\"async\" aligncenter size-full src=\"https:\/\/www.educazionedigitale.it\/enelxparcodellenergia\/wp-content\/uploads\/2023\/03\/share-copia.png\" style=\"width:59px; margin-top:15px;\"\/><\/p>\n<div style=\"font-size:22px; margin-top:10px; background: -webkit-linear-gradient(#5738ff,#461e7d);-webkit-background-clip: text;-webkit-text-fill-color: transparent; line-height:1.45\"><strong>Scopri come collegare<br \/>&#8220;La Smart City&#8221;<br \/>alle materie curricolari<\/strong><\/strong><\/div>\n<div style=\"width: 100%; height: auto; background:#f7f7f7; text-align:center; margin-top:10px; padding:7px\">\n<div style=\"text-align:center; margin-bottom:10px\">\t\n\t\t\t<a href=\"#scarica-102991\" target=\"_self\" class=\"button button-primary button small custom-green\" style=\"margin-right:5px;\">scarica la scheda<\/a>\n\t\n<a href=\"#comm-102991\" class=\"commenti\" style=\"text-decoration:underline;margin-right:5px;\">COMMENTI<\/a>\n\t<a href=\"#voto-102991\" class=\"commenti\" style=\"text-decoration:underline;margin-right:5px;\">\n\t\tVOTI\t<\/a>\n<\/div>\n<\/div>\n<\/div>\n\t<div id=\"gap-1741606188\" class=\"gap-element clearfix\" style=\"display:block; height:auto;\">\n\t\t\n<style>\n#gap-1741606188 {\n  padding-top: 30px;\n}\n<\/style>\n\t<\/div>\n\t\n<div style=\"width: 100%; height: auto; background:#f7f7f7; padding: 5px; text-align:center; margin-top:-10px\">\n<div style=\"font-size:20px; margin-top:10px; background: -webkit-linear-gradient(#5738ff,#461e7d);-webkit-background-clip: text;-webkit-text-fill-color: transparent; line-height:1.45\"><strong>Invita un\/una collega<br \/>a partecipare all&#8217;iniziativa!<\/strong><\/strong><\/div>\n<div style=\"width: 100%; height: auto; background:#f7f7f7; text-align:center; margin-top:5px; padding:7px\">\n<div style=\"text-align:center; margin-bottom:10px\"><a href=\"#invita\"><img decoding=\"async\" src=\"https:\/\/www.educazionedigitale.it\/circulariscool\/wp-content\/uploads\/2021\/09\/invita-enel.png\" width=\"50\" class=\"strumento-zoom\"\/><\/a>&nbsp;<a href=\"https:\/\/www.facebook.com\/sharer\/sharer.php?u=https:\/\/www.educazionedigitale.it\/enelxparcodellenergia\/registrazione\" target=\"_blank\" rel=\"noopener noreferrer\"><img decoding=\"async\" src=\"https:\/\/www.educazionedigitale.it\/circulariscool\/wp-content\/uploads\/2021\/09\/facebook-enel.png\" width=\"50\" class=\"strumento-zoom\"\/><\/a>&nbsp;<a href=\"https:\/\/twitter.com\/intent\/tweet?url=https:\/\/www.educazionedigitale.it\/enelxparcodellenergia\/registrazione&#038;text=Registrati su EducazioneDigitale.it\" target=\"_blank\" rel=\"noopener noreferrer\"><img decoding=\"async\" src=\"https:\/\/www.educazionedigitale.it\/circulariscool\/wp-content\/uploads\/2021\/09\/twitter-enel.png\" width=\"50\" class=\"strumento-zoom\"\/><\/a>&nbsp;<a href=\"https:\/\/api.whatsapp.com\/send?text=https:\/\/www.educazionedigitale.it\/enelxparcodellenergia\/registrazione\" target=\"_blank\" rel=\"noopener noreferrer\"><img decoding=\"async\" src=\"https:\/\/www.educazionedigitale.it\/circulariscool\/wp-content\/uploads\/2021\/09\/whatsapp-enel.png\" width=\"50\" class=\"strumento-zoom\"\/><\/a><\/div>\n<\/div>\n\t\t<\/div>\n\t\t\t\t\t<\/div>\n\n\t\n<\/div>\n\t\t<\/div>\n\n\t\t\n<style>\n#section_1630012723 {\n  padding-top: 30px;\n  padding-bottom: 30px;\n}\n<\/style>\n\t<\/section>\n\t\n\n\t<section class=\"section\" id=\"section_747020094\">\n\t\t<div class=\"section-bg fill\" >\n\t\t\t<img loading=\"lazy\" decoding=\"async\" width=\"1500\" height=\"625\" src=\"https:\/\/www.educazionedigitale.it\/enelxparcodellenergia\/wp-content\/uploads\/2023\/03\/fondoimperia-2.jpg\" class=\"bg attachment-original size-original\" alt=\"\" \/>\t\t\t\t\t\t<div class=\"section-bg-overlay absolute fill\"><\/div>\n\t\t\t\n\n\t\t<\/div>\n\n\t\t\n\n\t\t<div class=\"section-content relative\">\n\t\t\t\n<div class=\"row align-center\"  id=\"row-1625904444\">\n\n\t<div id=\"col-1917318626\" class=\"col small-12 large-12\"  >\n\t\t\t\t<div class=\"col-inner\"  >\n\t\t\t\n\t\t\t\n\t<div id=\"gap-1562470932\" class=\"gap-element clearfix\" style=\"display:block; height:auto;\">\n\t\t\n<style>\n#gap-1562470932 {\n  padding-top: 30px;\n}\n<\/style>\n\t<\/div>\n\t\n<p style=\"color: white; text-align:center; font-size:30px; margin-bottom:0px\"><strong>Cosa puoi trovare?<\/strong><\/p>\n<p style=\"font-size: 23px; color:white; text-align: center; line-height: 1.5; margin-bottom:0px\">Gli strumenti didattici per le tue lezioni digitali<\/p>\n\t\t<\/div>\n\t\t\t\t\t<\/div>\n\n\t\n\n\t<div id=\"col-793419641\" class=\"col medium-5 small-12 large-5\"  >\n\t\t\t\t<div class=\"col-inner\"  >\n\t\t\t\n\t\t\t\n\t<div class=\"box has-hover   has-hover box-shadow-2 box-shadow-4-hover box-shade dark box-text-bottom\" >\n\n\t\t<div class=\"box-image\" >\n\t\t\t<a href=\"https:\/\/www.educazionedigitale.it\/enelxparcodellenergia\/risorse-didattiche\/\" >\t\t\t<div class=\"image-cover\" style=\"padding-top:100%;\">\n\t\t\t\t<img loading=\"lazy\" decoding=\"async\" width=\"650\" height=\"650\" src=\"https:\/\/www.educazionedigitale.it\/enelxparcodellenergia\/wp-content\/uploads\/2023\/03\/home-om.png\" class=\"attachment-large size-large\" alt=\"\" srcset=\"https:\/\/www.educazionedigitale.it\/enelxparcodellenergia\/wp-content\/uploads\/2023\/03\/home-om.png 650w, https:\/\/www.educazionedigitale.it\/enelxparcodellenergia\/wp-content\/uploads\/2023\/03\/home-om-340x340.png 340w\" sizes=\"auto, (max-width: 650px) 100vw, 650px\" \/>\t\t\t\t\t\t\t\t<div class=\"shade\"><\/div>\t\t\t<\/div>\n\t\t\t<\/a>\t\t<\/div>\n\n\t\t<div class=\"box-text text-center is-large\" >\n\t\t\t<div class=\"box-text-inner\">\n\t\t\t\t\n<h5 style=\"text-transform:uppercase; font-size:120% !important; margin-bottom:30px\">MULTIMEDIALE EDUCATIVO LIVING BOOK<\/h5>\n<a href=\"https:\/\/www.educazionedigitale.it\/enelxparcodellenergia\/risorse-didattiche\/\" class=\"button white white-2\" >\n\t\t<span>scopri di pi\u00f9<\/span>\n\t<i class=\"icon-angle-right\" aria-hidden=\"true\"><\/i><\/a>\n\n\t\t\t<\/div>\n\t\t<\/div>\n\t<\/div>\n\t\n\t\t<\/div>\n\t\t\t\t\t<\/div>\n\n\t\n\n<\/div>\n\t<div id=\"gap-592036584\" class=\"gap-element clearfix\" style=\"display:block; height:auto;\">\n\t\t\n<style>\n#gap-592036584 {\n  padding-top: 15px;\n}\n<\/style>\n\t<\/div>\n\t\n<div style=\"background:rgba(0,0,0,0.5); padding:20px\">\n\t<div id=\"gap-1467273447\" class=\"gap-element clearfix\" style=\"display:block; height:auto;\">\n\t\t\n<style>\n#gap-1467273447 {\n  padding-top: 30px;\n}\n<\/style>\n\t<\/div>\n\t\n<div class=\"row\"  id=\"row-1669699461\">\n\n\t<div id=\"col-558527149\" class=\"col medium-3 large-3\"  >\n\t\t\t\t<div class=\"col-inner\"  >\n\t\t\t\n\t\t\t\n<p>&nbsp;<\/p>\n\t\t<\/div>\n\t\t\t\t\t<\/div>\n\n\t\n\n\t<div id=\"col-375300395\" class=\"col medium-6 large-6\"  >\n\t\t\t\t<div class=\"col-inner\"  >\n\t\t\t\n\t\t\t\n<div style=\"background-image:url(https:\/\/www.educazionedigitale.it\/ilfuturoerinnovabile\/wp-content\/uploads\/2020\/04\/poltrone-3.jpg); background-size:cover; margin:0 auto; position:relative; border-radius:5px; color:white; padding:35px 35px 35px 35px; width:100%;\">\n<p style=\"color:white; font-size:20px; margin-bottom:-25px; font-weight:bold; line-height:1.6;\">Vuoi <strong>COSTRUIRE le tue LEZIONI DIGITALI<\/strong> <br \/>con gli strumenti didattici di<br \/> <em>La Smart City<\/em>?&nbsp;<\/p>\n<p><a href=\"https:\/\/www.educazionedigitale.it\/classi-virtuali\/\" target=\"_blank\" rel=\"noopener noreferrer\"><\/p>\n<div class=\"classevirtualebtn\" style=\"background-color:white; width:250px; border-radius:50px; padding:10px 5px 10px 5px; color:#ff6400; border:3px solid #ff6400; text-align:center;\"><b>VAI ALLE CLASSI VIRTUALI<\/b><\/div>\n<p><\/a><\/div>\n\t\t<\/div>\n\t\t\t\t\t<\/div>\n\n\t\n\n\t<div id=\"col-103634888\" class=\"col medium-3 large-3\"  >\n\t\t\t\t<div class=\"col-inner\"  >\n\t\t\t\n\t\t\t\n<p>&nbsp;<\/p>\n\t\t<\/div>\n\t\t\t\t\t<\/div>\n\n\t\n<\/div><\/div>\n\t\t<\/div>\n\n\t\t\n<style>\n#section_747020094 {\n  padding-top: 0px;\n  padding-bottom: 0px;\n  background-color: rgb(87, 56, 255);\n}\n#section_747020094 .section-bg-overlay {\n  background-color: rgba(87, 56, 255, 0.355);\n}\n#section_747020094 .section-bg img {\n  object-position: 50% 0%;\n}\n<\/style>\n\t<\/section>\n\t\n\n\t<section class=\"section\" id=\"section_101640683\">\n\t\t<div class=\"section-bg fill\" >\n\t\t\t\t\t\t\t\t\t\n\t\t\t\n\n\t\t<\/div>\n\n\t\t\n\n\t\t<div class=\"section-content relative\">\n\t\t\t\n<div style=\"text-align: center; margin: 0 auto;\">\n<p style=\"color: #fff;\">Scopri tutti i progetti della piattaforma didattica Educazione Digitale<\/p>\n<p style=\"margin-bottom:-20px\"><a href=\"http:\/\/www.educazionedigitale.it\" target=\"_blank\" rel=\"noopener noreferrer\"><img loading=\"lazy\" decoding=\"async\" class=\"alignnone size-full wp-image-1169\" src=\"http:\/\/www.educazionedigitale.it\/didattica-english\/wp-content\/uploads\/2015\/03\/Educazione-digitale.png\" alt=\"Educazione Digitale\" width=\"220\" height=\"67\" \/><\/a><\/div>\n\n\t\t<div id=\"scarica-102991\"\n\t     class=\"lightbox-by-id lightbox-content mfp-hide lightbox-white \"\n\t     style=\"max-width:800px ;padding:20px\">\n\t\t\n\t\t        <h4>Scheda collegamenti curricolari<\/h4>\n    \n\t\t\t<div id=\"gap-1545774675\" class=\"gap-element clearfix\" style=\"display:block; height:auto;\">\n\t\t\n<style>\n#gap-1545774675 {\n  padding-top: 15px;\n}\n<\/style>\n\t<\/div>\n\t\n\t\t\t\t<meta charset=\"utf-8\">\n                    <script src=\"https:\/\/www.educazionedigitale.it\/php-custom\/language\/it.js\" type=\"text\/javascript\">\n            <\/script>\n                <script>\n            var path_principale = 'https:\/\/www.educazionedigitale.it\/enelxparcodellenergia\/';\n            var path_totale = 'https:\/\/www.educazionedigitale.it\/php-custom\/';\n            var directory = 'enelxparcodellenergia';\n            var fileid = '102991';\n            \n            function checkScarica(fileid)\n            {\n                \/\/alert('ERRORE TEMPORANEO DEL SISTEMA (CODE: '+fileid+'-'+document.getElementById('accetta'+fileid).checked+'-'+document.getElementById('nr_classi'+fileid).value+'), RIPROVARE PIU\\' TARDI');\n                \n                nc = parseInt(document.getElementById('nr_classi'+fileid).value);\n                ns = parseInt(document.getElementById('nr_studenti'+fileid).value);\n                \n                downCheck = true;\n                downCheckTxt = '';\n                \n                if(nc < 1){\n                    downCheck = false;\n                    downCheckTxt += '\\r - Il NR. di CLASSI \u00e8 INFERIORE a 1.';\n                }else if(nc > 30){\n                    downCheck = false;\n                    downCheckTxt += '\\r - Il NR. MAX. di CLASSI inseribili \u00e8 30.';\n                }\n                                \n                if(ns < 1){\n                    downCheck = false;\n                    downCheckTxt += '\\r - Il NR. di STUDENTI \u00e8 INFERIORE a 1.';\n                }else if(ns < nc){\n                    downCheck = false;\n                    downCheckTxt += '\\r - Il NR. di STUDENTI \u00e8 INFERIORE al NR. di CLASSI.';\n                }else if(ns > 1000){\n                    downCheck = false;\n                    downCheckTxt += '\\r - Il NR. MAX. di STUDENTI inseribili \u00e8 1000.';\n                }\n                \n                if(document.getElementById('accetta'+fileid).checked == false){\n                    downCheck = false;\n                    downCheckTxt += '\\r - E\\' necessario ACCETTARE i termini.';\n                }\n                \n                if(downCheck){\n\t\t\t\t\tif(document.getElementById('comm-scarica'+fileid)){\n\t\t\t\t\t\tdocument.getElementById('comm-scarica'+fileid).style.display = 'block';\n\t\t\t\t\t}\n                    document.getElementById('form1'+fileid).submit();\n                }else{\n                    alert('ATTENZIONE'+downCheckTxt);\n                }\n            }\n        <\/script>\n    \n        \n                            Esegui il\n                        \n            <a href=\"#login\" target=\"_self\" onclick=\"document.getElementById('login-auto-popup').value='scarica-102991';\" class=\"button primary custom-green\" style=\"color:#fff\">\n                LOGIN\n            <\/a>\n                <\/body>\n        <\/html>\n\t\n\t\t\t<div id=\"gap-595294699\" class=\"gap-element clearfix\" style=\"display:block; height:auto;\">\n\t\t\n<style>\n#gap-595294699 {\n  padding-top: 15px;\n}\n<\/style>\n\t<\/div>\n\t\n\t\t<\/div>\n\t\n\t\n\t\t<div id=\"comm-102991\"\n\t     class=\"lightbox-by-id lightbox-content mfp-hide lightbox-white \"\n\t     style=\"max-width:800px ;padding:20px\">\n\t\t\n\t\t        <h4>Scheda collegamenti curricolari<\/h4>\n    \n\t\t\t<div id=\"gap-1625997436\" class=\"gap-element clearfix\" style=\"display:block; height:auto;\">\n\t\t\n<style>\n#gap-1625997436 {\n  padding-top: 15px;\n}\n<\/style>\n\t<\/div>\n\t\n\t\t\t\n\t<meta charset=\"utf-8\">\n\t\t\t<script src=\"https:\/\/www.educazionedigitale.it\/php-custom\/language\/it.js\" type=\"text\/javascript\"><\/script>\n\t\t<script>\n\t\tvar path_principale = 'https:\/\/www.educazionedigitale.it\/enelxparcodellenergia\/';\n\t\tvar path_totale_comm = 'https:\/\/www.educazionedigitale.it\/php-custom\/';\n\t\tvar directory = 'enelxparcodellenergia';\n\t\tvar fileid = '102991';\n\t<\/script>\n\t<script src=\"https:\/\/www.educazionedigitale.it\/php-custom\/commenti\/js\/actions-commenti.js\"><\/script>\n\t\n\t                            Per <strong>VISUALIZZARE e LASCIARE COMMENTI<\/strong> esegui il <a href=\"#login\" target=\"_self\" onclick=\"document.getElementById('login-auto-popup').value='comm-102991';\" class=\"button primary custom-green\" style=\"color:#fff;\">LOGIN<\/a>\n            \t\t\t<br\/>\n\t\t\t<br\/>\n\t\t\n\t\t\n\t\t<\/div>\n\t\n\t\n\t\t<div id=\"voto-102991\"\n\t     class=\"lightbox-by-id lightbox-content mfp-hide lightbox-white \"\n\t     style=\"max-width:500px ;padding:20px\">\n\t\t\n\t\t        <h4>Scheda collegamenti curricolari<\/h4>\n    \n\t\t\t<div id=\"gap-661329221\" class=\"gap-element clearfix\" style=\"display:block; height:auto;\">\n\t\t\n<style>\n#gap-661329221 {\n  padding-top: 15px;\n}\n<\/style>\n\t<\/div>\n\t\n\t\t\t\n\t<meta charset=\"iso-8859-1\">\n\t\t\t<script src=\"https:\/\/www.educazionedigitale.it\/php-custom\/language\/it.js\" type=\"text\/javascript\"><\/script>\n\t\t<script>\n\t\tvar path_principale = 'https:\/\/www.educazionedigitale.it\/enelxparcodellenergia\/';\n\t\tvar path_totale_comm = 'https:\/\/www.educazionedigitale.it\/php-custom\/';\n\t\tvar directory = 'enelxparcodellenergia';\n\t\tvar fileid = '102991';\n\t<\/script>\n\t<script src=\"https:\/\/www.educazionedigitale.it\/php-custom\/voti\/js\/actions-voti.js\"><\/script>\n\t<style>\n\t\t.stars{\n\t\t\twidth:170px;\n\t\t\theight:36px;\n\t\t\toverflow:hidden;\n\t\t\tborder-radius:10px;\n\t\t\tbackground:url(https:\/\/www.educazionedigitale.it\/php-custom\/img\/rating-stars-small.png) no-repeat;\n\t\t\tborder:1px solid #ccc;\n\t\t\tmargin-bottom:5px;\n\t\t\tcursor:pointer;\n\t\t}\n\t\t.stars1{\n\t\t\tbackground-position:0 0px;\n\t\t}\n\t\t.stars2{\n\t\t\tbackground-position:0 -31px;\n\t\t}\n\t\t.stars3{\n\t\t\tbackground-position:0 -62px;\n\t\t}\n\t\t.stars4{\n\t\t\tbackground-position:0 -93px;\n\t\t}\n\t\t.stars5{\n\t\t\tbackground-position:0 -124px;\n\t\t}\n\t\t.stars-selected,\n\t\t.stars:hover{\n\t\t\tbackground-color:#F90;\n\t\t\tborder:1px solid #f60;\n\t\t}\n\t<\/style>\n\t                            Per <strong>VOTARE LA RISORSA<\/strong> esegui il <a href=\"#login\" target=\"_self\" onclick=\"document.getElementById('login-auto-popup').value='voto-102991';\" class=\"button primary custom-green\" style=\"color:#fff;\">LOGIN<\/a>\n                        <br\/>\n\t\t\t<br\/>\n\t\t\n\t\t<\/div>\n\t\n\t\n\t\t<div id=\"invita-risorsa-102991\"\n\t     class=\"lightbox-by-id lightbox-content mfp-hide lightbox-white \"\n\t     style=\"max-width:800px ;padding:20px\">\n\t\t\n\t\t<div class=\"container section-title-container\" ><h3 class=\"section-title section-title-normal\"><b aria-hidden=\"true\"><\/b><span class=\"section-title-main\" >Invita un collega a utilizzare &quot;Scheda collegamenti curricolari&quot;<\/span><b aria-hidden=\"true\"><\/b><\/h3><\/div>    \n\t<meta charset=\"utf-8\">\n\t\n    \t\t<p align=\"center\">Esegui il <a class=\"button button-primary custom-green\" href=\"#login\">LOGIN<\/a><\/p>\n\t\n\t\t<\/div>\n\t\n\t\n\t\t\t<div id=\"rispondi-102991\"\n\t     class=\"lightbox-by-id lightbox-content mfp-hide lightbox-white \"\n\t     style=\"max-width:800px ;padding:20px\">\n\t\t\n\t\t\t        <h4>Scheda collegamenti curricolari<\/h4>\n    \n\t\t\t\t<div id=\"gap-1889421392\" class=\"gap-element clearfix\" style=\"display:block; height:auto;\">\n\t\t\n<style>\n#gap-1889421392 {\n  padding-top: 15px;\n}\n<\/style>\n\t<\/div>\n\t\n\t\t\t<div style=\"padding:50px;background:#faa;text-align:center;\">\n\t\t\t\t<h1 style=\"color:#900;\">ERRORE. ELEMENTO ID \"102991\/102991\" INESISTENTE.<\/h1>\n\t\t\t\t<p style=\"color:#444;\"><b>RIVOLGITI A NOI<\/b> per risolvere il problema <a href=\"..\/contatti\" target=\"_blank\" style=\"color:#900;\"><b>CLICCANDI QUI<\/b><\/a><\/p>\n\t\t\t<\/div>\n\t\t\t<\/div>\n\t\n\t\t\n\t<a \tid=\"autopopup-scarica-102991\"\thref=\"#scarica-102991\"><\/a>\n\t<a \tid=\"autopopup-comm-102991\"\t\thref=\"#comm-102991\"><\/a>\n\t<a \tid=\"autopopup-voto-102991\" \t\thref=\"#voto-102991\"><\/a>\n\t<a \tid=\"autopopup-rispondi-102991\"\thref=\"#rispondi-102991\"><\/a>\n\t\n\t\n\t\t<\/div>\n\n\t\t\n<style>\n#section_101640683 {\n  padding-top: 0;\n  padding-bottom: 0;\n  margin-bottom: 0px;\n  background-color: #333;\n}\n<\/style>\n\t<\/section>\n\t\n\t<div id=\"invita\"\n\t     class=\"lightbox-by-id lightbox-content mfp-hide lightbox-white \"\n\t     style=\"max-width:800px ;padding:20px\">\n\t\t<div class=\"container section-title-container\" ><h3 class=\"section-title section-title-normal\"><b aria-hidden=\"true\"><\/b><span class=\"section-title-main\" >Invita un collega<\/span><b aria-hidden=\"true\"><\/b><\/h3><\/div><div class=\"container section-title-container\" ><h3 class=\"section-title section-title-normal\"><b aria-hidden=\"true\"><\/b><span class=\"section-title-main\" >Invita una\/un collega a registrarsi a &quot;La Smart City&quot;<\/span><b aria-hidden=\"true\"><\/b><\/h3><\/div>    \n\t<meta charset=\"utf-8\">\n\t\n    <p style=\"text-align:justify;\">\n                    <a style=\"color:var(--primary-color)\"><b>INVITA COLLEGHE e COLLEGHI<\/b><\/a> a iscriversi al percorso <a style=\"color:var(--primary-color)\"><b>\"La Smart City\"<\/b><\/a> di  Educazione Digitale e seleziona gli argomenti per cui pensi possa essere importante la loro partecipazione.<br \/>\n            Potrete lavorare insieme per costruire interessanti lezioni interdisciplinari.<br \/>\n            Inoltre, <a style=\"color:var(--primary-color)\"><b>pi\u00f9 colleghe\/i si iscriveranno grazie a te<\/b><\/a>, maggiori saranno i <a style=\"color:var(--primary-color)\"><b>vantaggi riservati<\/b><\/a> sul nostro shop!\n            <\/p>\n\t\n    \t\t<p align=\"center\">\n                            Esegui il <a class=\"button button-primary custom-green\" href=\"#login\">LOGIN<\/a>\n                    <\/p>\n\t\t<\/div>\n\t\n\t\n","protected":false},"excerpt":{"rendered":"","protected":false},"author":1,"featured_media":0,"parent":0,"menu_order":0,"comment_status":"closed","ping_status":"closed","template":"page-blank.php","meta":{"_monsterinsights_skip_tracking":false,"_monsterinsights_sitenote_active":false,"_monsterinsights_sitenote_note":"","_monsterinsights_sitenote_category":0,"footnotes":""},"class_list":["post-2","page","type-page","status-publish","hentry"],"_links":{"self":[{"href":"https:\/\/www.educazionedigitale.it\/enelxparcodellenergia\/wp-json\/wp\/v2\/pages\/2","targetHints":{"allow":["GET"]}}],"collection":[{"href":"https:\/\/www.educazionedigitale.it\/enelxparcodellenergia\/wp-json\/wp\/v2\/pages"}],"about":[{"href":"https:\/\/www.educazionedigitale.it\/enelxparcodellenergia\/wp-json\/wp\/v2\/types\/page"}],"author":[{"embeddable":true,"href":"https:\/\/www.educazionedigitale.it\/enelxparcodellenergia\/wp-json\/wp\/v2\/users\/1"}],"replies":[{"embeddable":true,"href":"https:\/\/www.educazionedigitale.it\/enelxparcodellenergia\/wp-json\/wp\/v2\/comments?post=2"}],"version-history":[{"count":3,"href":"https:\/\/www.educazionedigitale.it\/enelxparcodellenergia\/wp-json\/wp\/v2\/pages\/2\/revisions"}],"predecessor-version":[{"id":5516,"href":"https:\/\/www.educazionedigitale.it\/enelxparcodellenergia\/wp-json\/wp\/v2\/pages\/2\/revisions\/5516"}],"wp:attachment":[{"href":"https:\/\/www.educazionedigitale.it\/enelxparcodellenergia\/wp-json\/wp\/v2\/media?parent=2"}],"curies":[{"name":"wp","href":"https:\/\/api.w.org\/{rel}","templated":true}]}}