{"id":531,"date":"2015-03-13T15:30:41","date_gmt":"2015-03-13T14:30:41","guid":{"rendered":"http:\/\/www.educazionedigitale.it\/lacostituzioneapertaatutti\/?page_id=531"},"modified":"2023-09-22T11:41:41","modified_gmt":"2023-09-22T09:41:41","slug":"il-progetto","status":"publish","type":"page","link":"https:\/\/www.educazionedigitale.it\/lacostituzioneapertaatutti\/il-progetto\/","title":{"rendered":"Il progetto"},"content":{"rendered":"\n  <div class=\"banner has-hover banner-home\" id=\"banner-1227201485\">\n          <div class=\"banner-inner fill\">\n        <div class=\"banner-bg fill\" >\n            <img loading=\"lazy\" decoding=\"async\" width=\"1020\" height=\"133\" src=\"https:\/\/www.educazionedigitale.it\/lacostituzioneapertaatutti\/wp-content\/uploads\/2021\/06\/bannerint1-1600x208.png\" class=\"bg attachment-large size-large\" alt=\"\" \/>                                    \n                    <\/div>\n\t\t\n        <div class=\"banner-layers container\">\n            <div class=\"fill banner-link\"><\/div>            \n   <div id=\"text-box-1310682101\" class=\"text-box banner-layer x50 md-x50 lg-x50 y90 md-y90 lg-y90 res-text\">\n                     <div data-animate=\"fadeInLeft\">           <div class=\"text-box-content text dark\">\n              \n              <div class=\"text-inner text-center\">\n                  \n              <\/div>\n           <\/div>\n       <\/div>                     \n<style>\n#text-box-1310682101 {\n  width: 60%;\n}\n#text-box-1310682101 .text-box-content {\n  font-size: 100%;\n}\n@media (min-width:550px) {\n  #text-box-1310682101 {\n    width: 80%;\n  }\n}\n<\/style>\n    <\/div>\n \n        <\/div>\n      <\/div>\n\n            \n<style>\n#banner-1227201485 {\n  padding-top: 250px;\n}\n<\/style>\n  <\/div>\n\n\n\t<div id=\"gap-1749469988\" class=\"gap-element clearfix\" style=\"display:block; height:auto;\">\n\t\t\n<style>\n#gap-1749469988 {\n  padding-top: 20px;\n}\n<\/style>\n\t<\/div>\n\t\n\t<div id=\"gap-1844422943\" class=\"gap-element clearfix\" style=\"display:block; height:auto;\">\n\t\t\n<style>\n#gap-1844422943 {\n  padding-top: 40px;\n}\n<\/style>\n\t<\/div>\n\t\n<div class=\"row\"  id=\"row-650609826\">\n\n\t<div id=\"col-748884723\" class=\"col large-12\"  data-animate=\"fadeInDown\">\n\t\t\t\t<div class=\"col-inner\"  >\n\t\t\t\n\t\t\t\n<p style=\"text-align: justify; margin-bottom: 20px;\">\u201cLa Costituzione\u2026 aperta a tutti\u201d \u00e8 un <strong>laboratorio permanente di partecipazione e di educazione alla Cittadinanza attiva,<\/strong> a cura di grandi Maestri del Diritto e da giovani studiosi di Diritto costituzionale sui princ\u00ecpi della Costituzione repubblicana, con l\u2019obiettivo di sviluppare una coscienza critica e una partecipazione consapevole dei giovani studenti alla vita pubblica, in rapporto a diritti e doveri costituzionalmente garantiti.<\/p>\n\t\t<\/div>\n\t\t\t\t\t<\/div>\n\n\t\n\n\t<div id=\"col-201734609\" class=\"col large-12\"  data-animate=\"fadeInUp\">\n\t\t\t\t<div class=\"col-inner text-left\"  >\n\t\t\t\n\t\t\t\n<h2><span style=\"color: #222020;\">Obiettivi del progetto<\/span><\/h2>\n<div style=\"height: 3px; width: 100%; border-radius: 20px; background: #9bc5c9;\"><\/div>\n\t<div id=\"gap-953967454\" class=\"gap-element clearfix\" style=\"display:block; height:auto;\">\n\t\t\n<style>\n#gap-953967454 {\n  padding-top: 16px;\n}\n<\/style>\n\t<\/div>\n\t\n<p style=\"text-align: justify;\">Gli obiettivi didattici e formativi di questa iniziativa formativa puntano a:<\/p>\n<ul style=\"text-align: justify; color: black;\">\n<li>favorire la conoscenza di base dei valori repubblicani e la maturazione di una consapevole cultura costituzionale da parte degli studenti, stimolando la riflessione sui principi costituzionali;<\/li>\n<li>creare nuovi strumenti per trasmettere questi principi in un contesto di educazione peer to peer;<\/li>\n<li>ricercare i diritti di nuova generazione, partendo dalla storia della Costituzione;<\/li>\n<li>ricercare nella vita di tutti i giorni l\u2019esistenza e l\u2019importanza di concetti espressi nel testo costituzionale;<\/li>\n<li>promuovere un apprendimento di tipo esperienziale favorito dall\u2019impiego di metodologie didattiche innovative;<\/li>\n<\/ul>\n<div class=\"row align-middle align-center\"  id=\"row-1018471129\">\n\n\t<div id=\"col-570904799\" class=\"col medium-4 small-12 large-4\"  data-animate=\"blurIn\">\n\t\t\t\t<div class=\"col-inner\"  >\n\t\t\t\n\t\t\t\n\t<div class=\"img has-hover x md-x lg-x y md-y lg-y\" id=\"image_1344551455\">\n\t\t\t\t\t\t\t\t<div class=\"img-inner image-cover dark\" style=\"padding-top:190px;margin:3px 0px 0px 0px;\">\n\t\t\t<img loading=\"lazy\" decoding=\"async\" width=\"1020\" height=\"508\" src=\"https:\/\/www.educazionedigitale.it\/lacostituzioneapertaatutti\/wp-content\/uploads\/2021\/06\/pro1-1600x797.jpg\" class=\"attachment-large size-large\" alt=\"\" srcset=\"https:\/\/www.educazionedigitale.it\/lacostituzioneapertaatutti\/wp-content\/uploads\/2021\/06\/pro1-1600x797.jpg 1600w, https:\/\/www.educazionedigitale.it\/lacostituzioneapertaatutti\/wp-content\/uploads\/2021\/06\/pro1-800x399.jpg 800w, https:\/\/www.educazionedigitale.it\/lacostituzioneapertaatutti\/wp-content\/uploads\/2021\/06\/pro1-768x383.jpg 768w, https:\/\/www.educazionedigitale.it\/lacostituzioneapertaatutti\/wp-content\/uploads\/2021\/06\/pro1-1536x765.jpg 1536w, https:\/\/www.educazionedigitale.it\/lacostituzioneapertaatutti\/wp-content\/uploads\/2021\/06\/pro1-2048x1021.jpg 2048w\" sizes=\"auto, (max-width: 1020px) 100vw, 1020px\" \/>\t\t\t\t\t\t\n\t\t\t\t\t<\/div>\n\t\t\t\t\t\t\t\t\n<style>\n#image_1344551455 {\n  width: 100%;\n}\n<\/style>\n\t<\/div>\n\t\n\t\t<\/div>\n\t\t\t\t\t<\/div>\n\n\t\n\n\t<div id=\"col-1189258615\" class=\"col medium-8 small-12 large-8\"  >\n\t\t\t\t<div class=\"col-inner\"  >\n\t\t\t\n\t\t\t\n<ul style=\"text-align: justify; color: black;\">\n<li>connettere le diverse esperienze, culture e sensibilit\u00e0, confrontandole da pari a pari con i colleghi;<\/li>\n<li>sviluppare l\u2019autonomia e stimolare le studentesse e gli studenti al dialogo e al confronto;<\/li>\n<li>accelerare il processo di implementazione delle competenze trasversali;<\/li>\n<li>sviluppare un\u2019intelligenza collettiva.<\/li>\n<\/ul>\n\t\t<\/div>\n\t\t\t\t\n<style>\n#col-1189258615 > .col-inner {\n  margin: -33px 0px -50px 0px;\n}\n<\/style>\n\t<\/div>\n\n\t\n<\/div>\n\t\t<\/div>\n\t\t\t\t\n<style>\n#col-201734609 > .col-inner {\n  margin: -10px 0px -11px 0px;\n}\n<\/style>\n\t<\/div>\n\n\t\n<\/div>\n\n\t<section class=\"section\" id=\"section_650657797\">\n\t\t<div class=\"section-bg fill\" >\n\t\t\t\t\t\t\t\t\t\n\t\t\t\n\n\t\t<\/div>\n\n\t\t\n\n\t\t<div class=\"section-content relative\">\n\t\t\t\n<div class=\"row\"  id=\"row-1260272695\">\n\n\t<div id=\"col-1626389907\" class=\"col small-12 large-12\"  data-animate=\"fadeInLeft\">\n\t\t\t\t<div class=\"col-inner\"  >\n\t\t\t\n\t\t\t\n<h2><span style=\"color: #222020;\">A chi \u00e8 rivolto il progetto<\/span><\/h2>\n<div style=\"height: 3px; width: 100%; border-radius: 20px; background: #9bc5c9;\"><\/div>\n\t<div id=\"gap-1427589384\" class=\"gap-element clearfix\" style=\"display:block; height:auto;\">\n\t\t\n<style>\n#gap-1427589384 {\n  padding-top: 10px;\n}\n<\/style>\n\t<\/div>\n\t\n\t<div id=\"gap-2124650618\" class=\"gap-element clearfix\" style=\"display:block; height:auto;\">\n\t\t\n<style>\n#gap-2124650618 {\n  padding-top: 15px;\n}\n<\/style>\n\t<\/div>\n\t\n<div class=\"row align-middle align-center\"  id=\"row-511507521\">\n\n\t<div id=\"col-947041873\" class=\"col medium-8 small-12 large-8\"  >\n\t\t\t\t<div class=\"col-inner\"  >\n\t\t\t\n\t\t\t\n<p style=\"text-align: justify; margin-bottom: 10px;\">La piattaforma <strong>\u201cLa Costituzione\u2026 aperta a tutti<\/strong>\u201d si rivolge:<\/p>\n<ul style=\"text-align: justify; color: black;\">\n<li>a tutti gli insegnanti intenzionati ad <strong>avviare, nelle proprie classi, a partire da ottobre 2023, un percorso di <a href=\"https:\/\/www.educazionedigitale.it\/lacostituzioneapertaatutti\/educazione-civica\/\"><span style=\"color: #108690;\">EDUCAZIONE CIVICA<\/span><\/a><\/strong>, videoregistrazioni degli eventi in presenza e documenti integrativi gratuiti;<\/li>\n<li>a tutti gli insegnanti intenzionati a <strong>potenziare il proprio sapere<\/strong> in materia costituzionale, mediante gli strumenti disponibili nella sezione<strong> <a href=\"https:\/\/www.educazionedigitale.it\/lacostituzioneapertaatutti\/gli-strumenti\/\"><span style=\"color: #108690;\">RISORSE PER DOCENTI<\/span><\/a><\/strong>.<\/li>\n<\/ul>\n\t\t<\/div>\n\t\t\t\t\t<\/div>\n\n\t\n\n\t<div id=\"col-329023018\" class=\"col medium-4 small-12 large-4\"  data-animate=\"blurIn\">\n\t\t\t\t<div class=\"col-inner\"  >\n\t\t\t\n\t\t\t\n\t<div class=\"img has-hover x md-x lg-x y md-y lg-y\" id=\"image_648967482\">\n\t\t\t\t\t\t\t\t<div class=\"img-inner image-cover dark\" style=\"padding-top:265px;\">\n\t\t\t<img loading=\"lazy\" decoding=\"async\" width=\"1020\" height=\"1209\" src=\"https:\/\/www.educazionedigitale.it\/lacostituzioneapertaatutti\/wp-content\/uploads\/2021\/06\/pro3-1350x1600.jpg\" class=\"attachment-large size-large\" alt=\"\" srcset=\"https:\/\/www.educazionedigitale.it\/lacostituzioneapertaatutti\/wp-content\/uploads\/2021\/06\/pro3-1350x1600.jpg 1350w, https:\/\/www.educazionedigitale.it\/lacostituzioneapertaatutti\/wp-content\/uploads\/2021\/06\/pro3-675x800.jpg 675w, https:\/\/www.educazionedigitale.it\/lacostituzioneapertaatutti\/wp-content\/uploads\/2021\/06\/pro3-768x910.jpg 768w, https:\/\/www.educazionedigitale.it\/lacostituzioneapertaatutti\/wp-content\/uploads\/2021\/06\/pro3-1296x1536.jpg 1296w, https:\/\/www.educazionedigitale.it\/lacostituzioneapertaatutti\/wp-content\/uploads\/2021\/06\/pro3-1728x2048.jpg 1728w\" sizes=\"auto, (max-width: 1020px) 100vw, 1020px\" \/>\t\t\t\t\t\t\n\t\t\t\t\t<\/div>\n\t\t\t\t\t\t\t\t\n<style>\n#image_648967482 {\n  width: 100%;\n}\n<\/style>\n\t<\/div>\n\t\n\t\t<\/div>\n\t\t\t\t\t<\/div>\n\n\t\n<\/div>\n<h2><span style=\"color: #222020;\">I referenti del progetto<\/span><\/h2>\n<div style=\"height: 3px; width: 100%; border-radius: 20px; background: #9bc5c9;\"><\/div>\n\t<div id=\"gap-546109230\" class=\"gap-element clearfix\" style=\"display:block; height:auto;\">\n\t\t\n<style>\n#gap-546109230 {\n  padding-top: 36px;\n}\n<\/style>\n\t<\/div>\n\t\n<div class=\"row align-middle align-center\"  id=\"row-1654388064\">\n\n\t<div id=\"col-432050762\" class=\"col medium-4 small-12 large-4\"  data-animate=\"blurIn\">\n\t\t\t\t<div class=\"col-inner\"  >\n\t\t\t\n\t\t\t\n\t<div class=\"img has-hover x md-x lg-x y md-y lg-y\" id=\"image_69336742\">\n\t\t\t\t\t\t\t\t<div class=\"img-inner image-cover dark\" style=\"padding-top:218px;margin:-5px 0px 0px 0px;\">\n\t\t\t<img loading=\"lazy\" decoding=\"async\" width=\"2560\" height=\"2208\" src=\"https:\/\/www.educazionedigitale.it\/lacostituzioneapertaatutti\/wp-content\/uploads\/2021\/06\/pro7-scaled.jpg\" class=\"attachment-original size-original\" alt=\"\" srcset=\"https:\/\/www.educazionedigitale.it\/lacostituzioneapertaatutti\/wp-content\/uploads\/2021\/06\/pro7-scaled.jpg 2560w, https:\/\/www.educazionedigitale.it\/lacostituzioneapertaatutti\/wp-content\/uploads\/2021\/06\/pro7-800x690.jpg 800w, https:\/\/www.educazionedigitale.it\/lacostituzioneapertaatutti\/wp-content\/uploads\/2021\/06\/pro7-1600x1380.jpg 1600w, https:\/\/www.educazionedigitale.it\/lacostituzioneapertaatutti\/wp-content\/uploads\/2021\/06\/pro7-768x662.jpg 768w, https:\/\/www.educazionedigitale.it\/lacostituzioneapertaatutti\/wp-content\/uploads\/2021\/06\/pro7-1536x1325.jpg 1536w, https:\/\/www.educazionedigitale.it\/lacostituzioneapertaatutti\/wp-content\/uploads\/2021\/06\/pro7-2048x1767.jpg 2048w\" sizes=\"auto, (max-width: 2560px) 100vw, 2560px\" \/>\t\t\t\t\t\t\n\t\t\t\t\t<\/div>\n\t\t\t\t\t\t\t\t\n<style>\n#image_69336742 {\n  width: 100%;\n}\n<\/style>\n\t<\/div>\n\t\n\t\t<\/div>\n\t\t\t\t\t<\/div>\n\n\t\n\n\t<div id=\"col-1784109778\" class=\"col medium-8 small-12 large-8\"  >\n\t\t\t\t<div class=\"col-inner\"  >\n\t\t\t\n\t\t\t\n<p style=\"text-align: justify; margin-top: 0px;\"><strong>Dipartimento di Giurisprudenza dell\u2019Universit\u00e0 Roma TRE<\/strong><br \/>\nProf. Marco Ruotolo, Ordinario di Diritto costituzionale presso il Dipartimento<br \/> di Giurisprudenza;<br \/>\nDott.ssa Marta Caredda, Dottoressa di ricerca (PhD) in Diritto costituzionale.<\/p>\n<p style=\"text-align: justify; margin-top: 0px;\"><strong>Giuffr\u00e8 Francis Lefebvre<\/strong><br \/>\nUno dei maggiori attori italiani nel campo dell\u2019editoria professionale.<\/p>\n\t\t<\/div>\n\t\t\t\t\n<style>\n#col-1784109778 > .col-inner {\n  margin: 20px 0px 0px 0px;\n}\n<\/style>\n\t<\/div>\n\n\t\n<\/div>\n<p><!--\n<\/p>\n\n\n\n\n\n\n<\/p>\n\n\n\n\n<\/p>\n\n\n&#091;ux_text text_align=\"center\"&#093;\n\n\n\n<div style=\"text-align: center;\">\n\n\n<p style=\"margin-bottom: 0px;\">Per<strong> informazioni specifiche sui CONTENUTI del progetto:<\/strong><\/p>\n\n\n&#091;button style=\"custom-green\" link=\"mailto:marina.difoggia.c@luigieinaudiroma.it,innovation-digitalopennetwork@luigieinaudiroma.it,marco.ruotolo@uniroma3.it,marta.caredda@uniroma3.it\" text=\"clicchi qui\"&#093;<\/div>\n\n\n&#091;\/ux_text&#093;\n\n\n<p>--><\/p>\n\t\t<\/div>\n\t\t\t\t\t<\/div>\n\n\t\n<\/div>\n\t\t<\/div>\n\n\t\t\n<style>\n#section_650657797 {\n  padding-top: 0px;\n  padding-bottom: 0px;\n}\n<\/style>\n\t<\/section>\n\t\n\n\t<section class=\"section\" id=\"section_1350340635\">\n\t\t<div class=\"section-bg fill\" >\n\t\t\t\t\t\t\t\t\t\n\t\t\t\n\n\t\t<\/div>\n\n\t\t\n\n\t\t<div class=\"section-content relative\">\n\t\t\t\n<div class=\"row\"  id=\"row-2120452931\">\n\n\t<div id=\"col-1214866664\" class=\"col small-12 large-12\"  data-animate=\"bounceIn\">\n\t\t\t\t<div class=\"col-inner\"  >\n\t\t\t\n\t\t\t\n\t<div id=\"gap-2002663663\" class=\"gap-element clearfix\" style=\"display:block; height:auto;\">\n\t\t\n<style>\n#gap-2002663663 {\n  padding-top: 30px;\n}\n<\/style>\n\t<\/div>\n\t\n<p style=\"text-align: center; color: #108690; font-size: 140%; margin-bottom: 10px;\"><strong><span style=\"text-transform: uppercase; font-size: 130%;\">Nota importante!<\/span><\/strong><\/p>\n<p style=\"text-align: justify; color: #108690;\">A tutti coloro che completeranno le attivit\u00e0 formative sar\u00e0 rilasciato un attestato di positiva valutazione, che arricchir\u00e0 il curriculum e che potr\u00e0 essere valutato dal proprio Dirigente Scolastico ai fini dell\u2019acquisizione di conoscenze per la disciplina \u201cEducazione civica\u201d. Le studentesse e gli studenti che avranno positivamente concluso il percorso formativo, inoltre, <strong>potranno iscriversi ai corsi di laurea proposti dal Dipartimento di Giurisprudenza dell\u2019Universit\u00e0 Roma TRE senza dover sostenere il test d\u2019ingresso.<\/strong> A tale fine sar\u00e0 necessaria l\u2019iscrizione nel sistema GOMP, secondo modalit\u00e0 che saranno indicate dall\u2019Universit\u00e0 stessa.<\/p>\n<p><!--\n\n\n\n\n\n\n\n\n<p style=\"text-align: center; color: #108690; margin-bottom:0px\"><strong>Per eventuali ulteriori informazioni specifiche a riguardo:<\/strong><\/p>\n\n\n\n\n\n\n\n\n<\/p>\n\n\n\n\n\n\n<\/p>\n\n\n\n\n<\/p>\n\n\n&#091;button text=\"clicchi qui\" style=\"custom-green\" link=\"mailto:pcto.giurisprudenza@uniroma3.it,marina.difoggia.c@luigieinaudiroma.it\"&#093;\n\n\n\n<p>--><\/p>\n\t\t<\/div>\n\t\t\t\t\t<\/div>\n\n\t\n<\/div>\n\t\t<\/div>\n\n\t\t\n<style>\n#section_1350340635 {\n  padding-top: 0px;\n  padding-bottom: 0px;\n  background-color: rgba(237, 203, 107, 0.273);\n}\n<\/style>\n\t<\/section>\n\t\n\t<div id=\"gap-628649164\" class=\"gap-element clearfix\" style=\"display:block; height:auto;\">\n\t\t\n<style>\n#gap-628649164 {\n  padding-top: 57px;\n}\n<\/style>\n\t<\/div>\n\t\n","protected":false},"excerpt":{"rendered":"","protected":false},"author":1,"featured_media":0,"parent":0,"menu_order":0,"comment_status":"closed","ping_status":"open","template":"page-blank.php","meta":{"_monsterinsights_skip_tracking":false,"_monsterinsights_sitenote_active":false,"_monsterinsights_sitenote_note":"","_monsterinsights_sitenote_category":0,"footnotes":""},"class_list":["post-531","page","type-page","status-publish","hentry"],"_links":{"self":[{"href":"https:\/\/www.educazionedigitale.it\/lacostituzioneapertaatutti\/wp-json\/wp\/v2\/pages\/531","targetHints":{"allow":["GET"]}}],"collection":[{"href":"https:\/\/www.educazionedigitale.it\/lacostituzioneapertaatutti\/wp-json\/wp\/v2\/pages"}],"about":[{"href":"https:\/\/www.educazionedigitale.it\/lacostituzioneapertaatutti\/wp-json\/wp\/v2\/types\/page"}],"author":[{"embeddable":true,"href":"https:\/\/www.educazionedigitale.it\/lacostituzioneapertaatutti\/wp-json\/wp\/v2\/users\/1"}],"replies":[{"embeddable":true,"href":"https:\/\/www.educazionedigitale.it\/lacostituzioneapertaatutti\/wp-json\/wp\/v2\/comments?post=531"}],"version-history":[{"count":3,"href":"https:\/\/www.educazionedigitale.it\/lacostituzioneapertaatutti\/wp-json\/wp\/v2\/pages\/531\/revisions"}],"predecessor-version":[{"id":5867,"href":"https:\/\/www.educazionedigitale.it\/lacostituzioneapertaatutti\/wp-json\/wp\/v2\/pages\/531\/revisions\/5867"}],"wp:attachment":[{"href":"https:\/\/www.educazionedigitale.it\/lacostituzioneapertaatutti\/wp-json\/wp\/v2\/media?parent=531"}],"curies":[{"name":"wp","href":"https:\/\/api.w.org\/{rel}","templated":true}]}}