{"id":5983,"date":"2024-10-22T16:14:12","date_gmt":"2024-10-22T14:14:12","guid":{"rendered":"https:\/\/www.educazionedigitale.it\/lamagnificafabbrica\/?page_id=5983"},"modified":"2024-10-22T16:19:39","modified_gmt":"2024-10-22T14:19:39","slug":"talenti-allopera-risorsa-integrativa","status":"publish","type":"page","link":"https:\/\/www.educazionedigitale.it\/lamagnificafabbrica\/talenti-allopera-risorsa-integrativa\/","title":{"rendered":"Talenti All\u2019Opera &#8211; Risorsa Integrativa"},"content":{"rendered":"<h1>TALENTI ALL&#8217;OPERA <br \/> Risorsa Integrativa<\/h1>\n<p style=\"text-align:justify\">La Fondazione Accademia Teatro alla Scala rappresenta un punto di riferimento in ambito formativo a livello internazionale grazie a un\u2019offerta didattica che abbraccia pressoch\u00e9 tutte le professioni dello spettacolo dal vivo: artistiche, manageriali e tecniche. Ed \u00e8 un\u2019istituzione unica perch\u00e9 legata a uno dei teatri lirici pi\u00f9 famosi del mondo, il Teatro alla Scala, i cui artisti e professionisti, oltre ai maggiori esperti nel campo delle performing arts, formano il corpo docente, condividendo una metodologia d\u2019insegnamento che privilegia l\u2019attivit\u00e0 pratica, in scena e dietro le quinte. Ci\u00f2 perch\u00e9 l\u2019esperienza maturata in produzioni d\u2019opera e di balletto, concerti, esposizioni e progetti speciali, oltre a tirocini presso le maggiori istituzioni di spettacolo, assicura agli allievi le conoscenze pi\u00f9 adeguate per inserirsi nel mondo del lavoro. E questo sin dal 1813, anno in cui nasce la Scuola di Ballo, che, nel tempo, ha plasmato artisti di caratura assoluta.<br \/>\nOggi l\u2019Accademia \u00e8 divisa in quattro dipartimenti &#8211; Musica, Danza, Palcoscenico e Management \u2013 con oltre trenta corsi, fra percorsi propedeutici, di formazione, di alto perfezionamento, corsi di diploma accademico di I e di II livello afferenti all\u2019AFAM (Alta Formazione Artistica, Musicale e Coreutica) che rilasciano titoli equipollenti a quelli universitari nonch\u00e9 Master di I livello, workshop e stage estivi.\u00a0<\/p>\n<p> <video width=\"100%\" controls style=\"border-radius:15px\"><source src=\"https:\/\/www.educazionedigitale.it\/lamagnificafabbrica\/wp-content\/uploads\/2024\/10\/Video-Istituzionale-Vito-Lorusso-7-Minuti-1.mp4\" type=\"video\/mp4\"><\/video> <\/p>\n","protected":false},"excerpt":{"rendered":"\t<div id=\"gap-1512145777\" class=\"gap-element clearfix\" style=\"display:block; height:auto;\">\n\t\t\n<style>\n#gap-1512145777 {\n  padding-top: 50px;\n}\n@media (min-width:550px) {\n  #gap-1512145777 {\n    padding-top: 120px;\n  }\n}\n<\/style>\n\t<\/div>\n\t\n\n  <div class=\"banner has-hover banner-home\" id=\"banner-1830407078\">\n          <div class=\"banner-inner fill\">\n        <div class=\"banner-bg fill\" >\n            <img width=\"1772\" height=\"523\" src=\"https:\/\/www.educazionedigitale.it\/lamagnificafabbrica\/wp-content\/uploads\/2024\/06\/476073MBDG-copia-2.jpg\" class=\"bg attachment-original size-original\" alt=\"\" decoding=\"async\" loading=\"lazy\" \/>                                    \n                    <\/div>\n\t\t\n        <div class=\"banner-layers container\">\n            <div class=\"fill banner-link\"><\/div>            \n   <div id=\"text-box-587272121\" class=\"text-box banner-layer x5 md-x5 lg-x0 y50 md-y70 lg-y70 res-text\">\n                     <div data-animate=\"fadeInDown\">           <div class=\"text-box-content text \">\n              \n              <div class=\"text-inner text-right\">\n                  \n\t<div id=\"text-1676971065\" class=\"text\">\n\t\t\n<h1><span style=\"border-bottom:3px solid #CA3C42\">Modulo Formativo<\/span><\/h1>\n\t\t\n<style>\n#text-1676971065 {\n  font-size: 0.9rem;\n  text-align: left;\n  color: rgb(255,255,255);\n}\n#text-1676971065 > * {\n  color: rgb(255,255,255);\n}\n<\/style>\n\t<\/div>\n\t\n              <\/div>\n           <\/div>\n       <\/div>                     \n<style>\n#text-box-587272121 .text-inner {\n  padding: 0px 0px 0px 20px;\n}\n#text-box-587272121 {\n  width: 84%;\n}\n#text-box-587272121 .text-box-content {\n  font-size: 100%;\n}\n@media (min-width:550px) {\n  #text-box-587272121 {\n    width: 80%;\n  }\n}\n@media (min-width:850px) {\n  #text-box-587272121 {\n    width: 70%;\n  }\n}\n<\/style>\n    <\/div>\n \n        <\/div>\n      <\/div>\n\n            \n<style>\n#banner-1830407078 {\n  padding-top: 250px;\n}\n#banner-1830407078 .overlay {\n  background-color: rgba(0, 0, 0, 0.593);\n}\n#banner-1830407078 .banner-bg img {\n  object-position: 50% 5%;\n}\n<\/style>\n  <\/div>\n\n\n","protected":false},"author":6,"featured_media":0,"parent":0,"menu_order":0,"comment_status":"closed","ping_status":"closed","template":"","meta":{"_monsterinsights_skip_tracking":false,"_monsterinsights_sitenote_active":false,"_monsterinsights_sitenote_note":"","_monsterinsights_sitenote_category":0,"footnotes":""},"class_list":["post-5983","page","type-page","status-publish","hentry"],"_links":{"self":[{"href":"https:\/\/www.educazionedigitale.it\/lamagnificafabbrica\/wp-json\/wp\/v2\/pages\/5983","targetHints":{"allow":["GET"]}}],"collection":[{"href":"https:\/\/www.educazionedigitale.it\/lamagnificafabbrica\/wp-json\/wp\/v2\/pages"}],"about":[{"href":"https:\/\/www.educazionedigitale.it\/lamagnificafabbrica\/wp-json\/wp\/v2\/types\/page"}],"author":[{"embeddable":true,"href":"https:\/\/www.educazionedigitale.it\/lamagnificafabbrica\/wp-json\/wp\/v2\/users\/6"}],"replies":[{"embeddable":true,"href":"https:\/\/www.educazionedigitale.it\/lamagnificafabbrica\/wp-json\/wp\/v2\/comments?post=5983"}],"version-history":[{"count":3,"href":"https:\/\/www.educazionedigitale.it\/lamagnificafabbrica\/wp-json\/wp\/v2\/pages\/5983\/revisions"}],"predecessor-version":[{"id":5989,"href":"https:\/\/www.educazionedigitale.it\/lamagnificafabbrica\/wp-json\/wp\/v2\/pages\/5983\/revisions\/5989"}],"wp:attachment":[{"href":"https:\/\/www.educazionedigitale.it\/lamagnificafabbrica\/wp-json\/wp\/v2\/media?parent=5983"}],"curies":[{"name":"wp","href":"https:\/\/api.w.org\/{rel}","templated":true}]}}