{"id":531,"date":"2015-03-13T15:30:41","date_gmt":"2015-03-13T14:30:41","guid":{"rendered":"http:\/\/www.educazionedigitale.it\/lasostenibilitainazienda\/?page_id=531"},"modified":"2023-07-13T11:12:25","modified_gmt":"2023-07-13T09:12:25","slug":"il-percorso","status":"publish","type":"page","link":"https:\/\/www.educazionedigitale.it\/lasostenibilitainazienda\/il-percorso\/","title":{"rendered":"IL PERCORSO"},"content":{"rendered":"\n  <div class=\"banner has-hover banner-home\" id=\"banner-1341335647\">\n          <div class=\"banner-inner fill\">\n        <div class=\"banner-bg fill\" >\n            <img loading=\"lazy\" decoding=\"async\" width=\"1914\" height=\"223\" src=\"https:\/\/www.educazionedigitale.it\/lasostenibilitainazienda\/wp-content\/uploads\/2023\/07\/percorso-bn.png\" class=\"bg attachment-original size-original\" alt=\"\" \/>                                    \n                    <\/div>\n\t\t\n        <div class=\"banner-layers container\">\n            <div class=\"fill banner-link\"><\/div>            \n   <div id=\"text-box-242577521\" class=\"text-box banner-layer x50 md-x50 lg-x50 y90 md-y90 lg-y90 res-text\">\n                     <div data-animate=\"fadeInLeft\">           <div class=\"text-box-content text dark\">\n              \n              <div class=\"text-inner text-center\">\n                  \n              <\/div>\n           <\/div>\n       <\/div>                     \n<style>\n#text-box-242577521 {\n  width: 60%;\n}\n#text-box-242577521 .text-box-content {\n  font-size: 100%;\n}\n@media (min-width:550px) {\n  #text-box-242577521 {\n    width: 80%;\n  }\n}\n<\/style>\n    <\/div>\n \n        <\/div>\n      <\/div>\n\n            \n<style>\n#banner-1341335647 {\n  padding-top: 200px;\n}\n#banner-1341335647 .banner-bg img {\n  object-position: 100% 0%;\n}\n<\/style>\n  <\/div>\n\n\n\n\t<section class=\"section\" id=\"section_1995412258\">\n\t\t<div class=\"section-bg fill\" >\n\t\t\t\t\t\t\t\t\t\n\t\t\t\n\n\t\t<\/div>\n\n\t\t\n\n\t\t<div class=\"section-content relative\">\n\t\t\t\n\t<div id=\"gap-2133979965\" class=\"gap-element clearfix\" style=\"display:block; height:auto;\">\n\t\t\n<style>\n#gap-2133979965 {\n  padding-top: 4px;\n}\n<\/style>\n\t<\/div>\n\t\n<div class=\"row row-collapse align-middle align-center\"  id=\"row-261958313\">\n\n\t<div id=\"col-1573249537\" class=\"col medium-6 small-12 large-6\"  >\n\t\t\t\t<div class=\"col-inner\"  >\n\t\t\t\n\t\t\t\n\t<div class=\"img has-hover x md-x lg-x y md-y lg-y\" id=\"image_1320814804\">\n\t\t\t\t\t\t\t\t<div class=\"img-inner image-cover dark\" style=\"padding-top:243px;\">\n\t\t\t<img loading=\"lazy\" decoding=\"async\" width=\"1500\" height=\"1000\" src=\"https:\/\/www.educazionedigitale.it\/lasostenibilitainazienda\/wp-content\/uploads\/2023\/07\/team-smart-qualified-skilled-young-engineers-discussing-about-project-alternative-energy-one-them-holding-tiny-model-windmill-turbine.jpg\" class=\"attachment-original size-original\" alt=\"\" srcset=\"https:\/\/www.educazionedigitale.it\/lasostenibilitainazienda\/wp-content\/uploads\/2023\/07\/team-smart-qualified-skilled-young-engineers-discussing-about-project-alternative-energy-one-them-holding-tiny-model-windmill-turbine.jpg 1500w, https:\/\/www.educazionedigitale.it\/lasostenibilitainazienda\/wp-content\/uploads\/2023\/07\/team-smart-qualified-skilled-young-engineers-discussing-about-project-alternative-energy-one-them-holding-tiny-model-windmill-turbine-800x533.jpg 800w, https:\/\/www.educazionedigitale.it\/lasostenibilitainazienda\/wp-content\/uploads\/2023\/07\/team-smart-qualified-skilled-young-engineers-discussing-about-project-alternative-energy-one-them-holding-tiny-model-windmill-turbine-768x512.jpg 768w\" sizes=\"auto, (max-width: 1500px) 100vw, 1500px\" \/>\t\t\t\t\t\t\n\t\t\t\t\t<\/div>\n\t\t\t\t\t\t\t\t\n<style>\n#image_1320814804 {\n  width: 100%;\n}\n@media (min-width:550px) {\n  #image_1320814804 {\n    width: 100%;\n  }\n}\n<\/style>\n\t<\/div>\n\t\n\t\t<\/div>\n\t\t\t\t\n<style>\n#col-1573249537 > .col-inner {\n  padding: 10px 10px 10px 10px;\n}\n<\/style>\n\t<\/div>\n\n\t\n\n\t<div id=\"col-971668611\" class=\"col medium-6 small-12 large-6\"  >\n\t\t\t\t<div class=\"col-inner\"  >\n\t\t\t\n\t\t\t\n\t<div id=\"text-1436828844\" class=\"text\">\n\t\t\n<p style=\"text-align: justify; margin-left:0px; margin-top: 20px;\">L\u2019Agenda 2030 per lo Sviluppo Sostenibile \u00e8 un programma trasversale d\u2019azione per le persone, il Pianeta e la prosperit\u00e0 presente e delle generazioni future, sottoscritto nel settembre 2015 dai governi dei 193 Paesi membri dell\u2019ONU.<br \/>I 17 Obiettivi individuati sono stati pensati per invertire la rotta che, da decenni, stiamo percorrendo e che rende la nostra presenza e le nostre attivit\u00e0 insostenibili per il Pianeta: crisi climatica, inquinamento, esaurimento delle risorse naturali sono solo alcune delle conseguenze che il nostro agire sta portando alle generazioni presenti e future.<\/p>\n\t\t\n<style>\n#text-1436828844 {\n  text-align: left;\n}\n<\/style>\n\t<\/div>\n\t\n\t\t<\/div>\n\t\t\t\t\n<style>\n#col-971668611 > .col-inner {\n  padding: 10px 10px 10px 10px;\n}\n<\/style>\n\t<\/div>\n\n\t\n<\/div>\n<div class=\"row row-collapse align-middle align-center\"  id=\"row-609184903\">\n\n\t<div id=\"col-375369349\" class=\"col small-12 large-12\"  data-animate=\"fadeInLeft\">\n\t\t\t\t<div class=\"col-inner\"  >\n\t\t\t\n\t\t\t\n<p style=\"text-align: justify; margin-left:0\">La nuova rotta verso cui virare \u00e8 quella della <strong>sostenibilit\u00e0: <\/strong>cittadini, istituzioni nazionali e internazionali, aziende e imprese, tutti siamo chiamati a riplasmare abitudini e comportamenti, sviluppando un modus operandi la cui bussola possa essere la creazione di valore condiviso, per le persone e per il Pianeta.<\/br><br \/>\nLa sostenibilit\u00e0 \u00e8 oggi una vera e propria <strong>professionalit\u00e0, al servizio del bene comune e della competitivit\u00e0 aziendale,<\/strong> e le figure che vi ruotano attorno, sempre pi\u00f9 richieste e necessarie nelle aziende, necessitano non solo di una <strong>formazione adeguata, ma anche di riconoscimento e rappresentanza.<\/strong><\/p>\n\t\t<\/div>\n\t\t\t\t\n<style>\n#col-375369349 > .col-inner {\n  padding: 10px 10px 10px 10px;\n}\n<\/style>\n\t<\/div>\n\n\t\n<\/div>\n<div class=\"row row-collapse align-middle align-center\"  id=\"row-1598142837\">\n\n\t<div id=\"col-546076982\" class=\"col medium-6 small-12 large-6\"  >\n\t\t\t\t<div class=\"col-inner\"  >\n\t\t\t\n\t\t\t\n<p style=\"text-align: justify; margin-right:0px\">Tra gli obiettivi del network <a href=\"https:\/\/www.sustainability-makers.it\/\" target=\"_blank\" rel=\"noopener\"><strong> Sustainability Makers<\/strong><\/a> ci sono anche i seguenti: divulgare l\u2019importanza delle professioni legate al raggiungimento degli obiettivi di sviluppo sostenibili, coinvolgendo le scuole e le nuove generazioni grazie al FSL gratuito <strong><em>La sostenibilit\u00e0 in azienda e il mestiere del Sustainability Manager.<\/em><\/strong><\/p>\n\t\t<\/div>\n\t\t\t\t\n<style>\n#col-546076982 > .col-inner {\n  padding: 0px 10px 10px 10px;\n}\n<\/style>\n\t<\/div>\n\n\t\n\n\t<div id=\"col-2005557814\" class=\"col hide-for-small medium-6 small-12 large-6\"  data-animate=\"fadeInRight\">\n\t\t\t\t<div class=\"col-inner\"  >\n\t\t\t\n\t\t\t\n\t<div class=\"img has-hover hide-for-small x md-x lg-x y md-y lg-y\" id=\"image_964444703\">\n\t\t\t\t\t\t\t\t<div class=\"img-inner image-cover dark\" style=\"padding-top:132px;margin:0px -10px 0px 0px;\">\n\t\t\t<img loading=\"lazy\" decoding=\"async\" width=\"1500\" height=\"1500\" src=\"https:\/\/www.educazionedigitale.it\/lasostenibilitainazienda\/wp-content\/uploads\/2023\/07\/elevated-view-businesspeople-analyzing-graph-desk.jpg\" class=\"attachment-original size-original\" alt=\"\" srcset=\"https:\/\/www.educazionedigitale.it\/lasostenibilitainazienda\/wp-content\/uploads\/2023\/07\/elevated-view-businesspeople-analyzing-graph-desk.jpg 1500w, https:\/\/www.educazionedigitale.it\/lasostenibilitainazienda\/wp-content\/uploads\/2023\/07\/elevated-view-businesspeople-analyzing-graph-desk-800x800.jpg 800w, https:\/\/www.educazionedigitale.it\/lasostenibilitainazienda\/wp-content\/uploads\/2023\/07\/elevated-view-businesspeople-analyzing-graph-desk-340x340.jpg 340w, https:\/\/www.educazionedigitale.it\/lasostenibilitainazienda\/wp-content\/uploads\/2023\/07\/elevated-view-businesspeople-analyzing-graph-desk-768x768.jpg 768w\" sizes=\"auto, (max-width: 1500px) 100vw, 1500px\" \/>\t\t\t\t\t\t\n\t\t\t\t\t<\/div>\n\t\t\t\t\t\t\t\t\n<style>\n#image_964444703 {\n  width: 100%;\n}\n@media (min-width:550px) {\n  #image_964444703 {\n    width: 100%;\n  }\n}\n<\/style>\n\t<\/div>\n\t\n\t\t<\/div>\n\t\t\t\t\n<style>\n#col-2005557814 > .col-inner {\n  padding: 0px 29px 0px 10px;\n  margin: 0px 0px 27px 5px;\n}\n<\/style>\n\t<\/div>\n\n\t\n<\/div>\n<div class=\"row row-collapse align-middle align-center\"  id=\"row-1944964548\">\n\n\t<div id=\"col-1388426484\" class=\"col medium-6 small-12 large-6\"  >\n\t\t\t\t<div class=\"col-inner\"  >\n\t\t\t\n\t\t\t\n\t<div class=\"img has-hover x md-x lg-x y md-y lg-y\" id=\"image_1165115877\">\n\t\t\t\t\t\t\t\t<div class=\"img-inner image-cover dark\" style=\"padding-top:211px;margin:0px 0px 26px 0px;\">\n\t\t\t<img loading=\"lazy\" decoding=\"async\" width=\"1500\" height=\"1001\" src=\"https:\/\/www.educazionedigitale.it\/lasostenibilitainazienda\/wp-content\/uploads\/2023\/07\/team-students-completing-task.jpg\" class=\"attachment-original size-original\" alt=\"\" srcset=\"https:\/\/www.educazionedigitale.it\/lasostenibilitainazienda\/wp-content\/uploads\/2023\/07\/team-students-completing-task.jpg 1500w, https:\/\/www.educazionedigitale.it\/lasostenibilitainazienda\/wp-content\/uploads\/2023\/07\/team-students-completing-task-800x534.jpg 800w, https:\/\/www.educazionedigitale.it\/lasostenibilitainazienda\/wp-content\/uploads\/2023\/07\/team-students-completing-task-768x513.jpg 768w\" sizes=\"auto, (max-width: 1500px) 100vw, 1500px\" \/>\t\t\t\t\t\t\n\t\t\t\t\t<\/div>\n\t\t\t\t\t\t\t\t\n<style>\n#image_1165115877 {\n  width: 100%;\n}\n@media (min-width:550px) {\n  #image_1165115877 {\n    width: 100%;\n  }\n}\n<\/style>\n\t<\/div>\n\t\n\t\t<\/div>\n\t\t\t\t\n<style>\n#col-1388426484 > .col-inner {\n  padding: 10px 10px 0px 10px;\n}\n<\/style>\n\t<\/div>\n\n\t\n\n\t<div id=\"col-211024560\" class=\"col medium-6 small-12 large-6\"  >\n\t\t\t\t<div class=\"col-inner\"  >\n\t\t\t\n\t\t\t\n\t<div id=\"gap-1296931788\" class=\"gap-element clearfix\" style=\"display:block; height:auto;\">\n\t\t\n<style>\n#gap-1296931788 {\n  padding-top: 1px;\n}\n<\/style>\n\t<\/div>\n\t\n<p style=\"text-align: justify; margin-left:0px\">Il percorso offre a ragazze e ragazzi, che si apprestano ad affacciarsi al mondo del lavoro, un insight su <strong>come le aziende affrontano le sfide di sostenibilit\u00e0 in diversi ambiti e attraverso varie strategie:<\/strong> dal contributo alla lotta al cambiamento climatico, all\u2019approccio pi\u00f9 attento nel gestire le relazioni con i dipendenti, all\u2019utilizzo delle certificazioni come elemento distintivo e prova di un impegno concreto, alla gestione di strumenti di comunicazione e rendicontazione della sostenibilit\u00e0.<\/strong><\/p>\n\t\t<\/div>\n\t\t\t\t\n<style>\n#col-211024560 > .col-inner {\n  padding: 10px 10px 0px 10px;\n}\n@media (min-width:550px) {\n  #col-211024560 > .col-inner {\n    padding: 0px 15px 0px 15px;\n  }\n}\n<\/style>\n\t<\/div>\n\n\t\n<\/div>\n\t<div id=\"gap-1165823357\" class=\"gap-element clearfix\" style=\"display:block; height:auto;\">\n\t\t\n<style>\n#gap-1165823357 {\n  padding-top: 10px;\n}\n<\/style>\n\t<\/div>\n\t\n<div class=\"row row-collapse align-middle align-center\"  id=\"row-1467949321\">\n\n\t<div id=\"col-1064138051\" class=\"col small-12 large-12\"  data-animate=\"fadeInLeft\">\n\t\t\t\t<div class=\"col-inner\"  >\n\t\t\t\n\t\t\t\n<p style=\"text-align: justify;\">Si approfondir\u00e0, in particolare, la figura del\/della <strong>Sustainability Manager,<\/strong> la professione il cui compito consiste nel definire e sviluppare le progettualit\u00e0 nell\u2019ambito della sostenibilit\u00e0 e di cui verranno illustrate conoscenze, competenze e sbocchi lavorativi. Il <strong>Sustainability Manager \u00e8 una figura professionale <em>nuova<\/em> ma che trover\u00e0 sempre pi\u00f9 spazio all\u2019interno del mondo aziendale, <\/strong>anche per merito delle recenti regolamentazioni dell\u2019Unione europea sulla sostenibilit\u00e0 delle imprese.<\/p>\n\t\t<\/div>\n\t\t\t\t\n<style>\n#col-1064138051 > .col-inner {\n  padding: 0px 10px 0px 10px;\n  margin: 0px 0px 0px 0px;\n}\n<\/style>\n\t<\/div>\n\n\t\n<\/div>\n<div class=\"row row-collapse align-middle align-center\"  id=\"row-870553126\">\n\n\t<div id=\"col-713527011\" class=\"col medium-6 small-12 large-6\"  >\n\t\t\t\t<div class=\"col-inner\"  >\n\t\t\t\n\t\t\t\n\t<div id=\"gap-19628034\" class=\"gap-element clearfix\" style=\"display:block; height:auto;\">\n\t\t\n<style>\n#gap-19628034 {\n  padding-top: 10px;\n}\n<\/style>\n\t<\/div>\n\t\n<p style=\"text-align: justify; margin-right:0px\">La speranza \u00e8 dunque che parte dei ragazzi e delle ragazze iscritti a questo FSL possa, un giorno, diventare motore di cambiamento all\u2019interno dell\u2019azienda per cui lavorer\u00e0 in veste di sustainability manager! <strong>Il modulo formativo consiste in una fase di apprendimento in e-learning, costituita da 8 lezioni con relativi test di verifica, e una di Project Work di classe.<\/strong><\/p>\n\t\t<\/div>\n\t\t\t\t\n<style>\n#col-713527011 > .col-inner {\n  padding: 0px 10px 0px 10px;\n  margin: 0px 0px 0px 0px;\n}\n<\/style>\n\t<\/div>\n\n\t\n\n\t<div id=\"col-838906980\" class=\"col medium-6 small-12 large-6\"  data-animate=\"fadeInRight\">\n\t\t\t\t<div class=\"col-inner\"  >\n\t\t\t\n\t\t\t\n\t<div class=\"img has-hover x md-x lg-x y md-y lg-y\" id=\"image_2122773156\">\n\t\t\t\t\t\t\t\t<div class=\"img-inner image-cover dark\" style=\"padding-top:149px;\">\n\t\t\t<img loading=\"lazy\" decoding=\"async\" width=\"1500\" height=\"844\" src=\"https:\/\/www.educazionedigitale.it\/lasostenibilitainazienda\/wp-content\/uploads\/2023\/07\/close-up-hand-taking-notes.jpg\" class=\"attachment-original size-original\" alt=\"\" srcset=\"https:\/\/www.educazionedigitale.it\/lasostenibilitainazienda\/wp-content\/uploads\/2023\/07\/close-up-hand-taking-notes.jpg 1500w, https:\/\/www.educazionedigitale.it\/lasostenibilitainazienda\/wp-content\/uploads\/2023\/07\/close-up-hand-taking-notes-800x450.jpg 800w, https:\/\/www.educazionedigitale.it\/lasostenibilitainazienda\/wp-content\/uploads\/2023\/07\/close-up-hand-taking-notes-768x432.jpg 768w\" sizes=\"auto, (max-width: 1500px) 100vw, 1500px\" \/>\t\t\t\t\t\t\n\t\t\t\t\t<\/div>\n\t\t\t\t\t\t\t\t\n<style>\n#image_2122773156 {\n  width: 100%;\n}\n<\/style>\n\t<\/div>\n\t\n\t\t<\/div>\n\t\t\t\t\n<style>\n#col-838906980 > .col-inner {\n  padding: 0px 10px 0px 10px;\n  margin: -7px 0px 12px 0px;\n}\n@media (min-width:550px) {\n  #col-838906980 > .col-inner {\n    padding: 0px 10px 0px 15px;\n  }\n}\n<\/style>\n\t<\/div>\n\n\t\n<\/div>\n\t\t<\/div>\n\n\t\t\n<style>\n#section_1995412258 {\n  padding-top: 30px;\n  padding-bottom: 30px;\n}\n#section_1995412258 .section-bg img {\n  object-position: 0% 0%;\n}\n<\/style>\n\t<\/section>\n\t\n<div class=\"row row-collapse align-middle align-center\"  id=\"row-816172640\">\n\n\t<div id=\"col-456172478\" class=\"col hide-for-small medium-6 small-12 large-6\"  >\n\t\t\t\t<div class=\"col-inner\"  >\n\t\t\t\n\t\t\t\n\t<div class=\"img has-hover x md-x lg-x y md-y lg-y\" id=\"image_41273930\">\n\t\t\t\t\t\t\t\t<div class=\"img-inner image-cover dark\" style=\"padding-top:98px;margin:0px 0px 23px 0px;\">\n\t\t\t<img loading=\"lazy\" decoding=\"async\" width=\"2000\" height=\"1333\" src=\"https:\/\/www.educazionedigitale.it\/lasostenibilitainazienda\/wp-content\/uploads\/2023\/07\/uomini-d-affari-in-una-riunione.jpg\" class=\"attachment-original size-original\" alt=\"\" srcset=\"https:\/\/www.educazionedigitale.it\/lasostenibilitainazienda\/wp-content\/uploads\/2023\/07\/uomini-d-affari-in-una-riunione.jpg 2000w, https:\/\/www.educazionedigitale.it\/lasostenibilitainazienda\/wp-content\/uploads\/2023\/07\/uomini-d-affari-in-una-riunione-800x533.jpg 800w, https:\/\/www.educazionedigitale.it\/lasostenibilitainazienda\/wp-content\/uploads\/2023\/07\/uomini-d-affari-in-una-riunione-1600x1066.jpg 1600w, https:\/\/www.educazionedigitale.it\/lasostenibilitainazienda\/wp-content\/uploads\/2023\/07\/uomini-d-affari-in-una-riunione-768x512.jpg 768w, https:\/\/www.educazionedigitale.it\/lasostenibilitainazienda\/wp-content\/uploads\/2023\/07\/uomini-d-affari-in-una-riunione-1536x1024.jpg 1536w\" sizes=\"auto, (max-width: 2000px) 100vw, 2000px\" \/>\t\t\t\t\t\t\n\t\t\t\t\t<\/div>\n\t\t\t\t\t\t\t\t\n<style>\n#image_41273930 {\n  width: 100%;\n}\n<\/style>\n\t<\/div>\n\t\n\t\t<\/div>\n\t\t\t\t\n<style>\n#col-456172478 > .col-inner {\n  padding: 0px 0px 0px 10px;\n}\n@media (min-width:550px) {\n  #col-456172478 > .col-inner {\n    padding: 0px 10px 0px 5px;\n  }\n}\n<\/style>\n\t<\/div>\n\n\t\n\n\t<div id=\"col-149621292\" class=\"col medium-6 small-12 large-6\"  >\n\t\t\t\t<div class=\"col-inner\"  >\n\t\t\t\n\t\t\t\n<p style=\"text-align: justify; margin-left:0px\">L\u2019elaborato prodotto andr\u00e0 caricato in piattaforma da ogni studente e studentessa partecipante. All\u2019insegnante referente il compito di<strong> verificare e validare quanto realizzato,<\/strong> al fine di sbloccare la certificazione delle ore svolte, da consegnare a ciascun alunno.<br \/>\n<\/strong><\/p>\n\t\t<\/div>\n\t\t\t\t\n<style>\n#col-149621292 > .col-inner {\n  padding: 0px 10px 0px 10px;\n}\n@media (min-width:550px) {\n  #col-149621292 > .col-inner {\n    padding: 0px 10px 0px 15px;\n  }\n}\n<\/style>\n\t<\/div>\n\n\t\n<\/div>\n\t<div id=\"gap-2026287178\" class=\"gap-element clearfix\" style=\"display:block; height:auto;\">\n\t\t\n<style>\n#gap-2026287178 {\n  padding-top: 20px;\n}\n<\/style>\n\t<\/div>\n\t\n<div class=\"row row-small align-center\"  id=\"row-860681721\">\n\n\t<div id=\"col-2140039186\" class=\"col small-12 large-12\"  data-animate=\"fadeInLeft\">\n\t\t\t\t<div class=\"col-inner text-left\"  >\n\t\t\t\n\t\t\t\n\n\t<section class=\"section\" id=\"section_2117234650\">\n\t\t<div class=\"section-bg fill\" >\n\t\t\t<img loading=\"lazy\" decoding=\"async\" width=\"1154\" height=\"490\" src=\"https:\/\/www.educazionedigitale.it\/lasostenibilitainazienda\/wp-content\/uploads\/2023\/07\/base-percorso.png\" class=\"bg attachment-original size-original\" alt=\"\" \/>\t\t\t\t\t\t\n\t\t\t\n\n\t\t<\/div>\n\n\t\t\n\n\t\t<div class=\"section-content relative\">\n\t\t\t\n\t<div id=\"text-3888995700\" class=\"text\">\n\t\t\n<h2 style=\"color: white; font-size: 30px; margin-bottom: 10px; padding: 30px 30px 10px 30px;\">I temi del FSL:<\/h2>\n<p style=\"text-align: justify; color: white; margin-bottom: 10px; padding: 0px 0px 30px 30px; font-size: 120%;\">\n\u2022\tche cos\u2019\u00e8 la sostenibilit\u00e0 in azienda e quali sono le strategie per portarla avanti;<br \/>\n\u2022\tla professione del\/della Sustainability Manager;<br \/>\n\u2022\tcome le aziende si occupano del cambiamento climatico;<br \/>\n\u2022\tla sostenibilit\u00e0 verso i dipendenti;<br \/>\n\u2022\tle certificazioni di sostenibilit\u00e0;<br \/>\n\u2022\tcome comunicare efficacemente la sostenibilit\u00e0 e il fenomeno del greenwashing;<br \/>\n\u2022\til bilancio di sostenibilit\u00e0;<br \/>\n\u2022\tcome si produce una valutazione d\u2019impatto.<\/p>\n\t\t\n<style>\n#text-3888995700 {\n  font-size: 0.75rem;\n}\n@media (min-width:550px) {\n  #text-3888995700 {\n    font-size: 1rem;\n  }\n}\n<\/style>\n\t<\/div>\n\t\n\t\t<\/div>\n\n\t\t\n<style>\n#section_2117234650 {\n  padding-top: 0px;\n  padding-bottom: 0px;\n}\n#section_2117234650 .section-bg img {\n  object-position: 100% 7%;\n}\n<\/style>\n\t<\/section>\n\t\n\t\t<\/div>\n\t\t\t\t\t<\/div>\n\n\t\n\n<style>\n#row-860681721 > .col > .col-inner {\n  background-color: rgb(78, 140, 124);\n}\n<\/style>\n<\/div>\n\t<div id=\"gap-1952898934\" class=\"gap-element clearfix\" style=\"display:block; height:auto;\">\n\t\t\n<style>\n#gap-1952898934 {\n  padding-top: 30px;\n}\n<\/style>\n\t<\/div>\n\t\n","protected":false},"excerpt":{"rendered":"","protected":false},"author":1,"featured_media":0,"parent":0,"menu_order":0,"comment_status":"closed","ping_status":"closed","template":"page-blank.php","meta":{"_monsterinsights_skip_tracking":false,"_monsterinsights_sitenote_active":false,"_monsterinsights_sitenote_note":"","_monsterinsights_sitenote_category":0,"footnotes":""},"class_list":["post-531","page","type-page","status-publish","hentry"],"_links":{"self":[{"href":"https:\/\/www.educazionedigitale.it\/lasostenibilitainazienda\/wp-json\/wp\/v2\/pages\/531","targetHints":{"allow":["GET"]}}],"collection":[{"href":"https:\/\/www.educazionedigitale.it\/lasostenibilitainazienda\/wp-json\/wp\/v2\/pages"}],"about":[{"href":"https:\/\/www.educazionedigitale.it\/lasostenibilitainazienda\/wp-json\/wp\/v2\/types\/page"}],"author":[{"embeddable":true,"href":"https:\/\/www.educazionedigitale.it\/lasostenibilitainazienda\/wp-json\/wp\/v2\/users\/1"}],"replies":[{"embeddable":true,"href":"https:\/\/www.educazionedigitale.it\/lasostenibilitainazienda\/wp-json\/wp\/v2\/comments?post=531"}],"version-history":[{"count":3,"href":"https:\/\/www.educazionedigitale.it\/lasostenibilitainazienda\/wp-json\/wp\/v2\/pages\/531\/revisions"}],"predecessor-version":[{"id":5820,"href":"https:\/\/www.educazionedigitale.it\/lasostenibilitainazienda\/wp-json\/wp\/v2\/pages\/531\/revisions\/5820"}],"wp:attachment":[{"href":"https:\/\/www.educazionedigitale.it\/lasostenibilitainazienda\/wp-json\/wp\/v2\/media?parent=531"}],"curies":[{"name":"wp","href":"https:\/\/api.w.org\/{rel}","templated":true}]}}