{"id":4238,"date":"2020-09-04T12:11:17","date_gmt":"2020-09-04T10:11:17","guid":{"rendered":"https:\/\/www.educazionedigitale.it\/passepartout\/?page_id=4238"},"modified":"2026-01-22T14:17:54","modified_gmt":"2026-01-22T13:17:54","slug":"concorso","status":"publish","type":"page","link":"https:\/\/www.educazionedigitale.it\/passepartout\/concorso\/","title":{"rendered":"Concorso"},"content":{"rendered":"\n\t<section class=\"section\" id=\"section_1755443689\">\n\t\t<div class=\"section-bg fill\" >\n\t\t\t\t\t\t\t\t\t\n\t\t\t\n\n\t\t<\/div>\n\n\t\t\n\n\t\t<div class=\"section-content relative\">\n\t\t\t\n\n  <div class=\"banner has-hover\" id=\"banner-1126402453\">\n          <div class=\"banner-inner fill\">\n        <div class=\"banner-bg fill\" >\n            <img loading=\"lazy\" decoding=\"async\" width=\"1920\" height=\"687\" src=\"https:\/\/www.educazionedigitale.it\/passepartout\/wp-content\/uploads\/2025\/12\/2149280909-copia.jpg\" class=\"bg attachment-original size-original\" alt=\"\" \/>                        <div class=\"overlay\"><\/div>            \n                    <\/div>\n\t\t\n        <div class=\"banner-layers container\">\n            <div class=\"fill banner-link\"><\/div>            \n   <div id=\"text-box-1067656066\" class=\"text-box banner-layer x5 md-x5 lg-x0 y80 md-y80 lg-y80 res-text\">\n                                <div class=\"text-box-content text dark\">\n              \n              <div class=\"text-inner text-center\">\n                  \n\t<div id=\"text-3210008013\" class=\"text\">\n\t\t\n<h2 style=\" margin-bottom: 10px;  text-transform: none;\">Concorso<\/h2>\n<h4 style=\" margin-bottom: 10px;  text-transform: none; line-height:1\">per le scuole secondarie di II grado <\/h4>\n\t\t\n<style>\n#text-3210008013 {\n  font-size: 0.9rem;\n  text-align: left;\n  color: rgb(255,255,255);\n}\n#text-3210008013 > * {\n  color: rgb(255,255,255);\n}\n@media (min-width:550px) {\n  #text-3210008013 {\n    font-size: 1.3rem;\n  }\n}\n@media (min-width:850px) {\n  #text-3210008013 {\n    text-align: left;\n  }\n}\n<\/style>\n\t<\/div>\n\t\n              <\/div>\n           <\/div>\n                            \n<style>\n#text-box-1067656066 {\n  width: 82%;\n}\n#text-box-1067656066 .text-box-content {\n  font-size: 100%;\n}\n@media (min-width:550px) {\n  #text-box-1067656066 {\n    width: 62%;\n  }\n}\n@media (min-width:850px) {\n  #text-box-1067656066 {\n    width: 76%;\n  }\n}\n<\/style>\n    <\/div>\n \n        <\/div>\n      <\/div>\n\n            \n<style>\n#banner-1126402453 {\n  padding-top: 300px;\n  background-color: rgb(95, 111, 255);\n}\n#banner-1126402453 .overlay {\n  background-color: rgba(95, 111, 255, 0.669);\n}\n#banner-1126402453 .banner-bg img {\n  object-position: 100% 27%;\n}\n@media (min-width:550px) {\n  #banner-1126402453 {\n    padding-top: 400px;\n  }\n  #banner-1126402453 .overlay {\n    background-color: rgba(95, 111, 255, 0.669);\n  }\n}\n@media (min-width:850px) {\n  #banner-1126402453 {\n    padding-top: 400px;\n  }\n  #banner-1126402453 .overlay {\n    background-color: rgba(95, 111, 255, 0.669);\n  }\n}\n<\/style>\n  <\/div>\n\n\n<div class=\"row\"  id=\"row-1496156831\">\n\n\t<div id=\"col-539187075\" class=\"col small-12 large-12\"  >\n\t\t\t\t<div class=\"col-inner\" style=\"background-color:rgb(255,255,255);\" >\n\t\t\t\n\t\t\t\n<div class=\"row align-center\"  id=\"row-1002525820\">\n\n\t<div id=\"col-1187318517\" class=\"col medium-9 small-12 large-9\"  >\n\t\t\t\t<div class=\"col-inner\"  >\n\t\t\t\n\t\t\t\n\t<div id=\"text-2548033350\" class=\"text\">\n\t\t\n<p style=\"text-align: justify; margin-bottom: 10px;\">Ragazze e ragazzi delle <b>scuole secondarie di II grado fino al quarto anno<\/b>, hanno l\u2019opportunit\u00e0 di <strong>farsi portavoce di un\u2019educazione digitale consapevole, responsabile e non demonizzante,<\/strong> partecipando al concorso promosso dal <strong>Movimento Difesa del Cittadino<\/strong>. Il concorso ha come oggetto la realizzazione di un <strong>cortometraggio sul tema dell\u2019educazione digitale<\/strong>, con l\u2019obiettivo di promuovere una cultura del digitale consapevole, responsabile e non demonizzante.<\/p>\n<p style=\"text-align: justify; margin-bottom: 10px;\"> Attraverso il video gli studenti e le studentesse potranno sono chiamati a raccontare la propria visione e percezione del rapporto tra <strong>digitale, innovazione e nuove generazioni<\/strong>, rappresentando il punto di vista dei giovani sugli usi e sugli abusi delle tecnologie digitali. Il progetto intende valorizzare una modalit\u00e0 di apprendimento \u201cpeer to peer\u201d, in cui i ragazzi diventano protagonisti attivi di un percorso educativo rivolto ad altri giovani e minori.<\/p>\n\t\t\n<style>\n#text-2548033350 {\n  text-align: left;\n}\n<\/style>\n\t<\/div>\n\t\n\t<div id=\"text-1879135743\" class=\"text\">\n\t\t\n\t\t\n<style>\n#text-1879135743 {\n  text-align: left;\n}\n<\/style>\n\t<\/div>\n\t\n\t\t<\/div>\n\t\t\t\t\n<style>\n#col-1187318517 > .col-inner {\n  margin: 0px 0px 0px 0px;\n}\n<\/style>\n\t<\/div>\n\n\t\n\n\t<div id=\"col-2056474922\" class=\"col medium-3 small-12 large-3\"  >\n\t\t\t\t<div class=\"col-inner\"  >\n\t\t\t\n\t\t\t\n\t<div class=\"box has-hover   has-hover box-none box-text-bottom\" >\n\n\t\t<div class=\"box-image\" style=\"border-radius:10%;\">\n\t\t\t\t\t\t<div class=\"image-cover\" style=\"padding-top:314px;\">\n\t\t\t\t<img loading=\"lazy\" decoding=\"async\" width=\"1000\" height=\"667\" src=\"https:\/\/www.educazionedigitale.it\/passepartout\/wp-content\/uploads\/2025\/12\/2149649882.jpg\" class=\"attachment- size-\" alt=\"\" srcset=\"https:\/\/www.educazionedigitale.it\/passepartout\/wp-content\/uploads\/2025\/12\/2149649882.jpg 1000w, https:\/\/www.educazionedigitale.it\/passepartout\/wp-content\/uploads\/2025\/12\/2149649882-800x534.jpg 800w, https:\/\/www.educazionedigitale.it\/passepartout\/wp-content\/uploads\/2025\/12\/2149649882-768x512.jpg 768w\" sizes=\"auto, (max-width: 1000px) 100vw, 1000px\" \/>\t\t\t\t\t\t\t\t\t\t\t<\/div>\n\t\t\t\t\t<\/div>\n\n\t\t<div class=\"box-text text-center\" >\n\t\t\t<div class=\"box-text-inner\">\n\t\t\t\t\n<h4>A title<\/h4>\n<p>Image Box text<\/p>\n\t\t\t<\/div>\n\t\t<\/div>\n\t<\/div>\n\t\n\t\t<\/div>\n\t\t\t\t\n<style>\n#col-2056474922 > .col-inner {\n  margin: 0px 0px 30px 40px;\n}\n@media (min-width:550px) {\n  #col-2056474922 > .col-inner {\n    margin: -60px 0px 0px 40px;\n  }\n}\n<\/style>\n\t<\/div>\n\n\t\n\n\t<div id=\"col-1357645327\" class=\"col medium-12 small-12 large-12\"  >\n\t\t\t\t<div class=\"col-inner text-center\" style=\"background-color:rgba(255, 255, 255, 0.12);\" >\n\t\t\t\n\t\t\t\n<div class=\"accordion\">\n\t<div id=\"accordion-2759930679\" class=\"accordion-item\">\n\t\t<a id=\"accordion-2759930679-label\" class=\"accordion-title plain\" href=\"#accordion-item-istruzioni\" aria-expanded=\"false\" aria-controls=\"accordion-2759930679-content\">\n\t\t\t<button class=\"toggle\" aria-label=\"Attiva\/Disattiva\"><i class=\"icon-angle-down\" aria-hidden=\"true\"><\/i><\/button>\n\t\t\t<span>ISTRUZIONI<\/span>\n\t\t<\/a>\n\t\t<div id=\"accordion-2759930679-content\" class=\"accordion-inner\" aria-labelledby=\"accordion-2759930679-label\">\n\t\t\t\n\t<div id=\"text-3909506140\" class=\"text\">\n\t\t\n<p style=\"text-align: justify; margin-bottom: 10px;\">Studenti e studentesse dovranno realizzare <strong>un elaborato video di classe<\/strong>, della durata massima di 3 minuti, utilizzando il proprio smartphone o una fotocamera digitale. Il video, attraverso la tecnica narrativa dello storytelling, dovr\u00e0 approfondire in modo creativo e originale uno dei seguenti temi:<\/p>\n<ul>\n<li><strong>Cyberbullismo e comportamenti ostili online<\/strong>: come nascono, come riconoscerli, come chiedere aiuto.<\/li>\n<li><strong>Fake news e disinformazione<\/strong>: come si creano, come influenzano le scelte, come verificarle.<\/li>\n<li><strong>Uso consapevole dell\u2019Intelligenza Artificiale<\/strong>: cosa pu\u00f2 fare, cosa non pu\u00f2 fare e perch\u00e9 \u00e8 importante conoscere gli algoritmi.<\/li>\n<li><strong>Deep Web e Dark Web:<\/strong> rischi nascosti, informazioni, curiosit\u00e0 e falsi miti.<\/li>\n<li><strong>Sfide pericolose e viralit\u00e0 dei contenuti<\/strong>: challenge estreme, dinamiche di gruppo, pressione sociale.<\/li>\n<li><strong>Dipendenza digitale e isolamento sociale<\/strong>: uso eccessivo dei social, gaming compulsivo, fenomeno dell\u2019hikikomori.<\/li>\n<li><strong>Identit\u00e0 digitale e reputazione online<\/strong>: impronta digitale, privacy, oversharing.<\/li>\n<\/ul>\n\t\t\n<style>\n#text-3909506140 {\n  text-align: left;\n  color: rgb(0,0,0);\n}\n#text-3909506140 > * {\n  color: rgb(0,0,0);\n}\n<\/style>\n\t<\/div>\n\t\n\t<div id=\"gap-421632531\" class=\"gap-element clearfix\" style=\"display:block; height:auto;\">\n\t\t\n<style>\n#gap-421632531 {\n  padding-top: 50px;\n}\n<\/style>\n\t<\/div>\n\t\n<div class=\"row\"  id=\"row-2090375348\">\n\n\t<div id=\"col-622817399\" class=\"col small-12 large-12\"  >\n\t\t\t\t<div class=\"col-inner\"  >\n\t\t\t\n\t<div class=\"is-border\"\n\t\tstyle=\"border-color:rgb(64, 61, 158);border-radius:20px;border-width:1px 1px 1px 1px;\">\n\t<\/div>\n\t\t\t\n\t<div id=\"text-3667688135\" class=\"text\">\n\t\t\n<h2 style=\"text-align: justify; margin-bottom: 10px; text-transform: none; color: #5f6fff;\"><u>Realizzazione del video: dalla scrittura al montaggio<\/u><\/h2>\n<p>Le fasi di produzione di un video sono essenzialmente quattro:<\/p>\n<ul>\n<li><strong>Sviluppo di un\u2019idea. <\/strong>Gli studenti scelgono il tema di cui parlare, stendono un soggetto e una sceneggiatura, indicando il tempo e il luogo della storia, la durata, i personaggi e le azioni principali. \u00c8 possibile sviluppare la propria idea partendo da queste domande stimolo:\n<ul>\n<li><strong>Che problema voglio far emergere?<\/strong> (es. cyberbullismo, dipendenza, rischio challenge, ecc.)<\/li>\n<li><strong>Perch\u00e9 riguarda proprio quest\u2019et\u00e0 di riferimento?<\/strong><\/li>\n<li><strong>Che emozione voglio trasmettere?<\/strong> (preoccupazione, consapevolezza, speranza, solidariet\u00e0\u2026)<\/li>\n<li><strong>Qual \u00e8 il messaggio finale del video?<\/strong><\/li>\n<li><strong>Chi sar\u00e0 il protagonista?<\/strong> (una persona reale, un personaggio inventato, una voce narrante, un avatar, un\u2019animazione\u2026)<\/li>\n<li><strong>Quale stile voglio usare?<\/strong> (realistico, ironico, poetico, dinamico, informativo\u2026)<\/li>\n<\/ul>\n<\/li>\n<\/ul>\n<ul>\n<li><strong>Pre-produzione. <\/strong>Questo \u00e8 il momento di fare i casting per i ruoli del cortometraggio e scegliere le location in cui girare;<\/li>\n<li><strong>Ciak, si gira!<\/strong> Tutto ci\u00f2 che \u00e8 stato ipotizzato, progettato e pianificato prender\u00e0 vita durante le riprese. \u00c8 importante pianificare bene questa fase, per avere tutto il tempo per girare le scene, anche provando pi\u00f9 di una volta;<\/li>\n<li><strong>Post-produzione. <\/strong>Tutto il materiale raccolto dovr\u00e0 essere ora sistemato e montato, per arrivare al prodotto finale.<\/li>\n<\/ul>\n\t\t\n<style>\n#text-3667688135 {\n  text-align: left;\n  color: rgb(0, 0, 0);\n}\n#text-3667688135 > * {\n  color: rgb(0, 0, 0);\n}\n<\/style>\n\t<\/div>\n\t\n\t\t<\/div>\n\t\t\t\t\n<style>\n#col-622817399 > .col-inner {\n  padding: 20px 20px 20px 20px;\n}\n<\/style>\n\t<\/div>\n\n\t\n\n\t<div id=\"col-2072980835\" class=\"col small-12 large-12\"  >\n\t\t\t\t<div class=\"col-inner\"  >\n\t\t\t\n\t<div class=\"is-border\"\n\t\tstyle=\"border-color:rgb(255, 123, 84);border-radius:20px;border-width:1px 1px 1px 1px;\">\n\t<\/div>\n\t\t\t\n\t<div id=\"text-3188638762\" class=\"text\">\n\t\t\n<h2 style=\"text-align: justify; margin-bottom: 10px; text-transform: none; color: #ff7b54;\"><u>A chi \u00e8 rivolto il video<\/u><\/h2>\n<p style=\"text-align: justify; margin-bottom: 10px;\">I video potranno rivolgersi a differenti target di minori a seconda della sensibilit\u00e0 dei giovani studenti: \u00e8 possibile scegliere di indirizzare il video ai piccolissimi (0-5 anni), ai bambini o preadolescenti in et\u00e0 scolare (6-14 anni, scuole primarie e secondarie di I grado) o agli adolescenti (15-19 anni). Il video deve avere un approccio di <em>peer education<\/em>, ovvero essere mirato a trasferire contenuti, informazioni e valori ai pari.<\/p>\n<p style=\"text-align: justify; margin-bottom: 10px;\">Individuare il tipo di pubblico del video \u00e8 una fase di progettazione del lavoro essenziale, che richiede l\u2019individuazione delle caratteristiche del <strong>target di riferimento<\/strong> e l\u2019adozione di un <strong>tone of voice<\/strong> adeguato, che possa comunicare efficacemente con i pi\u00f9 piccoli o con i coetanei. La scelta del target sar\u00e0 rilevante ai fini della <strong>valutazione <\/strong>e della <strong>premiazione<\/strong>.<\/p>\n\t\t\n<style>\n#text-3188638762 {\n  text-align: left;\n}\n<\/style>\n\t<\/div>\n\t\n\t\t<\/div>\n\t\t\t\t\n<style>\n#col-2072980835 > .col-inner {\n  padding: 20px 20px 20px 20px;\n}\n<\/style>\n\t<\/div>\n\n\t\n<\/div>\n\t\t<\/div>\n\t<\/div>\n\t\n<\/div>\n\t\t<\/div>\n\t\t\t\t\n<style>\n#col-1357645327 > .col-inner {\n  margin: 0px 0px 0px 0px;\n  border-radius: 20px;\n}\n<\/style>\n\t<\/div>\n\n\t\n\n\t<div id=\"col-1553536654\" class=\"col medium-12 small-12 large-6\"  >\n\t\t\t\t<div class=\"col-inner text-center\" style=\"background-color:rgba(255, 255, 255, 0.12);\" >\n\t\t\t\n\t\t\t\n<div class=\"accordion\">\n\t<div id=\"accordion-1978800796\" class=\"accordion-item\">\n\t\t<a id=\"accordion-1978800796-label\" class=\"accordion-title plain\" href=\"#accordion-item-iscrizione\" aria-expanded=\"false\" aria-controls=\"accordion-1978800796-content\">\n\t\t\t<button class=\"toggle\" aria-label=\"Attiva\/Disattiva\"><i class=\"icon-angle-down\" aria-hidden=\"true\"><\/i><\/button>\n\t\t\t<span>ISCRIZIONE<\/span>\n\t\t<\/a>\n\t\t<div id=\"accordion-1978800796-content\" class=\"accordion-inner\" aria-labelledby=\"accordion-1978800796-label\">\n\t\t\t\n\t<div id=\"text-196371173\" class=\"text\">\n\t\t\n<p style=\"text-align: justify; margin-bottom: 10px;\">L\u2019iscrizione delle classi sar\u00e0 consentita dal <strong>26 Gennaio 2026<\/strong> al <strong>10 Maggio 2026<\/strong>. Gli elaborati andranno caricati sulla piattaforma, seguendo le istruzioni dell\u2019apposito sistema di upload.<\/p>\n<p style=\"text-align: justify; margin-bottom: 10px;\">Al video dovr\u00e0 essere <strong>allegato un modulo in carta semplice<\/strong> contenente:<\/p>\n<ul>\n<li>il nominativo del referente scolastico del progetto;<\/li>\n<li>i recapiti telefonici del referente;<\/li>\n<li>l\u2019indirizzo e-mail della scuola e del referente;<\/li>\n<li>la PEC dell\u2019istituto scolastico;<\/li>\n<li>l\u2019indicazione delle classi coinvolte nella realizzazione del video;<\/li>\n<li>il numero complessivo degli studenti partecipanti.<\/li>\n<\/ul>\n<p style=\"text-align: justify; margin-bottom: 10px;\">\nCostituiscono causa di <strong>esclusione dal concorso<\/strong>:<\/p>\n<ul>\n<li>l\u2019invio del video oltre il termine di scadenza stabilito;<\/li>\n<li>il mancato caricamento del video secondo le modalit\u00e0 previste;<\/li>\n<li>l\u2019assenza o l\u2019incompletezza del modulo contenente i dati del referente scolastico;<\/li>\n<li>la mancata indicazione delle classi coinvolte e\/o del numero degli studenti partecipanti.\n<\/li>\n<\/ul>\n\t\t\n<style>\n#text-196371173 {\n  text-align: left;\n  color: rgb(0,0,0);\n}\n#text-196371173 > * {\n  color: rgb(0,0,0);\n}\n<\/style>\n\t<\/div>\n\t\n\t\t<\/div>\n\t<\/div>\n\t\n<\/div>\n\t\t<\/div>\n\t\t\t\t\n<style>\n#col-1553536654 > .col-inner {\n  margin: 0px 0px 0px 0px;\n  border-radius: 20px;\n}\n<\/style>\n\t<\/div>\n\n\t\n\n\t<div id=\"col-1358664398\" class=\"col medium-12 small-12 large-6\"  >\n\t\t\t\t<div class=\"col-inner text-center\" style=\"background-color:rgba(255, 255, 255, 0.12);\" >\n\t\t\t\n\t\t\t\n<div class=\"accordion\">\n\t<div id=\"accordion-1347848756\" class=\"accordion-item\">\n\t\t<a id=\"accordion-1347848756-label\" class=\"accordion-title plain\" href=\"#accordion-item-premi-e-premiazione\" aria-expanded=\"false\" aria-controls=\"accordion-1347848756-content\">\n\t\t\t<button class=\"toggle\" aria-label=\"Attiva\/Disattiva\"><i class=\"icon-angle-down\" aria-hidden=\"true\"><\/i><\/button>\n\t\t\t<span>PREMI E PREMIAZIONE<\/span>\n\t\t<\/a>\n\t\t<div id=\"accordion-1347848756-content\" class=\"accordion-inner\" aria-labelledby=\"accordion-1347848756-label\">\n\t\t\t\n\t<div id=\"text-2742108489\" class=\"text\">\n\t\t\n<p style=\"text-align: justify; margin-bottom: 10px;\">I video pervenuti e ammessi alla selezione saranno esaminati da una <strong>giuria composta da esperti di comunicazione, mondo dello spettacolo e tecniche digitali<\/strong>. La giuria valuter\u00e0 gli elaborati sulla base della qualit\u00e0 dei contenuti, dell\u2019efficacia comunicativa, dell\u2019originalit\u00e0 e della coerenza con le finalit\u00e0 educative del concorso.<\/p>\n<p style=\"text-align: justify; margin-bottom: 10px;\">Al termine della valutazione saranno individuati i migliori elaborati per ciascuna categoria di target. Tra i video ricevuti saranno premiati <strong>i primi classificati delle tre categorie<\/strong>, ai quali verr\u00e0 assegnato un <strong>premio<\/strong>, spendibile secondo modalit\u00e0 che saranno successivamente comunicate.<\/p>\n<p style=\"text-align: justify; margin-bottom: 10px;\"><em>Inoltre, i migliori video saranno oggetto di una campagna di sensibilizzazione online rivolta ai minori sul corretto uso delle tecnologie informatiche<\/em>\u00a0e\u00a0<em>della navigazione online<\/em>.<\/p>\n<p style=\"text-align: justify; margin-bottom: 10px;\">\nLa cerimonia di premiazione finale, durante la quale saranno proiettati i tre migliori video, si svolger\u00e0 a <strong>Roma<\/strong>, presso una sede che verr\u00e0 comunicata almeno <strong>venti giorni prima<\/strong> della data dell\u2019evento. Le scuole vincitrici, insieme alle classi che hanno realizzato i video premiati, sono invitate a partecipare alla cerimonia.<\/p>\n\t\t\n<style>\n#text-2742108489 {\n  text-align: left;\n  color: rgb(0,0,0);\n}\n#text-2742108489 > * {\n  color: rgb(0,0,0);\n}\n<\/style>\n\t<\/div>\n\t\n\t\t<\/div>\n\t<\/div>\n\t\n<\/div>\n\t\t<\/div>\n\t\t\t\t\n<style>\n#col-1358664398 > .col-inner {\n  margin: 0px 0px 0px 0px;\n  border-radius: 20px;\n}\n<\/style>\n\t<\/div>\n\n\t\n\n\t<div id=\"col-1575161901\" class=\"col medium-12 small-12 large-12\"  >\n\t\t\t\t<div class=\"col-inner text-center\" style=\"background-color:rgba(255, 255, 255, 0.12);\" >\n\t\t\t\n\t\t\t\n<a href=\"https:\/\/www.educazionedigitale.it\/passepartout\/challenge-caricamento-elaborati\/\" class=\"button primary is-larger custom-green\" style=\"border-radius:99px;\">\n\t\t<span>Iscrivi le tue classi!<\/span>\n\t<i class=\"icon-star\" aria-hidden=\"true\"><\/i><\/a>\n\n\t\t<\/div>\n\t\t\t\t\n<style>\n#col-1575161901 > .col-inner {\n  margin: 30px 0px 0px 0px;\n  border-radius: 20px;\n}\n<\/style>\n\t<\/div>\n\n\t\n<\/div>\n\t\t<\/div>\n\t\t\t\t\n<style>\n#col-539187075 > .col-inner {\n  padding: 20px 20px 0px 20px;\n  margin: -70px 0px 0px 0px;\n  border-radius: 20px;\n}\n<\/style>\n\t<\/div>\n\n\t\n\n\t<div id=\"col-204514942\" class=\"col small-12 large-12\"  >\n\t\t\t\t<div class=\"col-inner\"  >\n\t\t\t\n\t\t\t\n\t<div id=\"gap-1034838264\" class=\"gap-element clearfix\" style=\"display:block; height:auto;\">\n\t\t\n<style>\n#gap-1034838264 {\n  padding-top: 60px;\n}\n<\/style>\n\t<\/div>\n\t\n\t\t<\/div>\n\t\t\t\t\t<\/div>\n\n\t\n<\/div>\n\t\t<\/div>\n\n\t\t\n<style>\n#section_1755443689 {\n  padding-top: 0px;\n  padding-bottom: 0px;\n  background-color: rgb(224, 231, 243);\n}\n<\/style>\n\t<\/section>\n\t\n","protected":false},"excerpt":{"rendered":"","protected":false},"author":27,"featured_media":0,"parent":0,"menu_order":0,"comment_status":"closed","ping_status":"closed","template":"page-blank.php","meta":{"_monsterinsights_skip_tracking":false,"_monsterinsights_sitenote_active":false,"_monsterinsights_sitenote_note":"","_monsterinsights_sitenote_category":0,"footnotes":""},"class_list":["post-4238","page","type-page","status-publish","hentry"],"_links":{"self":[{"href":"https:\/\/www.educazionedigitale.it\/passepartout\/wp-json\/wp\/v2\/pages\/4238","targetHints":{"allow":["GET"]}}],"collection":[{"href":"https:\/\/www.educazionedigitale.it\/passepartout\/wp-json\/wp\/v2\/pages"}],"about":[{"href":"https:\/\/www.educazionedigitale.it\/passepartout\/wp-json\/wp\/v2\/types\/page"}],"author":[{"embeddable":true,"href":"https:\/\/www.educazionedigitale.it\/passepartout\/wp-json\/wp\/v2\/users\/27"}],"replies":[{"embeddable":true,"href":"https:\/\/www.educazionedigitale.it\/passepartout\/wp-json\/wp\/v2\/comments?post=4238"}],"version-history":[{"count":3,"href":"https:\/\/www.educazionedigitale.it\/passepartout\/wp-json\/wp\/v2\/pages\/4238\/revisions"}],"predecessor-version":[{"id":6988,"href":"https:\/\/www.educazionedigitale.it\/passepartout\/wp-json\/wp\/v2\/pages\/4238\/revisions\/6988"}],"wp:attachment":[{"href":"https:\/\/www.educazionedigitale.it\/passepartout\/wp-json\/wp\/v2\/media?parent=4238"}],"curies":[{"name":"wp","href":"https:\/\/api.w.org\/{rel}","templated":true}]}}