{"id":2,"date":"2015-03-06T10:12:45","date_gmt":"2015-03-06T10:12:45","guid":{"rendered":"http:\/\/www.educazionedigitale.it\/prontilavorovia\/?page_id=2"},"modified":"2025-10-23T10:13:59","modified_gmt":"2025-10-23T08:13:59","slug":"homepage","status":"publish","type":"page","link":"https:\/\/www.educazionedigitale.it\/prontilavorovia\/","title":{"rendered":"Homepage"},"content":{"rendered":"\n\t<section class=\"section\" id=\"section_1237004152\">\n\t\t<div class=\"section-bg fill\" >\n\t\t\t\t\t\t\t\t\t\n\t\t\t\n\n\t\t<\/div>\n\n\t\t\n\n\t\t<div class=\"section-content relative\">\n\t\t\t\n<div class=\"row\"  id=\"row-958394262\">\n\n\t<div id=\"col-751386930\" class=\"col medium-1\/2 large-6\"  >\n\t\t\t\t<div class=\"col-inner\"  >\n\t\t\t\n\t\t\t<img decoding=\"async\" style=\"float: right; margin-top: -10px; margin-right: -15px;\" src=\"https:\/\/www.educazionedigitale.it\/new\/wp-content\/uploads\/2020\/09\/progettogratuito.png\" width=\"100px\" \/><\/p>\n<h2><span style=\"color: #0d5882;\">L&#8217;iniziativa formativa<\/span><\/h2>\n<div class=\"is-divider divider clearfix\" style=\"max-width:small;\"><\/div>\n<p style=\"text-align: justify;\">Il progetto\u00a0\u201c<strong>Pronti, lavoro\u2026VIA!<\/strong>\u201d\u00a0nasce con l\u2019obiettivo di <strong>avvicinare i giovani al mondo del lavoro<\/strong> e alla <strong>cultura previdenziale<\/strong>, attraverso argomenti di assoluta attualit\u00e0 quali:<\/p>\n<ul style=\"line-height: 1 !important;\">\n<li>la stesura del curriculum vitae;<\/li>\n<li>le sicurezze di un contratto\u00a0\u201cin chiaro\u201d;<\/li>\n<li>la contribuzione;<\/li>\n<li>la previdenza di base;<\/li>\n<li>la scelta tra lavoro dipendente e autonomo;<\/li>\n<li>la pensione;<\/li>\n<li>la raccolta e il monitoraggio dei contributi;<\/li>\n<li>la pensione integrativa e leve fiscali;<\/li>\n<li>come avviare una start up;<\/li>\n<li>come si apre e cosa comporta una partita IVA;<\/li>\n<li>cos\u2019\u00e8 e perch\u00e9 \u00e8 importante la previdenza complementare;<\/li>\n<li>cos\u2019\u00e8 e perch\u00e9 \u00e8 importante la copertura assicurativa;<\/li>\n<\/ul>\n<p style=\"text-align: justify;\">Il percorso per le competenze trasversali e l\u2019orientamento \u201cPronti, lavoro\u2026 VIA!\u201d <!--rester\u00e0 <strong>attivo per tutto l\u2019anno scolastico 2021\/2022<\/strong> e--> garantir\u00e0 ai ragazzi e alle ragazze che lo completeranno, <span style=\"color: #0d5882; font-size: 100%; font-weight: bold;\"><strong>22 ORE DI FSL<\/strong>,<\/span> <strong style=\"color: #0d5882;\">previa validazione dell&#8217;output finale da parte dell&#8217;insegnante<\/strong>. Gli studenti per i quali si intende ottenere certificazione delle ore di FSL,\u00a0dovranno essere iscritti <strong style=\"color: #0d5882;\">TRA IL 27 Ottobre 2025 E IL 30 Giugno 2026<\/strong> e dovranno completare il percorso formativo entro il <strong style=\"color: #0d5882;\">7 Luglio 2026<\/strong>. Gli insegnanti avranno tempo per la validazione fino al <strong style=\"color: #0d5882;\">14 Luglio 2026.<\/strong><\/p>\n<p style=\"text-align: left; margin-top: 30px;\"><a href=\"https:\/\/www.educazionedigitale.it\/prontilavorovia\/il-percorso\/\" class=\"button primary is-custom-green is-medium\" >\n\t\t<span>scopri di pi\u00f9<\/span>\n\t<\/a>\n\n\t\t<\/div>\n\t\t\t\t\t<\/div>\n\n\t\n\n\t<div id=\"col-1636466308\" class=\"col medium-1\/2 large-6\"  >\n\t\t\t\t<div class=\"col-inner\"  >\n\t\t\t\n\t\t\t\n<h2><span style=\"color: #0d5882;\">Come funziona?<\/span><\/h2>\n<h3>Le fasi di lavoro<\/h3>\n<div class=\"is-divider divider clearfix\" style=\"max-width:small;\"><\/div>\n\t<div id=\"gap-421099438\" class=\"gap-element clearfix\" style=\"display:block; height:auto;\">\n\t\t\n<style>\n#gap-421099438 {\n  padding-top: 20px;\n}\n<\/style>\n\t<\/div>\n\t\n<p style=\"text-align: justify;\"><a href=\"https:\/\/www.educazionedigitale.it\/prontilavorovia\/moduli-formativi\/\"><img decoding=\"async\" class=\"size-full wp-image-585 alignleft\" src=\"https:\/\/www.educazionedigitale.it\/prontilavorovia\/wp-content\/uploads\/2020\/09\/icon-1.png\" width=\"80\" \/> <strong><span style=\"color: #0d5882;\">FORMAZIONE IN E-LEARNING<\/span><\/strong><\/a><br \/>\nUn\u00a0<strong>percorso multimediale<\/strong>\u00a0focalizzato sulle tematiche dell\u2019educazione previdenziale e della pianificazione responsabile del proprio futuro.<\/p>\n\t<div id=\"gap-345015402\" class=\"gap-element clearfix\" style=\"display:block; height:auto;\">\n\t\t\n<style>\n#gap-345015402 {\n  padding-top: 20px;\n}\n<\/style>\n\t<\/div>\n\t\n<p style=\"text-align: justify;\"><a href=\"https:\/\/www.educazionedigitale.it\/prontilavorovia\/moduli-formativi\/\"><img decoding=\"async\" class=\"size-full wp-image-592 alignleft\" style=\"margin-bottom: 50px;\" src=\"https:\/\/www.educazionedigitale.it\/prontilavorovia\/wp-content\/uploads\/2020\/09\/icon-2.png\" width=\"80\" \/> <strong><span style=\"color: #0d5882;\">PROJECT WORK<\/span><\/strong><\/a><br \/>\nUna <strong>fase operativa<\/strong> che porter\u00e0 ogni studente a <strong>riflettere sui temi affrontati<\/strong> nell\u2019e-learning, condurre una <strong>ricerca web sull\u2019argomento<\/strong> e produrre un elaborato critico, da condividere con gli studenti partecipanti all\u2019iniziativa di FSL.<\/p>\n\t<div id=\"gap-1144317144\" class=\"gap-element clearfix\" style=\"display:block; height:auto;\">\n\t\t\n<style>\n#gap-1144317144 {\n  padding-top: 5px;\n}\n<\/style>\n\t<\/div>\n\t\n<div style=\"text-align: center;\"><a href=\"https:\/\/www.educazionedigitale.it\/prontilavorovia\/moduli-formativi\/\" class=\"button primary is-custom-green is-medium\" >\n\t\t<span>Vai alle fasi<\/span>\n\t<\/a>\n<\/div>\n\t\t<\/div>\n\t\t\t\t\t<\/div>\n\n\t\n<\/div>\n\t\t<\/div>\n\n\t\t\n<style>\n#section_1237004152 {\n  padding-top: 30px;\n  padding-bottom: 30px;\n}\n<\/style>\n\t<\/section>\n\t\n\n\t<section class=\"section\" id=\"section_1496431276\">\n\t\t<div class=\"section-bg fill\" >\n\t\t\t\t\t\t\t\t\t\n\t\t\t\n\n\t\t<\/div>\n\n\t\t\n\n\t\t<div class=\"section-content relative\">\n\t\t\t<div class=\"row\"  id=\"row-474129341\">\n\t<div id=\"col-1071550925\" class=\"col large-12\"  >\n\t\t\t\t<div class=\"col-inner\"  >\n\t\t\t\n\t\t\t\n<div style=\"border: 2px solid #ff5f2c; border-radius: 10px; padding: 20px; margin-top: -70px; background: url('https:\/\/www.educazionedigitale.it\/prontilavorovia\/wp-content\/uploads\/2020\/09\/bg-schede-plv-3.jpg'); background-size: cover;\">\n<h2><span style=\"color: #0d5882;\">Il tuo ingresso nel mondo del lavoro<\/span><\/h2>\n<div class=\"is-divider divider clearfix\" style=\"max-width:small;\"><\/div>\n<img decoding=\"async\" style=\"float: left; padding-right: 20px;\" src=\"https:\/\/www.educazionedigitale.it\/prontilavorovia\/wp-content\/uploads\/2020\/09\/icon4.png\" \/><\/p>\n<p style=\"text-align: justify;\">Grazie alla collaborazione con <a href=\"https:\/\/eur02.safelinks.protection.outlook.com\/?url=https%3A%2F%2Fwww.unimpiego.it%2F&amp;data=04%7C01%7Cm.rivelli%40feduf.it%7C51ea9c7d8d624678270808d9d9c1ef8d%7Cb4fa40cc86e445c38c3bda5bd30219f6%7C0%7C0%7C637780249251943292%7CUnknown%7CTWFpbGZsb3d8eyJWIjoiMC4wLjAwMDAiLCJQIjoiV2luMzIiLCJBTiI6Ik1haWwiLCJXVCI6Mn0%3D%7C3000&amp;sdata=YvwrAmajXxppn9%2BOra4rH7OEHQlnQbjdatZFAT7nKHE%3D&amp;reserved=0\" target=\"_blank\" rel=\"noopener\"><span style=\"color: #0d5882; text-decoration: underline;\"><strong><em>Unimpiego<\/em><\/strong><\/span><\/a>, gli studenti delle classi iscritte al percorso <strong><span style=\"color: #0d5882;\">Pronti, Lavoro\u2026VIA!<\/span><\/strong> avranno la possibilit\u00e0 di inserire il proprio curriculum nella loro banca dati entrando cos\u00ec nel network delle aziende aderenti. Oltre al cv sar\u00e0 possibile indicare anche la zona di preferenza in modo da facilitare l\u2019incontro con le aziende del territorio d\u2019interesse.<br \/>\nIl link per l\u2019inserimento del cv verr\u00e0 fornito agli studenti che avranno terminato il percorso all\u2019interno della piattaforma, tramite apposita comunicazione.<\/p>\n<p style=\"text-align: justify;\">Agli studenti che avranno prodotto i migliori elaborati (vedi sezione project work) o si saranno distinti nelle attivit\u00e0 interattive che verranno organizzate nel corso dell\u2019anno scolastico (es. challenge, sfide online, ecc\u2026) verr\u00e0 inoltre offerta la possibilit\u00e0 di partecipare ad un colloquio a distanza con un esperto dello staff di Unimpiego operante sul territorio di riferimento del\/dello studente\/ssa.<\/p>\n<p style=\"text-align: justify;\">Segnaliamo infine che sul sito di Unimpiego \u00e8 possibile reperire informazioni anche in merito al progetto Garanzia Giovani il Piano Europeo per contrastare la disoccupazione giovanile, rivolto ai giovani tra i 15 e i 29 anni. In particolare per le regioni Lombardia, Piemonte e Veneto le sedi Unimpiego locali sono Agenzie accreditate per l&#8217;attuazione del Programma <a href=\"https:\/\/www.unimpiego.it\/garanzia_giovani\"><strong><span style=\"color: #0d5882;\"><u>Garanzia Giovani<\/u><\/span><\/strong><\/a>.<\/p>\n<\/div>\n\t\t<\/div>\n\t\t\t\t\t<\/div>\n\n\t<\/div>\t\t<\/div>\n\n\t\t\n<style>\n#section_1496431276 {\n  padding-top: 0;\n  padding-bottom: 0;\n  margin-bottom: 0px;\n}\n<\/style>\n\t<\/section>\n\t\n\n\t<section class=\"section\" id=\"section_171053835\">\n\t\t<div class=\"section-bg fill\" >\n\t\t\t\t\t\t\t\t\t\n\t\t\t\n\n\t\t<\/div>\n\n\t\t\n\n\t\t<div class=\"section-content relative\">\n\t\t\t\n<div style=\"text-align: center; margin: 0 auto;\">\n<p style=\"color: #fff;\">Scopri tutti i progetti della piattaforma didattica Educazione Digitale<\/p>\n<p><a href=\"http:\/\/www.educazionedigitale.it\" target=\"_blank\" rel=\"noopener noreferrer\"><img loading=\"lazy\" decoding=\"async\" class=\"alignnone size-full wp-image-1176\" src=\"http:\/\/www.educazionedigitale.it\/prontilavorovia\/wp-content\/uploads\/2015\/03\/Educazione-digitale.png\" alt=\"Educazione Digitale\" width=\"220\" height=\"67\" \/><\/a><\/p>\n<\/div>\n\t\t<\/div>\n\n\t\t\n<style>\n#section_171053835 {\n  padding-top: 0;\n  padding-bottom: 0;\n  margin-bottom: 0px;\n  background-color: #4e4e4e;\n}\n<\/style>\n\t<\/section>\n\t\n\t<div id=\"non-attivo\"\n\t     class=\"lightbox-by-id lightbox-content mfp-hide lightbox-white \"\n\t     style=\"max-width:300px ;padding:20px\">\n\t\t\n<h3 style=\"text-align: center;\">Link NON ATTIVO<\/h3>\n\t<\/div>\n\t\n\t\n","protected":false},"excerpt":{"rendered":"\t<div id=\"gap-1026235027\" class=\"gap-element clearfix\" style=\"display:block; height:auto;\">\n\t\t\n<style>\n#gap-1026235027 {\n  padding-top: 118px;\n}\n<\/style>\n\t<\/div>\n\t\n\n  <div class=\"banner has-hover banner-home\" id=\"banner-639741137\">\n          <div class=\"banner-inner fill\">\n        <div class=\"banner-bg fill\" >\n            <img width=\"1020\" height=\"255\" src=\"https:\/\/www.educazionedigitale.it\/prontilavorovia\/wp-content\/uploads\/2020\/09\/headerlavorovia2-1600x400.jpg\" class=\"bg attachment-large size-large\" alt=\"\" decoding=\"async\" loading=\"lazy\" \/>                                    \n                    <\/div>\n\t\t\n        <div class=\"banner-layers container\">\n            <div class=\"fill banner-link\"><\/div>               <div id=\"text-box-1277077272\" class=\"text-box banner-layer x90 md-x90 lg-x90 y50 md-y50 lg-y50 res-text\">\n                     <div data-animate=\"fadeInRight\">           <div class=\"text-box-content text \">\n              \n              <div class=\"text-inner text-right\">\n                  \n<img decoding=\"async\" src=\"https:\/\/www.educazionedigitale.it\/prontilavorovia\/wp-content\/uploads\/2020\/09\/logo_giovani_previcdenti_colori_small-2.png\" style=\"margin-top:50px\" class=\"allinea\"\/><\/p>\n<div style=\"color: #fff;font-size:34.5px;font-weight:bold; margin-top:5px\" class=\"allinea\">Iniziativa di PCTO digitale<\/div>\n              <\/div>\n           <\/div>\n       <\/div>                     \n<style>\n#text-box-1277077272 {\n  width: 60%;\n}\n#text-box-1277077272 .text-box-content {\n  font-size: 100%;\n}\n@media (min-width:550px) {\n  #text-box-1277077272 {\n    width: 100%;\n  }\n}\n<\/style>\n    <\/div>\n         <\/div>\n      <\/div>\n\n            \n<style>\n#banner-639741137 {\n  padding-top: 450px;\n}\n<\/style>\n  <\/div>\n\n\n","protected":false},"author":1,"featured_media":0,"parent":0,"menu_order":0,"comment_status":"closed","ping_status":"closed","template":"page-blank.php","meta":{"_monsterinsights_skip_tracking":false,"_monsterinsights_sitenote_active":false,"_monsterinsights_sitenote_note":"","_monsterinsights_sitenote_category":0,"footnotes":""},"class_list":["post-2","page","type-page","status-publish","hentry"],"_links":{"self":[{"href":"https:\/\/www.educazionedigitale.it\/prontilavorovia\/wp-json\/wp\/v2\/pages\/2","targetHints":{"allow":["GET"]}}],"collection":[{"href":"https:\/\/www.educazionedigitale.it\/prontilavorovia\/wp-json\/wp\/v2\/pages"}],"about":[{"href":"https:\/\/www.educazionedigitale.it\/prontilavorovia\/wp-json\/wp\/v2\/types\/page"}],"author":[{"embeddable":true,"href":"https:\/\/www.educazionedigitale.it\/prontilavorovia\/wp-json\/wp\/v2\/users\/1"}],"replies":[{"embeddable":true,"href":"https:\/\/www.educazionedigitale.it\/prontilavorovia\/wp-json\/wp\/v2\/comments?post=2"}],"version-history":[{"count":3,"href":"https:\/\/www.educazionedigitale.it\/prontilavorovia\/wp-json\/wp\/v2\/pages\/2\/revisions"}],"predecessor-version":[{"id":5085,"href":"https:\/\/www.educazionedigitale.it\/prontilavorovia\/wp-json\/wp\/v2\/pages\/2\/revisions\/5085"}],"wp:attachment":[{"href":"https:\/\/www.educazionedigitale.it\/prontilavorovia\/wp-json\/wp\/v2\/media?parent=2"}],"curies":[{"name":"wp","href":"https:\/\/api.w.org\/{rel}","templated":true}]}}