{"id":6343,"date":"2020-10-23T12:30:05","date_gmt":"2020-10-23T10:30:05","guid":{"rendered":"https:\/\/www.educazionedigitale.it\/retenazionalesalute\/?page_id=6343"},"modified":"2023-07-04T10:20:55","modified_gmt":"2023-07-04T08:20:55","slug":"fsa-partners","status":"publish","type":"page","link":"https:\/\/www.educazionedigitale.it\/retenazionalesalute\/fsa-partners\/","title":{"rendered":"FSA &#8211; partners"},"content":{"rendered":"<div class=\"row\"  id=\"row-1334828717\">\n\n\t<div id=\"col-958237379\" class=\"col large-12\"  >\n\t\t\t\t<div class=\"col-inner\"  >\n\t\t\t\n\t\t\t\n<h4 style=\"text-align: left; color:#277d9e; letter-spacing:2px; font-size:24px;\"><strong>FEDERSANIT\u00c0 &#8211; ANCI<\/strong><\/h4>\n\t\t<\/div>\n\t\t\t\t\t<\/div>\n\n\t\n<\/div>\n<div class=\"row\"  id=\"row-2025363895\">\n\n\t<div id=\"col-1664327838\" class=\"col medium-1\/3 large-4\"  >\n\t\t\t\t<div class=\"col-inner\"  >\n\t\t\t\n\t\t\t<IMG SRC=\"https:\/\/www.educazionedigitale.it\/retenazionalesalute\/wp-content\/uploads\/2020\/10\/fsa-partners-rete.jpg\" style=\"width:100%\"> <br \/> \n\t\t<\/div>\n\t\t\t\t\t<\/div>\n\n\t\n\n\t<div id=\"col-207098181\" class=\"col medium-2\/3 large-8\"  >\n\t\t\t\t<div class=\"col-inner\"  >\n\t\t\t\n\t\t\t\n<p style=\"text-align: justify; margin-top:-5px;\">Federsanit\u00e0 promuove percorsi di integrazione socio-sanitaria e socio-assistenziale fortemente orientati ad una nuova concezione della \u201cpresa in carico\u201d dei pazienti basata su prossimit\u00e0, proattivit\u00e0, personalizzazione, partecipazione. <\/p> \n<p style=\"text-align: justify;\"><strong>Azioni<\/strong>: promuovere linee di indirizzo, e di coordinamento e di supporto delle attivit\u00e0 degli enti associati; favorire la pi\u00f9 efficace sinergia tra Aziende sanitarie e Comuni per rafforzare la rappresentanza delle Aziende e dei Comuni nei rapporti con lo Stato e le Regioni al fine di concorrere alle decisioni pubbliche in materia sanitaria e sociale; attivare i rapporti ed i confronti necessari con gli Organi dello Stato e delle Regioni, con le istituzioni, con le forze <\/P>  <\/p> \n\t\t<\/div>\n\t\t\t\t\t<\/div>\n\n\t\n<\/div>\n<div style=\"margin-top:-35px;\"><div class=\"row\"  id=\"row-1199683833\">\n\n\t<div id=\"col-306469040\" class=\"col large-12\"  >\n\t\t\t\t<div class=\"col-inner\"  >\n\t\t\t\n\t\t\t\n<p style=\"text-align:justify\">politiche e con le parti sociali per concorrere allo sviluppo della qualit\u00e0 ed efficacia dei servizi di integrazione sociosanitaria e socioassistenziale nazionale e locale; promuovere iniziative di studio e formazione. <\/p> \n<p style=\"text-align: justify;\"><strong>Storia<\/strong>: Costituita nel 1995, fin dalla sua fondazione la Confederazione Federsanit\u00e0 Anci lavora sull\u2019intuizione che la deospedalizzazione, e i servizi territoriali avanzati e la prevenzione sono di fondamentale supporto alla sanit\u00e0 pubblica poich\u00e9 finalizzate ad evitare una sanit\u00e0 a due velocit\u00e0: efficace nelle strutture ospedaliere e poco presente e coordinata con i Comuni sul territorio durante la riabilitazione e nel sostegno del paziente deospedalizzato o con patologie croniche. Si pone come referente di una lettura integrata della legislazione sanitaria e sociale per garantire ai cittadini il diritto costituzionale alla salute. Per questo motivo \u00e8 chiamata a partecipare con i propri membri a numerose Commissioni del Ministero della Salute e regionali. <\/p> \n<p style=\"text-align: justify;\"><strong>Attivit\u00e0<\/strong>: la Confederazione Federsanit\u00e0 ANCI svolge per i propri associati la funzione di centro di competenza, promuovendo e divulgando buone pratiche, realizzando seminari formativi, fornendo consulenza tecnico-giuridica e valorizzando le buone pratiche e favorendo percorsi di integrazione socio sanitaria.  <\/p> \n\t\t<\/div>\n\t\t\t\t\t<\/div>\n\n\t\n<\/div><\/div>\n","protected":false},"excerpt":{"rendered":"<div style=\"height:125px;\"><\/div>\n<div style=\"height:8px; background-color:#ef6645\"><\/div>\n\n  <div class=\"banner has-hover\" id=\"banner-1652788124\">\n          <div class=\"banner-inner fill\">\n        <div class=\"banner-bg fill\" 0>\n            <img width=\"1020\" height=\"158\" src=\"https:\/\/www.educazionedigitale.it\/retenazionalesalute\/wp-content\/uploads\/2020\/06\/banner-progetto-1600x248.jpg\" class=\"bg attachment-large size-large\" alt=\"\" decoding=\"async\" loading=\"lazy\" \/>                                    \n                    <\/div>\n\t\t\n        <div class=\"banner-layers container\">\n            <div class=\"fill banner-link\"><\/div>               <div id=\"text-box-261352991\" class=\"text-box banner-layer x90 md-x90 lg-x90 y50 md-y50 lg-y50 res-text\">\n                     <div data-animate=\"fadeIn\">           <div class=\"text-box-content text \">\n              \n              <div class=\"text-inner text-right\">\n                  \n<div class=\"row\"  id=\"row-1199152768\">\n\n\t<div id=\"col-2088415850\" class=\"col large-12\"  >\n\t\t\t\t<div class=\"col-inner\"  >\n\t\t\t\n\t\t\t\n\t<div id=\"gap-243781987\" class=\"gap-element clearfix\" style=\"display:block; height:auto;\">\n\t\t\n<style>\n#gap-243781987 {\n  padding-top: 80px;\n}\n<\/style>\n\t<\/div>\n\t\n<div style=\"margin-right:-50px;\">\n <p> <span style=\"color: #fff; line-height: 0.8; font-family:lato; font-size:48px\">I partner <br \/> del progetto<\/span> <\/p> \n<\/div>\n\t\t<\/div>\n\t\t\t\t\t<\/div>\n\n\t\n<\/div>\n              <\/div>\n           <\/div>\n       <\/div>                     \n<style>\n#text-box-261352991 {\n  width: 60%;\n}\n#text-box-261352991 .text-box-content {\n  font-size: 100%;\n}\n@media (min-width:550px) {\n  #text-box-261352991 {\n    width: 85%;\n  }\n}\n<\/style>\n    <\/div>\n         <\/div>\n      <\/div>\n\n            \n<style>\n#banner-1652788124 {\n  padding-top: 296px;\n}\n<\/style>\n  <\/div>\n\n\n<div style=\"background-color:#43b4c2; padding-top:15px; padding-bottom:15px; text-align:center;\">\n<div style=\"color:white; letter-spacing:1.5px; font-size:105%\"><b><span style=\"font-size:130%\">[<\/span> La community dedicata a docenti e dirigenti scolastici per approfondire il proprio sapere in tema di salute <span style=\"font-size:130%\">]<\/span><\/b><\/div>\n<\/div>\n","protected":false},"author":8,"featured_media":0,"parent":0,"menu_order":0,"comment_status":"closed","ping_status":"closed","template":"","meta":{"_monsterinsights_skip_tracking":false,"_monsterinsights_sitenote_active":false,"_monsterinsights_sitenote_note":"","_monsterinsights_sitenote_category":0,"footnotes":""},"class_list":["post-6343","page","type-page","status-publish","hentry"],"_links":{"self":[{"href":"https:\/\/www.educazionedigitale.it\/retenazionalesalute\/wp-json\/wp\/v2\/pages\/6343","targetHints":{"allow":["GET"]}}],"collection":[{"href":"https:\/\/www.educazionedigitale.it\/retenazionalesalute\/wp-json\/wp\/v2\/pages"}],"about":[{"href":"https:\/\/www.educazionedigitale.it\/retenazionalesalute\/wp-json\/wp\/v2\/types\/page"}],"author":[{"embeddable":true,"href":"https:\/\/www.educazionedigitale.it\/retenazionalesalute\/wp-json\/wp\/v2\/users\/8"}],"replies":[{"embeddable":true,"href":"https:\/\/www.educazionedigitale.it\/retenazionalesalute\/wp-json\/wp\/v2\/comments?post=6343"}],"version-history":[{"count":3,"href":"https:\/\/www.educazionedigitale.it\/retenazionalesalute\/wp-json\/wp\/v2\/pages\/6343\/revisions"}],"predecessor-version":[{"id":7431,"href":"https:\/\/www.educazionedigitale.it\/retenazionalesalute\/wp-json\/wp\/v2\/pages\/6343\/revisions\/7431"}],"wp:attachment":[{"href":"https:\/\/www.educazionedigitale.it\/retenazionalesalute\/wp-json\/wp\/v2\/media?parent=6343"}],"curies":[{"name":"wp","href":"https:\/\/api.w.org\/{rel}","templated":true}]}}